{"id":10212,"date":"2021-01-04T01:12:54","date_gmt":"2021-01-04T01:12:54","guid":{"rendered":"http:\/\/bekleidungscenter.com\/?product=tansozer-stylische-jogginghose-herren-mit-reissverschluss-taschen"},"modified":"2023-04-06T22:02:46","modified_gmt":"2023-04-06T22:02:46","slug":"tansozer-stylische-jogginghose-herren-mit-reissverschluss-taschen","status":"publish","type":"product","link":"https:\/\/bekleidungscenter.com\/?product=tansozer-stylische-jogginghose-herren-mit-reissverschluss-taschen","title":{"rendered":"Tansozer Jogginghose Herren Trainingshose Baumwolle Fitness Hosen Herren mit Rei\u00dfverschlusstaschen"},"content":{"rendered":"<p>Herren Trackpants mittels Taschen: Zwei Seitentaschen,bekannt als die Hosentaschen haben einen Rei\u00dfverschluss ferner sind immens genug stattdessen ein aktuelles Smartphone oder \u00e4hnliches.<br \/>\nJogging Hose Herren:Elastischer Allianz mittels Kordelzug.<br \/>\nJogginghose M\u00e4nner Material: 70% Baumwolle, 25% Polyester, 5% Elasthan.Weicher Stoff ist hautfreundlich.<br \/>\nModel ist 180CM ferner tr\u00e4gt Gr\u00f6\u00dfe XXL.<br \/>\nStylische Sweatpants: Perfekt zum In Betrieb sein, Joggen, Fitness, Training, Camping, Trekking, Wandern usw.<br \/>\nUnsere Hose Herren sind kleiner denn profan. Wenn Sie es locker m\u00f6gen, votieren Sie bitte eine gr\u00f6\u00dfere Gr\u00f6\u00dfe.<br \/>\n<div class=\"main-cross-sell\" data-asin=\"B08GH95QN6\">\n\n\t<div class=\"WooZone-cross-sell-loader\">\n\t\t<div>\n\t\t\t<div id=\"floatingBarsG\">\n\t\t\t\t<div class=\"blockG\" id=\"rotateG_01\"><\/div>\n\t\t\t\t<div class=\"blockG\" id=\"rotateG_02\"><\/div>\n\t\t\t\t<div class=\"blockG\" id=\"rotateG_03\"><\/div>\n\t\t\t\t<div class=\"blockG\" id=\"rotateG_04\"><\/div>\n\t\t\t\t<div class=\"blockG\" id=\"rotateG_05\"><\/div>\n\t\t\t\t<div class=\"blockG\" id=\"rotateG_06\"><\/div>\n\t\t\t\t<div class=\"blockG\" id=\"rotateG_07\"><\/div>\n\t\t\t\t<div class=\"blockG\" id=\"rotateG_08\"><\/div>\n\t\t\t<\/div>\n\t\t\t<div class=\"WooZone-cross-sell-loader-text\"><\/div>\n\t\t<\/div>\n\t<\/div>\n\n\t\t\n<\/div>\n<div style=\"clear:both;\"><\/div><\/p>\n","protected":false},"excerpt":{"rendered":"<p>Herren Trackpants mit Taschen: Zwei Seitentaschen,auch die Hosentaschen haben einen Rei\u00dfverschluss und sind gro\u00df genug f\u00fcr ein aktuelles Smartphone oder \u00e4hnliches.<br \/>\nJogging Hose Herren:Elastischer Bund mit Kordelzug.<br \/>\nJogginghose M\u00e4nner Material: 70% Baumwolle, 25% Polyester, 5% Elasthan.Weicher Stoff ist hautfreundlich.<\/p>\n","protected":false},"featured_media":10213,"comment_status":"open","ping_status":"closed","template":"","meta":[],"product_cat":[118,123],"product_tag":[],"yoast_head":"<!-- This site is optimized with the Yoast SEO plugin v20.6 - https:\/\/yoast.com\/wordpress\/plugins\/seo\/ -->\n<title>Tansozer Jogginghose Herren Trainingshose Baumwolle Fitness Hosen Herren mit Rei\u00dfverschlusstaschen - FamilienMode<\/title>\n<meta name=\"robots\" content=\"index, follow, max-snippet:-1, max-image-preview:large, max-video-preview:-1\" \/>\n<link rel=\"canonical\" href=\"https:\/\/bekleidungscenter.com\/?product=tansozer-stylische-jogginghose-herren-mit-reissverschluss-taschen\" \/>\n<meta property=\"og:locale\" content=\"de_DE\" \/>\n<meta property=\"og:type\" content=\"article\" \/>\n<meta property=\"og:title\" content=\"Tansozer Jogginghose Herren Trainingshose Baumwolle Fitness Hosen Herren mit Rei\u00dfverschlusstaschen - FamilienMode\" \/>\n<meta property=\"og:description\" content=\"Herren Trackpants mit Taschen: Zwei Seitentaschen,auch die Hosentaschen haben einen Rei\u00dfverschluss und sind gro\u00df genug f\u00fcr ein aktuelles Smartphone oder \u00e4hnliches. Jogging Hose Herren:Elastischer Bund mit Kordelzug. Jogginghose M\u00e4nner Material: 70% Baumwolle, 25% Polyester, 5% Elasthan.Weicher Stoff ist hautfreundlich.\" \/>\n<meta property=\"og:url\" content=\"https:\/\/bekleidungscenter.com\/?product=tansozer-stylische-jogginghose-herren-mit-reissverschluss-taschen\" \/>\n<meta property=\"og:site_name\" content=\"FamilienMode\" \/>\n<meta property=\"article:modified_time\" content=\"2023-04-06T22:02:46+00:00\" \/>\n<meta property=\"og:image\" content=\"https:\/\/images-na.ssl-images-amazon.com\/images\/I\/41PA3j4O4%2BL.jpg\" \/>\n\t<meta property=\"og:image:width\" content=\"500\" \/>\n\t<meta property=\"og:image:height\" content=\"500\" \/>\n\t<meta property=\"og:image:type\" content=\"image\/jpeg\" \/>\n<meta name=\"twitter:card\" content=\"summary_large_image\" \/>\n<script type=\"application\/ld+json\" class=\"yoast-schema-graph\">{\"@context\":\"https:\/\/schema.org\",\"@graph\":[{\"@type\":\"WebPage\",\"@id\":\"https:\/\/bekleidungscenter.com\/?product=tansozer-stylische-jogginghose-herren-mit-reissverschluss-taschen\",\"url\":\"https:\/\/bekleidungscenter.com\/?product=tansozer-stylische-jogginghose-herren-mit-reissverschluss-taschen\",\"name\":\"Tansozer Jogginghose Herren Trainingshose Baumwolle Fitness Hosen Herren mit Rei\u00dfverschlusstaschen - FamilienMode\",\"isPartOf\":{\"@id\":\"https:\/\/bekleidungscenter.com\/#website\"},\"datePublished\":\"2021-01-04T01:12:54+00:00\",\"dateModified\":\"2023-04-06T22:02:46+00:00\",\"breadcrumb\":{\"@id\":\"https:\/\/bekleidungscenter.com\/?product=tansozer-stylische-jogginghose-herren-mit-reissverschluss-taschen#breadcrumb\"},\"inLanguage\":\"de\",\"potentialAction\":[{\"@type\":\"ReadAction\",\"target\":[\"https:\/\/bekleidungscenter.com\/?product=tansozer-stylische-jogginghose-herren-mit-reissverschluss-taschen\"]}]},{\"@type\":\"BreadcrumbList\",\"@id\":\"https:\/\/bekleidungscenter.com\/?product=tansozer-stylische-jogginghose-herren-mit-reissverschluss-taschen#breadcrumb\",\"itemListElement\":[{\"@type\":\"ListItem\",\"position\":1,\"name\":\"Home\",\"item\":\"https:\/\/bekleidungscenter.com\/\"},{\"@type\":\"ListItem\",\"position\":2,\"name\":\"Shop\",\"item\":\"https:\/\/bekleidungscenter.com\/?page_id=7\"},{\"@type\":\"ListItem\",\"position\":3,\"name\":\"Tansozer Jogginghose Herren Trainingshose Baumwolle Fitness Hosen Herren mit Rei\u00dfverschlusstaschen\"}]},{\"@type\":\"WebSite\",\"@id\":\"https:\/\/bekleidungscenter.com\/#website\",\"url\":\"https:\/\/bekleidungscenter.com\/\",\"name\":\"FamilienMode\",\"description\":\"Alles f\u00fcr die ganze Familie\",\"potentialAction\":[{\"@type\":\"SearchAction\",\"target\":{\"@type\":\"EntryPoint\",\"urlTemplate\":\"https:\/\/bekleidungscenter.com\/?s={search_term_string}\"},\"query-input\":\"required name=search_term_string\"}],\"inLanguage\":\"de\"}]}<\/script>\n<!-- \/ Yoast SEO plugin. -->","yoast_head_json":{"title":"Tansozer Jogginghose Herren Trainingshose Baumwolle Fitness Hosen Herren mit Rei\u00dfverschlusstaschen - FamilienMode","robots":{"index":"index","follow":"follow","max-snippet":"max-snippet:-1","max-image-preview":"max-image-preview:large","max-video-preview":"max-video-preview:-1"},"canonical":"https:\/\/bekleidungscenter.com\/?product=tansozer-stylische-jogginghose-herren-mit-reissverschluss-taschen","og_locale":"de_DE","og_type":"article","og_title":"Tansozer Jogginghose Herren Trainingshose Baumwolle Fitness Hosen Herren mit Rei\u00dfverschlusstaschen - FamilienMode","og_description":"Herren Trackpants mit Taschen: Zwei Seitentaschen,auch die Hosentaschen haben einen Rei\u00dfverschluss und sind gro\u00df genug f\u00fcr ein aktuelles Smartphone oder \u00e4hnliches. Jogging Hose Herren:Elastischer Bund mit Kordelzug. Jogginghose M\u00e4nner Material: 70% Baumwolle, 25% Polyester, 5% Elasthan.Weicher Stoff ist hautfreundlich.","og_url":"https:\/\/bekleidungscenter.com\/?product=tansozer-stylische-jogginghose-herren-mit-reissverschluss-taschen","og_site_name":"FamilienMode","article_modified_time":"2023-04-06T22:02:46+00:00","og_image":[{"width":500,"height":500,"url":"https:\/\/images-na.ssl-images-amazon.com\/images\/I\/41PA3j4O4%2BL.jpg","type":"image\/jpeg"}],"twitter_card":"summary_large_image","schema":{"@context":"https:\/\/schema.org","@graph":[{"@type":"WebPage","@id":"https:\/\/bekleidungscenter.com\/?product=tansozer-stylische-jogginghose-herren-mit-reissverschluss-taschen","url":"https:\/\/bekleidungscenter.com\/?product=tansozer-stylische-jogginghose-herren-mit-reissverschluss-taschen","name":"Tansozer Jogginghose Herren Trainingshose Baumwolle Fitness Hosen Herren mit Rei\u00dfverschlusstaschen - FamilienMode","isPartOf":{"@id":"https:\/\/bekleidungscenter.com\/#website"},"datePublished":"2021-01-04T01:12:54+00:00","dateModified":"2023-04-06T22:02:46+00:00","breadcrumb":{"@id":"https:\/\/bekleidungscenter.com\/?product=tansozer-stylische-jogginghose-herren-mit-reissverschluss-taschen#breadcrumb"},"inLanguage":"de","potentialAction":[{"@type":"ReadAction","target":["https:\/\/bekleidungscenter.com\/?product=tansozer-stylische-jogginghose-herren-mit-reissverschluss-taschen"]}]},{"@type":"BreadcrumbList","@id":"https:\/\/bekleidungscenter.com\/?product=tansozer-stylische-jogginghose-herren-mit-reissverschluss-taschen#breadcrumb","itemListElement":[{"@type":"ListItem","position":1,"name":"Home","item":"https:\/\/bekleidungscenter.com\/"},{"@type":"ListItem","position":2,"name":"Shop","item":"https:\/\/bekleidungscenter.com\/?page_id=7"},{"@type":"ListItem","position":3,"name":"Tansozer Jogginghose Herren Trainingshose Baumwolle Fitness Hosen Herren mit Rei\u00dfverschlusstaschen"}]},{"@type":"WebSite","@id":"https:\/\/bekleidungscenter.com\/#website","url":"https:\/\/bekleidungscenter.com\/","name":"FamilienMode","description":"Alles f\u00fcr die ganze Familie","potentialAction":[{"@type":"SearchAction","target":{"@type":"EntryPoint","urlTemplate":"https:\/\/bekleidungscenter.com\/?s={search_term_string}"},"query-input":"required name=search_term_string"}],"inLanguage":"de"}]}},"_links":{"self":[{"href":"https:\/\/bekleidungscenter.com\/index.php?rest_route=\/wp\/v2\/product\/10212"}],"collection":[{"href":"https:\/\/bekleidungscenter.com\/index.php?rest_route=\/wp\/v2\/product"}],"about":[{"href":"https:\/\/bekleidungscenter.com\/index.php?rest_route=\/wp\/v2\/types\/product"}],"replies":[{"embeddable":true,"href":"https:\/\/bekleidungscenter.com\/index.php?rest_route=%2Fwp%2Fv2%2Fcomments&post=10212"}],"wp:featuredmedia":[{"embeddable":true,"href":"https:\/\/bekleidungscenter.com\/index.php?rest_route=\/wp\/v2\/media\/10213"}],"wp:attachment":[{"href":"https:\/\/bekleidungscenter.com\/index.php?rest_route=%2Fwp%2Fv2%2Fmedia&parent=10212"}],"wp:term":[{"taxonomy":"product_cat","embeddable":true,"href":"https:\/\/bekleidungscenter.com\/index.php?rest_route=%2Fwp%2Fv2%2Fproduct_cat&post=10212"},{"taxonomy":"product_tag","embeddable":true,"href":"https:\/\/bekleidungscenter.com\/index.php?rest_route=%2Fwp%2Fv2%2Fproduct_tag&post=10212"}],"curies":[{"name":"wp","href":"https:\/\/api.w.org\/{rel}","templated":true}]}}