{"id":10243,"date":"2021-01-04T01:13:43","date_gmt":"2021-01-04T01:13:43","guid":{"rendered":"http:\/\/bekleidungscenter.com\/?product=levis-herren-501-original-jeans"},"modified":"2023-04-06T22:02:47","modified_gmt":"2023-04-06T22:02:47","slug":"levis-herren-501-original-jeans","status":"publish","type":"product","link":"https:\/\/bekleidungscenter.com\/?product=levis-herren-501-original-jeans","title":{"rendered":"Levi&#8217;s Herren 501\u00ae Original Fit Jeans"},"content":{"rendered":"<p><!-- show up to 2 reviews by default --> <\/p>\n<h3>Produktbeschreibung<\/h3>\n<p>501 Levi\u2019s Original Fit <\/p>\n<h3>Markenbeschreibung<\/h3>\n<p><strong>\u00dcber Levi&#8217;s<\/strong> <\/p>\n<p> Getreu dem Prinzip You wear Jeans. You live in Levi&#8217;s wollten Levi Strauss und Jacob Davis Kleidung kreieren, die was auch immer mit-<br \/> macht: Sie entwarfen 1873 die ersten Waist Overalls jedweder robustem Denim &#8211; die heutigen Blue Jeans. Urspr\u00fcnglich wie eine Art<br \/> Uniform stattdessen amerikanische Arbeiter gedacht, wurde die Jeans schnell zu einem Kleidungsst\u00fcck, in dem man lebt. Und es blieb<br \/> nicht hingegen bei der klassischen Jeans Hose, heute umfassen die Kollektionen nahezu s\u00e4mtliche g\u00e4ngigen Kleidungsst\u00fccke. Einerlei ob Cow-<br \/> boys, Minenarbeiter, Hollywoodstars, Pr\u00e4sidenten, M\u00e4nner oder Frauen &#8211; Levi Strauss und Co steht nicht hingegen stattdessen den Weltmarkt-<br \/> f\u00fchrer bei Jeans, statt vulgo stattdessen ein ganzes Lebensgef\u00fchl und die Art, sich mit Kleidung auszudr\u00fccken. <\/p>\n<\/p>\n<p>Denim ohne Stretchanteil<br \/>\nGekn\u00f6pfter Hosenschlitz<br \/>\nNormaler Pakt<br \/>\nVerschluss: Knopfleiste<br \/>\n100% Baumwolle<br \/>\nStraight<br \/>\nPflegehinweis: Maschinenw\u00e4sche<br \/>\nModellnummer: 501<br \/>\nMit f\u00fcnf Taschen<br \/>\nSitzt auf der Taille<br \/>\n<div class=\"main-cross-sell\" data-asin=\"B001QOL1W0\">\n\n\t<div class=\"WooZone-cross-sell-loader\">\n\t\t<div>\n\t\t\t<div id=\"floatingBarsG\">\n\t\t\t\t<div class=\"blockG\" id=\"rotateG_01\"><\/div>\n\t\t\t\t<div class=\"blockG\" id=\"rotateG_02\"><\/div>\n\t\t\t\t<div class=\"blockG\" id=\"rotateG_03\"><\/div>\n\t\t\t\t<div class=\"blockG\" id=\"rotateG_04\"><\/div>\n\t\t\t\t<div class=\"blockG\" id=\"rotateG_05\"><\/div>\n\t\t\t\t<div class=\"blockG\" id=\"rotateG_06\"><\/div>\n\t\t\t\t<div class=\"blockG\" id=\"rotateG_07\"><\/div>\n\t\t\t\t<div class=\"blockG\" id=\"rotateG_08\"><\/div>\n\t\t\t<\/div>\n\t\t\t<div class=\"WooZone-cross-sell-loader-text\"><\/div>\n\t\t<\/div>\n\t<\/div>\n\n\t\t\n<\/div>\n<div style=\"clear:both;\"><\/div><\/p>\n","protected":false},"excerpt":{"rendered":"<p>Denim ohne Stretchanteil<br \/>\nGekn\u00f6pfter Hosenschlitz<br \/>\nNormaler Bund<\/p>\n","protected":false},"featured_media":10244,"comment_status":"open","ping_status":"closed","template":"","meta":[],"product_cat":[118,123],"product_tag":[],"yoast_head":"<!-- This site is optimized with the Yoast SEO plugin v20.6 - https:\/\/yoast.com\/wordpress\/plugins\/seo\/ -->\n<title>Levi&#039;s Herren 501\u00ae Original Fit Jeans - FamilienMode<\/title>\n<meta name=\"robots\" content=\"index, follow, max-snippet:-1, max-image-preview:large, max-video-preview:-1\" \/>\n<link rel=\"canonical\" href=\"https:\/\/bekleidungscenter.com\/?product=levis-herren-501-original-jeans\" \/>\n<meta property=\"og:locale\" content=\"de_DE\" \/>\n<meta property=\"og:type\" content=\"article\" \/>\n<meta property=\"og:title\" content=\"Levi&#039;s Herren 501\u00ae Original Fit Jeans - FamilienMode\" \/>\n<meta property=\"og:description\" content=\"Denim ohne Stretchanteil Gekn\u00f6pfter Hosenschlitz Normaler Bund\" \/>\n<meta property=\"og:url\" content=\"https:\/\/bekleidungscenter.com\/?product=levis-herren-501-original-jeans\" \/>\n<meta property=\"og:site_name\" content=\"FamilienMode\" \/>\n<meta property=\"article:modified_time\" content=\"2023-04-06T22:02:47+00:00\" \/>\n<meta property=\"og:image\" content=\"https:\/\/images-na.ssl-images-amazon.com\/images\/I\/41u6V9BHazL.jpg\" \/>\n\t<meta property=\"og:image:width\" content=\"500\" \/>\n\t<meta property=\"og:image:height\" content=\"500\" \/>\n\t<meta property=\"og:image:type\" content=\"image\/jpeg\" \/>\n<meta name=\"twitter:card\" content=\"summary_large_image\" \/>\n<meta name=\"twitter:label1\" content=\"Gesch\u00e4tzte Lesezeit\" \/>\n\t<meta name=\"twitter:data1\" content=\"1\u00a0Minute\" \/>\n<script type=\"application\/ld+json\" class=\"yoast-schema-graph\">{\"@context\":\"https:\/\/schema.org\",\"@graph\":[{\"@type\":\"WebPage\",\"@id\":\"https:\/\/bekleidungscenter.com\/?product=levis-herren-501-original-jeans\",\"url\":\"https:\/\/bekleidungscenter.com\/?product=levis-herren-501-original-jeans\",\"name\":\"Levi's Herren 501\u00ae Original Fit Jeans - FamilienMode\",\"isPartOf\":{\"@id\":\"https:\/\/bekleidungscenter.com\/#website\"},\"datePublished\":\"2021-01-04T01:13:43+00:00\",\"dateModified\":\"2023-04-06T22:02:47+00:00\",\"breadcrumb\":{\"@id\":\"https:\/\/bekleidungscenter.com\/?product=levis-herren-501-original-jeans#breadcrumb\"},\"inLanguage\":\"de\",\"potentialAction\":[{\"@type\":\"ReadAction\",\"target\":[\"https:\/\/bekleidungscenter.com\/?product=levis-herren-501-original-jeans\"]}]},{\"@type\":\"BreadcrumbList\",\"@id\":\"https:\/\/bekleidungscenter.com\/?product=levis-herren-501-original-jeans#breadcrumb\",\"itemListElement\":[{\"@type\":\"ListItem\",\"position\":1,\"name\":\"Home\",\"item\":\"https:\/\/bekleidungscenter.com\/\"},{\"@type\":\"ListItem\",\"position\":2,\"name\":\"Shop\",\"item\":\"https:\/\/bekleidungscenter.com\/?page_id=7\"},{\"@type\":\"ListItem\",\"position\":3,\"name\":\"Levi&#8217;s Herren 501\u00ae Original Fit Jeans\"}]},{\"@type\":\"WebSite\",\"@id\":\"https:\/\/bekleidungscenter.com\/#website\",\"url\":\"https:\/\/bekleidungscenter.com\/\",\"name\":\"FamilienMode\",\"description\":\"Alles f\u00fcr die ganze Familie\",\"potentialAction\":[{\"@type\":\"SearchAction\",\"target\":{\"@type\":\"EntryPoint\",\"urlTemplate\":\"https:\/\/bekleidungscenter.com\/?s={search_term_string}\"},\"query-input\":\"required name=search_term_string\"}],\"inLanguage\":\"de\"}]}<\/script>\n<!-- \/ Yoast SEO plugin. -->","yoast_head_json":{"title":"Levi's Herren 501\u00ae Original Fit Jeans - FamilienMode","robots":{"index":"index","follow":"follow","max-snippet":"max-snippet:-1","max-image-preview":"max-image-preview:large","max-video-preview":"max-video-preview:-1"},"canonical":"https:\/\/bekleidungscenter.com\/?product=levis-herren-501-original-jeans","og_locale":"de_DE","og_type":"article","og_title":"Levi's Herren 501\u00ae Original Fit Jeans - FamilienMode","og_description":"Denim ohne Stretchanteil Gekn\u00f6pfter Hosenschlitz Normaler Bund","og_url":"https:\/\/bekleidungscenter.com\/?product=levis-herren-501-original-jeans","og_site_name":"FamilienMode","article_modified_time":"2023-04-06T22:02:47+00:00","og_image":[{"width":500,"height":500,"url":"https:\/\/images-na.ssl-images-amazon.com\/images\/I\/41u6V9BHazL.jpg","type":"image\/jpeg"}],"twitter_card":"summary_large_image","twitter_misc":{"Gesch\u00e4tzte Lesezeit":"1\u00a0Minute"},"schema":{"@context":"https:\/\/schema.org","@graph":[{"@type":"WebPage","@id":"https:\/\/bekleidungscenter.com\/?product=levis-herren-501-original-jeans","url":"https:\/\/bekleidungscenter.com\/?product=levis-herren-501-original-jeans","name":"Levi's Herren 501\u00ae Original Fit Jeans - FamilienMode","isPartOf":{"@id":"https:\/\/bekleidungscenter.com\/#website"},"datePublished":"2021-01-04T01:13:43+00:00","dateModified":"2023-04-06T22:02:47+00:00","breadcrumb":{"@id":"https:\/\/bekleidungscenter.com\/?product=levis-herren-501-original-jeans#breadcrumb"},"inLanguage":"de","potentialAction":[{"@type":"ReadAction","target":["https:\/\/bekleidungscenter.com\/?product=levis-herren-501-original-jeans"]}]},{"@type":"BreadcrumbList","@id":"https:\/\/bekleidungscenter.com\/?product=levis-herren-501-original-jeans#breadcrumb","itemListElement":[{"@type":"ListItem","position":1,"name":"Home","item":"https:\/\/bekleidungscenter.com\/"},{"@type":"ListItem","position":2,"name":"Shop","item":"https:\/\/bekleidungscenter.com\/?page_id=7"},{"@type":"ListItem","position":3,"name":"Levi&#8217;s Herren 501\u00ae Original Fit Jeans"}]},{"@type":"WebSite","@id":"https:\/\/bekleidungscenter.com\/#website","url":"https:\/\/bekleidungscenter.com\/","name":"FamilienMode","description":"Alles f\u00fcr die ganze Familie","potentialAction":[{"@type":"SearchAction","target":{"@type":"EntryPoint","urlTemplate":"https:\/\/bekleidungscenter.com\/?s={search_term_string}"},"query-input":"required name=search_term_string"}],"inLanguage":"de"}]}},"_links":{"self":[{"href":"https:\/\/bekleidungscenter.com\/index.php?rest_route=\/wp\/v2\/product\/10243"}],"collection":[{"href":"https:\/\/bekleidungscenter.com\/index.php?rest_route=\/wp\/v2\/product"}],"about":[{"href":"https:\/\/bekleidungscenter.com\/index.php?rest_route=\/wp\/v2\/types\/product"}],"replies":[{"embeddable":true,"href":"https:\/\/bekleidungscenter.com\/index.php?rest_route=%2Fwp%2Fv2%2Fcomments&post=10243"}],"wp:featuredmedia":[{"embeddable":true,"href":"https:\/\/bekleidungscenter.com\/index.php?rest_route=\/wp\/v2\/media\/10244"}],"wp:attachment":[{"href":"https:\/\/bekleidungscenter.com\/index.php?rest_route=%2Fwp%2Fv2%2Fmedia&parent=10243"}],"wp:term":[{"taxonomy":"product_cat","embeddable":true,"href":"https:\/\/bekleidungscenter.com\/index.php?rest_route=%2Fwp%2Fv2%2Fproduct_cat&post=10243"},{"taxonomy":"product_tag","embeddable":true,"href":"https:\/\/bekleidungscenter.com\/index.php?rest_route=%2Fwp%2Fv2%2Fproduct_tag&post=10243"}],"curies":[{"name":"wp","href":"https:\/\/api.w.org\/{rel}","templated":true}]}}