{"id":10428,"date":"2021-01-04T01:20:16","date_gmt":"2021-01-04T01:20:16","guid":{"rendered":"http:\/\/bekleidungscenter.com\/?product=krisp-herren-praktische-einfarbige-lange-cargo-combat-hose"},"modified":"2023-04-06T22:02:51","modified_gmt":"2023-04-06T22:02:51","slug":"krisp-herren-praktische-einfarbige-lange-cargo-combat-hose","status":"publish","type":"product","link":"https:\/\/bekleidungscenter.com\/?product=krisp-herren-praktische-einfarbige-lange-cargo-combat-hose","title":{"rendered":"KRISP Herren Praktische Einfarbige Lange Cargo Combat Hose"},"content":{"rendered":"<p><!-- show up to 2 reviews by default --> <\/p>\n<p><strong>Einfarbige Bequeme Lange Hose Cargohose (7917 7918)<\/strong><\/p>\n<p>Die neueste <strong>Mode direkt alle London<\/strong>, der Hauptstadt der Trends. Modern und preiswert von <strong> KRISP<\/strong>:<\/p>\n<p>Leichte Baumwollhose mit vielen Taschen in zwei Ausf\u00fchrungen<\/p>\n<p><strong>Eigenschaften:<\/strong><\/p>\n<ul>\n<li>Neu mit Etikett<\/li>\n<li>Stil: Cargohosen<\/li>\n<li><strong>Modell 7917<\/strong>: 2 Vordertaschen, 2 Ges\u00e4\u00dftaschen, 2 Seitentaschen (rechts doppelt); Schulterschluss mit Gummizug, Rei\u00dfverschluss &amp; Knopf<\/li>\n<li><strong>Modell 7918<\/strong>: 2 Vordertaschen, 1 Ges\u00e4\u00dftasche, 2 doppelte Seitentaschen; geschlossener Schulterschluss mit Gummizug; Rei\u00dfverschluss<\/li>\n<li>Ma\u00dfe Modell 7917: M (W28-30&#8243;\/L29&#8243;); L (W30-32&#8243;\/L30&#8243;); XL (W32-34&#8243;\/L30&#8243;); XXL (W34-36&#8243;\/L31&#8243;); XXXL (W36-40&#8243;\/L32&#8243;)<\/li>\n<li>Ma\u00dfe Modell 7918: M (W28-30&#8243;\/L31&#8243;); L (W30-32&#8243;\/L32&#8243;); XL (W32-34&#8243;\/L32&#8243;); XXL (W34-36&#8243;\/L33&#8243;); XXXL (W36-40&#8243;\/L33&#8243;)<\/li>\n<li>Unser Model vom Darstellung tr\u00e4gt Gr\u00f6\u00dfe M (Taille 30-32&#8243;) und ist 1,92m gro\u00df<\/li>\n<li>Erh\u00e4ltlich in den Gr\u00f6\u00dfen: M, L,XL, XXL, XXXL<\/li>\n<li>Schrittl\u00e4nge: 28-40&#8243; \/ 71-101,5cm<\/li>\n<li>Passform: Regular Fit<\/li>\n<li>Bundh\u00f6he: Mittel<\/li>\n<li>Verschluss: Rei\u00dfverschluss<\/li>\n<li>Material: 100% Baumwolle<\/li>\n<li>Pflegehinweis: Maschinenw\u00e4sche<\/li>\n<\/ul>\n<p>Der Werk wird behutsam eingeh\u00fcllt.<\/p>\n<p>Bei Fragen, kontaktiere gerne unseren Kundenservice unter +44 2084594566. Wir sprechen deutsch.<\/p>\n<p><strong>Krisp Clothing<\/strong> verkauft bereits seit 1986 Kleidung und Accessoires an modebewusste Kundinnen und Kunden in Gro\u00dfbritannien und in der Welt. Indessen wertsch\u00e4tzen wir auf hohe Qualit\u00e4tsstandards zu fairen Preisen. Finde weitere tolle Angebote in unserem <strong>KRISP Amazon Shop<\/strong> (www.amazon.de\/krisp).<\/p>\n<\/p>\n<p>Leichte Baumwollhose mit vielen Taschen in zwei Ausf\u00fchrungen<br \/>\nModell 7917: 2 Vordertaschen, 2 Ges\u00e4\u00dftaschen, 2 Seitentaschen (rechts doppelt), Schulterschluss mit Gummizug, Rei\u00dfverschluss &amp; Knopf<br \/>\nNormaler Schulterschluss<br \/>\nVerschluss: Rei\u00dfverschluss<br \/>\n100% Baumwolle<br \/>\nCargo<br \/>\nPflegehinweis: Maschinenw\u00e4sche<br \/>\nModellnummer: G7918-STN-M.3<br \/>\nModell 7918: 2 Vordertaschen, 1 Ges\u00e4\u00dftasche, 2 doppelte Seitentaschen, geschlossener Schulterschluss mit Gummizug, Rei\u00dfverschluss<br \/>\nUnser Model vom Darstellung tr\u00e4gt Gr\u00f6\u00dfe M (Taille 30-32&#8243;) und ist 1,92m gro\u00df<br \/>\nDetails zu den einzelnen Artikeln &#8211; Siehe Produktbeschreibung runter!<br \/>\n<div class=\"main-cross-sell\" data-asin=\"B07J1W251F\">\n\n\t<div class=\"WooZone-cross-sell-loader\">\n\t\t<div>\n\t\t\t<div id=\"floatingBarsG\">\n\t\t\t\t<div class=\"blockG\" id=\"rotateG_01\"><\/div>\n\t\t\t\t<div class=\"blockG\" id=\"rotateG_02\"><\/div>\n\t\t\t\t<div class=\"blockG\" id=\"rotateG_03\"><\/div>\n\t\t\t\t<div class=\"blockG\" id=\"rotateG_04\"><\/div>\n\t\t\t\t<div class=\"blockG\" id=\"rotateG_05\"><\/div>\n\t\t\t\t<div class=\"blockG\" id=\"rotateG_06\"><\/div>\n\t\t\t\t<div class=\"blockG\" id=\"rotateG_07\"><\/div>\n\t\t\t\t<div class=\"blockG\" id=\"rotateG_08\"><\/div>\n\t\t\t<\/div>\n\t\t\t<div class=\"WooZone-cross-sell-loader-text\"><\/div>\n\t\t<\/div>\n\t<\/div>\n\n\t\t\n<\/div>\n<div style=\"clear:both;\"><\/div><\/p>\n","protected":false},"excerpt":{"rendered":"<p>Leichte Baumwollhose mit vielen Taschen in zwei Ausf\u00fchrungen<br \/>\nModell 7917: 2 Vordertaschen, 2 Ges\u00e4\u00dftaschen, 2 Seitentaschen (rechts doppelt), Bund mit Gummizug, Rei\u00dfverschluss &amp; Knopf<br \/>\nNormaler Bund<\/p>\n","protected":false},"featured_media":10429,"comment_status":"open","ping_status":"closed","template":"","meta":[],"product_cat":[118,123],"product_tag":[],"yoast_head":"<!-- This site is optimized with the Yoast SEO plugin v20.6 - https:\/\/yoast.com\/wordpress\/plugins\/seo\/ -->\n<title>KRISP Herren Praktische Einfarbige Lange Cargo Combat Hose - FamilienMode<\/title>\n<meta name=\"robots\" content=\"index, follow, max-snippet:-1, max-image-preview:large, max-video-preview:-1\" \/>\n<link rel=\"canonical\" href=\"https:\/\/bekleidungscenter.com\/?product=krisp-herren-praktische-einfarbige-lange-cargo-combat-hose\" \/>\n<meta property=\"og:locale\" content=\"de_DE\" \/>\n<meta property=\"og:type\" content=\"article\" \/>\n<meta property=\"og:title\" content=\"KRISP Herren Praktische Einfarbige Lange Cargo Combat Hose - FamilienMode\" \/>\n<meta property=\"og:description\" content=\"Leichte Baumwollhose mit vielen Taschen in zwei Ausf\u00fchrungen Modell 7917: 2 Vordertaschen, 2 Ges\u00e4\u00dftaschen, 2 Seitentaschen (rechts doppelt), Bund mit Gummizug, Rei\u00dfverschluss &amp; Knopf Normaler Bund\" \/>\n<meta property=\"og:url\" content=\"https:\/\/bekleidungscenter.com\/?product=krisp-herren-praktische-einfarbige-lange-cargo-combat-hose\" \/>\n<meta property=\"og:site_name\" content=\"FamilienMode\" \/>\n<meta property=\"article:modified_time\" content=\"2023-04-06T22:02:51+00:00\" \/>\n<meta property=\"og:image\" content=\"https:\/\/images-na.ssl-images-amazon.com\/images\/I\/31Om%2BvIjFLL.jpg\" \/>\n\t<meta property=\"og:image:width\" content=\"500\" \/>\n\t<meta property=\"og:image:height\" content=\"500\" \/>\n\t<meta property=\"og:image:type\" content=\"image\/jpeg\" \/>\n<meta name=\"twitter:card\" content=\"summary_large_image\" \/>\n<meta name=\"twitter:label1\" content=\"Gesch\u00e4tzte Lesezeit\" \/>\n\t<meta name=\"twitter:data1\" content=\"1\u00a0Minute\" \/>\n<script type=\"application\/ld+json\" class=\"yoast-schema-graph\">{\"@context\":\"https:\/\/schema.org\",\"@graph\":[{\"@type\":\"WebPage\",\"@id\":\"https:\/\/bekleidungscenter.com\/?product=krisp-herren-praktische-einfarbige-lange-cargo-combat-hose\",\"url\":\"https:\/\/bekleidungscenter.com\/?product=krisp-herren-praktische-einfarbige-lange-cargo-combat-hose\",\"name\":\"KRISP Herren Praktische Einfarbige Lange Cargo Combat Hose - FamilienMode\",\"isPartOf\":{\"@id\":\"https:\/\/bekleidungscenter.com\/#website\"},\"datePublished\":\"2021-01-04T01:20:16+00:00\",\"dateModified\":\"2023-04-06T22:02:51+00:00\",\"breadcrumb\":{\"@id\":\"https:\/\/bekleidungscenter.com\/?product=krisp-herren-praktische-einfarbige-lange-cargo-combat-hose#breadcrumb\"},\"inLanguage\":\"de\",\"potentialAction\":[{\"@type\":\"ReadAction\",\"target\":[\"https:\/\/bekleidungscenter.com\/?product=krisp-herren-praktische-einfarbige-lange-cargo-combat-hose\"]}]},{\"@type\":\"BreadcrumbList\",\"@id\":\"https:\/\/bekleidungscenter.com\/?product=krisp-herren-praktische-einfarbige-lange-cargo-combat-hose#breadcrumb\",\"itemListElement\":[{\"@type\":\"ListItem\",\"position\":1,\"name\":\"Home\",\"item\":\"https:\/\/bekleidungscenter.com\/\"},{\"@type\":\"ListItem\",\"position\":2,\"name\":\"Shop\",\"item\":\"https:\/\/bekleidungscenter.com\/?page_id=7\"},{\"@type\":\"ListItem\",\"position\":3,\"name\":\"KRISP Herren Praktische Einfarbige Lange Cargo Combat Hose\"}]},{\"@type\":\"WebSite\",\"@id\":\"https:\/\/bekleidungscenter.com\/#website\",\"url\":\"https:\/\/bekleidungscenter.com\/\",\"name\":\"FamilienMode\",\"description\":\"Alles f\u00fcr die ganze Familie\",\"potentialAction\":[{\"@type\":\"SearchAction\",\"target\":{\"@type\":\"EntryPoint\",\"urlTemplate\":\"https:\/\/bekleidungscenter.com\/?s={search_term_string}\"},\"query-input\":\"required name=search_term_string\"}],\"inLanguage\":\"de\"}]}<\/script>\n<!-- \/ Yoast SEO plugin. -->","yoast_head_json":{"title":"KRISP Herren Praktische Einfarbige Lange Cargo Combat Hose - FamilienMode","robots":{"index":"index","follow":"follow","max-snippet":"max-snippet:-1","max-image-preview":"max-image-preview:large","max-video-preview":"max-video-preview:-1"},"canonical":"https:\/\/bekleidungscenter.com\/?product=krisp-herren-praktische-einfarbige-lange-cargo-combat-hose","og_locale":"de_DE","og_type":"article","og_title":"KRISP Herren Praktische Einfarbige Lange Cargo Combat Hose - FamilienMode","og_description":"Leichte Baumwollhose mit vielen Taschen in zwei Ausf\u00fchrungen Modell 7917: 2 Vordertaschen, 2 Ges\u00e4\u00dftaschen, 2 Seitentaschen (rechts doppelt), Bund mit Gummizug, Rei\u00dfverschluss &amp; Knopf Normaler Bund","og_url":"https:\/\/bekleidungscenter.com\/?product=krisp-herren-praktische-einfarbige-lange-cargo-combat-hose","og_site_name":"FamilienMode","article_modified_time":"2023-04-06T22:02:51+00:00","og_image":[{"width":500,"height":500,"url":"https:\/\/images-na.ssl-images-amazon.com\/images\/I\/31Om%2BvIjFLL.jpg","type":"image\/jpeg"}],"twitter_card":"summary_large_image","twitter_misc":{"Gesch\u00e4tzte Lesezeit":"1\u00a0Minute"},"schema":{"@context":"https:\/\/schema.org","@graph":[{"@type":"WebPage","@id":"https:\/\/bekleidungscenter.com\/?product=krisp-herren-praktische-einfarbige-lange-cargo-combat-hose","url":"https:\/\/bekleidungscenter.com\/?product=krisp-herren-praktische-einfarbige-lange-cargo-combat-hose","name":"KRISP Herren Praktische Einfarbige Lange Cargo Combat Hose - FamilienMode","isPartOf":{"@id":"https:\/\/bekleidungscenter.com\/#website"},"datePublished":"2021-01-04T01:20:16+00:00","dateModified":"2023-04-06T22:02:51+00:00","breadcrumb":{"@id":"https:\/\/bekleidungscenter.com\/?product=krisp-herren-praktische-einfarbige-lange-cargo-combat-hose#breadcrumb"},"inLanguage":"de","potentialAction":[{"@type":"ReadAction","target":["https:\/\/bekleidungscenter.com\/?product=krisp-herren-praktische-einfarbige-lange-cargo-combat-hose"]}]},{"@type":"BreadcrumbList","@id":"https:\/\/bekleidungscenter.com\/?product=krisp-herren-praktische-einfarbige-lange-cargo-combat-hose#breadcrumb","itemListElement":[{"@type":"ListItem","position":1,"name":"Home","item":"https:\/\/bekleidungscenter.com\/"},{"@type":"ListItem","position":2,"name":"Shop","item":"https:\/\/bekleidungscenter.com\/?page_id=7"},{"@type":"ListItem","position":3,"name":"KRISP Herren Praktische Einfarbige Lange Cargo Combat Hose"}]},{"@type":"WebSite","@id":"https:\/\/bekleidungscenter.com\/#website","url":"https:\/\/bekleidungscenter.com\/","name":"FamilienMode","description":"Alles f\u00fcr die ganze Familie","potentialAction":[{"@type":"SearchAction","target":{"@type":"EntryPoint","urlTemplate":"https:\/\/bekleidungscenter.com\/?s={search_term_string}"},"query-input":"required name=search_term_string"}],"inLanguage":"de"}]}},"_links":{"self":[{"href":"https:\/\/bekleidungscenter.com\/index.php?rest_route=\/wp\/v2\/product\/10428"}],"collection":[{"href":"https:\/\/bekleidungscenter.com\/index.php?rest_route=\/wp\/v2\/product"}],"about":[{"href":"https:\/\/bekleidungscenter.com\/index.php?rest_route=\/wp\/v2\/types\/product"}],"replies":[{"embeddable":true,"href":"https:\/\/bekleidungscenter.com\/index.php?rest_route=%2Fwp%2Fv2%2Fcomments&post=10428"}],"wp:featuredmedia":[{"embeddable":true,"href":"https:\/\/bekleidungscenter.com\/index.php?rest_route=\/wp\/v2\/media\/10429"}],"wp:attachment":[{"href":"https:\/\/bekleidungscenter.com\/index.php?rest_route=%2Fwp%2Fv2%2Fmedia&parent=10428"}],"wp:term":[{"taxonomy":"product_cat","embeddable":true,"href":"https:\/\/bekleidungscenter.com\/index.php?rest_route=%2Fwp%2Fv2%2Fproduct_cat&post=10428"},{"taxonomy":"product_tag","embeddable":true,"href":"https:\/\/bekleidungscenter.com\/index.php?rest_route=%2Fwp%2Fv2%2Fproduct_tag&post=10428"}],"curies":[{"name":"wp","href":"https:\/\/api.w.org\/{rel}","templated":true}]}}