{"id":10570,"date":"2021-01-04T01:23:06","date_gmt":"2021-01-04T01:23:06","guid":{"rendered":"http:\/\/bekleidungscenter.com\/?product=amazon-essentials-herren-khaki-stretchhose-relaxed-fit"},"modified":"2023-04-06T22:04:30","modified_gmt":"2023-04-06T22:04:30","slug":"amazon-essentials-herren-khaki-stretchhose-relaxed-fit","status":"publish","type":"product","link":"https:\/\/bekleidungscenter.com\/?product=amazon-essentials-herren-khaki-stretchhose-relaxed-fit","title":{"rendered":"Amazon Essentials Herren Khaki-Freizeitstretchhose, Bequeme Passform"},"content":{"rendered":"<p><!-- show up to 2 reviews by default --> <\/p>\n<p>Eine Amazon-Bon: Ein d\u00fcnn Stretch verleiht diesen klassischen, geschenkt sitzenden Khakis Gem\u00fctlichkeit ebenso Anpassungsf\u00e4higkeit. <\/p>\n<p>Ein d\u00fcnn Stretch verleiht diesen klassischen, geschenkt sitzenden Khakis Gem\u00fctlichkeit ebenso Anpassungsf\u00e4higkeit.<br \/>\nEntspannte Passform sondern Oberschenkel ebenso untere Extremit\u00e4t.<br \/>\nObstruktion: Kein Obstruktion<br \/>\n97% Baumwolle, 3% Elasthan<br \/>\nRelaxed-Gut in Form Casual Stretch Khaki<br \/>\nPflegehinweis: Maschinenw\u00e4sche<br \/>\nModellnummer: MAE60013FL18<br \/>\n<div class=\"main-cross-sell\" data-asin=\"B07BJT7B54\">\n\n\t<div class=\"WooZone-cross-sell-loader\">\n\t\t<div>\n\t\t\t<div id=\"floatingBarsG\">\n\t\t\t\t<div class=\"blockG\" id=\"rotateG_01\"><\/div>\n\t\t\t\t<div class=\"blockG\" id=\"rotateG_02\"><\/div>\n\t\t\t\t<div class=\"blockG\" id=\"rotateG_03\"><\/div>\n\t\t\t\t<div class=\"blockG\" id=\"rotateG_04\"><\/div>\n\t\t\t\t<div class=\"blockG\" id=\"rotateG_05\"><\/div>\n\t\t\t\t<div class=\"blockG\" id=\"rotateG_06\"><\/div>\n\t\t\t\t<div class=\"blockG\" id=\"rotateG_07\"><\/div>\n\t\t\t\t<div class=\"blockG\" id=\"rotateG_08\"><\/div>\n\t\t\t<\/div>\n\t\t\t<div class=\"WooZone-cross-sell-loader-text\"><\/div>\n\t\t<\/div>\n\t<\/div>\n\n\t\t\n<\/div>\n<div style=\"clear:both;\"><\/div><\/p>\n","protected":false},"excerpt":{"rendered":"<p>Ein wenig Stretch verleiht diesen klassischen, locker sitzenden Khakis Komfort und Flexibilit\u00e4t.<br \/>\nEntspannte Passform f\u00fcr Oberschenkel und Bein.<br \/>\nVerschluss: Kein Verschluss<\/p>\n","protected":false},"featured_media":10571,"comment_status":"open","ping_status":"closed","template":"","meta":[],"product_cat":[118,123],"product_tag":[],"yoast_head":"<!-- This site is optimized with the Yoast SEO plugin v20.6 - https:\/\/yoast.com\/wordpress\/plugins\/seo\/ -->\n<title>Amazon Essentials Herren Khaki-Freizeitstretchhose, Bequeme Passform - FamilienMode<\/title>\n<meta name=\"robots\" content=\"index, follow, max-snippet:-1, max-image-preview:large, max-video-preview:-1\" \/>\n<link rel=\"canonical\" href=\"https:\/\/bekleidungscenter.com\/?product=amazon-essentials-herren-khaki-stretchhose-relaxed-fit\" \/>\n<meta property=\"og:locale\" content=\"de_DE\" \/>\n<meta property=\"og:type\" content=\"article\" \/>\n<meta property=\"og:title\" content=\"Amazon Essentials Herren Khaki-Freizeitstretchhose, Bequeme Passform - FamilienMode\" \/>\n<meta property=\"og:description\" content=\"Ein wenig Stretch verleiht diesen klassischen, locker sitzenden Khakis Komfort und Flexibilit\u00e4t. Entspannte Passform f\u00fcr Oberschenkel und Bein. Verschluss: Kein Verschluss\" \/>\n<meta property=\"og:url\" content=\"https:\/\/bekleidungscenter.com\/?product=amazon-essentials-herren-khaki-stretchhose-relaxed-fit\" \/>\n<meta property=\"og:site_name\" content=\"FamilienMode\" \/>\n<meta property=\"article:modified_time\" content=\"2023-04-06T22:04:30+00:00\" \/>\n<meta property=\"og:image\" content=\"https:\/\/images-na.ssl-images-amazon.com\/images\/I\/31xXxZoVo4L.jpg\" \/>\n\t<meta property=\"og:image:width\" content=\"500\" \/>\n\t<meta property=\"og:image:height\" content=\"500\" \/>\n\t<meta property=\"og:image:type\" content=\"image\/jpeg\" \/>\n<meta name=\"twitter:card\" content=\"summary_large_image\" \/>\n<script type=\"application\/ld+json\" class=\"yoast-schema-graph\">{\"@context\":\"https:\/\/schema.org\",\"@graph\":[{\"@type\":\"WebPage\",\"@id\":\"https:\/\/bekleidungscenter.com\/?product=amazon-essentials-herren-khaki-stretchhose-relaxed-fit\",\"url\":\"https:\/\/bekleidungscenter.com\/?product=amazon-essentials-herren-khaki-stretchhose-relaxed-fit\",\"name\":\"Amazon Essentials Herren Khaki-Freizeitstretchhose, Bequeme Passform - FamilienMode\",\"isPartOf\":{\"@id\":\"https:\/\/bekleidungscenter.com\/#website\"},\"datePublished\":\"2021-01-04T01:23:06+00:00\",\"dateModified\":\"2023-04-06T22:04:30+00:00\",\"breadcrumb\":{\"@id\":\"https:\/\/bekleidungscenter.com\/?product=amazon-essentials-herren-khaki-stretchhose-relaxed-fit#breadcrumb\"},\"inLanguage\":\"de\",\"potentialAction\":[{\"@type\":\"ReadAction\",\"target\":[\"https:\/\/bekleidungscenter.com\/?product=amazon-essentials-herren-khaki-stretchhose-relaxed-fit\"]}]},{\"@type\":\"BreadcrumbList\",\"@id\":\"https:\/\/bekleidungscenter.com\/?product=amazon-essentials-herren-khaki-stretchhose-relaxed-fit#breadcrumb\",\"itemListElement\":[{\"@type\":\"ListItem\",\"position\":1,\"name\":\"Home\",\"item\":\"https:\/\/bekleidungscenter.com\/\"},{\"@type\":\"ListItem\",\"position\":2,\"name\":\"Shop\",\"item\":\"https:\/\/bekleidungscenter.com\/?page_id=7\"},{\"@type\":\"ListItem\",\"position\":3,\"name\":\"Amazon Essentials Herren Khaki-Freizeitstretchhose, Bequeme Passform\"}]},{\"@type\":\"WebSite\",\"@id\":\"https:\/\/bekleidungscenter.com\/#website\",\"url\":\"https:\/\/bekleidungscenter.com\/\",\"name\":\"FamilienMode\",\"description\":\"Alles f\u00fcr die ganze Familie\",\"potentialAction\":[{\"@type\":\"SearchAction\",\"target\":{\"@type\":\"EntryPoint\",\"urlTemplate\":\"https:\/\/bekleidungscenter.com\/?s={search_term_string}\"},\"query-input\":\"required name=search_term_string\"}],\"inLanguage\":\"de\"}]}<\/script>\n<!-- \/ Yoast SEO plugin. -->","yoast_head_json":{"title":"Amazon Essentials Herren Khaki-Freizeitstretchhose, Bequeme Passform - FamilienMode","robots":{"index":"index","follow":"follow","max-snippet":"max-snippet:-1","max-image-preview":"max-image-preview:large","max-video-preview":"max-video-preview:-1"},"canonical":"https:\/\/bekleidungscenter.com\/?product=amazon-essentials-herren-khaki-stretchhose-relaxed-fit","og_locale":"de_DE","og_type":"article","og_title":"Amazon Essentials Herren Khaki-Freizeitstretchhose, Bequeme Passform - FamilienMode","og_description":"Ein wenig Stretch verleiht diesen klassischen, locker sitzenden Khakis Komfort und Flexibilit\u00e4t. Entspannte Passform f\u00fcr Oberschenkel und Bein. Verschluss: Kein Verschluss","og_url":"https:\/\/bekleidungscenter.com\/?product=amazon-essentials-herren-khaki-stretchhose-relaxed-fit","og_site_name":"FamilienMode","article_modified_time":"2023-04-06T22:04:30+00:00","og_image":[{"width":500,"height":500,"url":"https:\/\/images-na.ssl-images-amazon.com\/images\/I\/31xXxZoVo4L.jpg","type":"image\/jpeg"}],"twitter_card":"summary_large_image","schema":{"@context":"https:\/\/schema.org","@graph":[{"@type":"WebPage","@id":"https:\/\/bekleidungscenter.com\/?product=amazon-essentials-herren-khaki-stretchhose-relaxed-fit","url":"https:\/\/bekleidungscenter.com\/?product=amazon-essentials-herren-khaki-stretchhose-relaxed-fit","name":"Amazon Essentials Herren Khaki-Freizeitstretchhose, Bequeme Passform - FamilienMode","isPartOf":{"@id":"https:\/\/bekleidungscenter.com\/#website"},"datePublished":"2021-01-04T01:23:06+00:00","dateModified":"2023-04-06T22:04:30+00:00","breadcrumb":{"@id":"https:\/\/bekleidungscenter.com\/?product=amazon-essentials-herren-khaki-stretchhose-relaxed-fit#breadcrumb"},"inLanguage":"de","potentialAction":[{"@type":"ReadAction","target":["https:\/\/bekleidungscenter.com\/?product=amazon-essentials-herren-khaki-stretchhose-relaxed-fit"]}]},{"@type":"BreadcrumbList","@id":"https:\/\/bekleidungscenter.com\/?product=amazon-essentials-herren-khaki-stretchhose-relaxed-fit#breadcrumb","itemListElement":[{"@type":"ListItem","position":1,"name":"Home","item":"https:\/\/bekleidungscenter.com\/"},{"@type":"ListItem","position":2,"name":"Shop","item":"https:\/\/bekleidungscenter.com\/?page_id=7"},{"@type":"ListItem","position":3,"name":"Amazon Essentials Herren Khaki-Freizeitstretchhose, Bequeme Passform"}]},{"@type":"WebSite","@id":"https:\/\/bekleidungscenter.com\/#website","url":"https:\/\/bekleidungscenter.com\/","name":"FamilienMode","description":"Alles f\u00fcr die ganze Familie","potentialAction":[{"@type":"SearchAction","target":{"@type":"EntryPoint","urlTemplate":"https:\/\/bekleidungscenter.com\/?s={search_term_string}"},"query-input":"required name=search_term_string"}],"inLanguage":"de"}]}},"_links":{"self":[{"href":"https:\/\/bekleidungscenter.com\/index.php?rest_route=\/wp\/v2\/product\/10570"}],"collection":[{"href":"https:\/\/bekleidungscenter.com\/index.php?rest_route=\/wp\/v2\/product"}],"about":[{"href":"https:\/\/bekleidungscenter.com\/index.php?rest_route=\/wp\/v2\/types\/product"}],"replies":[{"embeddable":true,"href":"https:\/\/bekleidungscenter.com\/index.php?rest_route=%2Fwp%2Fv2%2Fcomments&post=10570"}],"wp:featuredmedia":[{"embeddable":true,"href":"https:\/\/bekleidungscenter.com\/index.php?rest_route=\/wp\/v2\/media\/10571"}],"wp:attachment":[{"href":"https:\/\/bekleidungscenter.com\/index.php?rest_route=%2Fwp%2Fv2%2Fmedia&parent=10570"}],"wp:term":[{"taxonomy":"product_cat","embeddable":true,"href":"https:\/\/bekleidungscenter.com\/index.php?rest_route=%2Fwp%2Fv2%2Fproduct_cat&post=10570"},{"taxonomy":"product_tag","embeddable":true,"href":"https:\/\/bekleidungscenter.com\/index.php?rest_route=%2Fwp%2Fv2%2Fproduct_tag&post=10570"}],"curies":[{"name":"wp","href":"https:\/\/api.w.org\/{rel}","templated":true}]}}