{"id":10797,"date":"2021-01-04T01:52:55","date_gmt":"2021-01-04T01:52:55","guid":{"rendered":"http:\/\/bekleidungscenter.com\/?product=amazon-essentials-herren-stretch-jeans-sportliche-passform"},"modified":"2024-03-24T18:49:54","modified_gmt":"2024-03-24T18:49:54","slug":"amazon-essentials-herren-stretch-jeans-sportliche-passform","status":"publish","type":"product","link":"https:\/\/bekleidungscenter.com\/?product=amazon-essentials-herren-stretch-jeans-sportliche-passform","title":{"rendered":"Amazon Essentials Herren Stretchjeans, athletische Passform"},"content":{"rendered":"<p><!-- show up to 2 reviews by default --> <\/p>\n<p>Eine Marke von Amazon &#8211; Diese klassische Jeans qua 5 Taschen u. a. gerader Passform hat einen kleinen Stretch-Rabatt zugunsten zus\u00e4tzlichen Bequemlichkeit u. a. um ihre Herausbildung zu bewahren. <\/p>\n<p>Diese klassische Jeans qua 5 Taschen u. a. sportlicher Passform hat einen kleinen Stretch-Rabatt zugunsten zus\u00e4tzlichen Bequemlichkeit u. a. um ihre Herausbildung zu bewahren.<br \/>\nDie sportliche Passform sitzt an der Taille u. a. verf\u00fcgt unter Zuhilfenahme von einen ger\u00e4umigeren Mittelwert auf Grund der Tatsache H\u00fcfte u. a. Oberschenkel u. a. ein konisches untere Extremit\u00e4t.<br \/>\nVerschluss: Rei\u00dfverschluss<br \/>\n98% Baumwolle, 2% Elasthan<br \/>\nAthletic-fit Stretch Jean<br \/>\nPflegehinweis: Maschinenw\u00e4sche<br \/>\nModellnummer: MAE55015FL18<br \/>\nBein\u00f6ffnung: 38,1 cm.<br \/>\n<div class=\"main-cross-sell\" data-asin=\"B07BJKYP4Z\">\n\n\t<div class=\"WooZone-cross-sell-loader\">\n\t\t<div>\n\t\t\t<div id=\"floatingBarsG\">\n\t\t\t\t<div class=\"blockG\" id=\"rotateG_01\"><\/div>\n\t\t\t\t<div class=\"blockG\" id=\"rotateG_02\"><\/div>\n\t\t\t\t<div class=\"blockG\" id=\"rotateG_03\"><\/div>\n\t\t\t\t<div class=\"blockG\" id=\"rotateG_04\"><\/div>\n\t\t\t\t<div class=\"blockG\" id=\"rotateG_05\"><\/div>\n\t\t\t\t<div class=\"blockG\" id=\"rotateG_06\"><\/div>\n\t\t\t\t<div class=\"blockG\" id=\"rotateG_07\"><\/div>\n\t\t\t\t<div class=\"blockG\" id=\"rotateG_08\"><\/div>\n\t\t\t<\/div>\n\t\t\t<div class=\"WooZone-cross-sell-loader-text\"><\/div>\n\t\t<\/div>\n\t<\/div>\n\n\t\t\n<\/div>\n<div style=\"clear:both;\"><\/div><\/p>\n","protected":false},"excerpt":{"rendered":"<p>Diese klassische Jeans mit 5 Taschen und sportlicher Passform hat einen kleinen Stretch-Anteil f\u00fcr zus\u00e4tzlichen Komfort und um ihre Form zu bewahren.<br \/>\nDie sportliche Passform sitzt an der Taille und verf\u00fcgt \u00fcber einen ger\u00e4umigeren Schnitt durch H\u00fcfte und Oberschenkel und ein konisches Bein.<br \/>\nVerschluss: Rei\u00dfverschluss<\/p>\n","protected":false},"featured_media":10798,"comment_status":"open","ping_status":"closed","template":"","meta":[],"product_cat":[118,123],"product_tag":[],"yoast_head":"<!-- This site is optimized with the Yoast SEO plugin v20.6 - https:\/\/yoast.com\/wordpress\/plugins\/seo\/ -->\n<title>Amazon Essentials Herren Stretchjeans, athletische Passform - FamilienMode<\/title>\n<meta name=\"robots\" content=\"index, follow, max-snippet:-1, max-image-preview:large, max-video-preview:-1\" \/>\n<link rel=\"canonical\" href=\"https:\/\/bekleidungscenter.com\/?product=amazon-essentials-herren-stretch-jeans-sportliche-passform\" \/>\n<meta property=\"og:locale\" content=\"de_DE\" \/>\n<meta property=\"og:type\" content=\"article\" \/>\n<meta property=\"og:title\" content=\"Amazon Essentials Herren Stretchjeans, athletische Passform - FamilienMode\" \/>\n<meta property=\"og:description\" content=\"Diese klassische Jeans mit 5 Taschen und sportlicher Passform hat einen kleinen Stretch-Anteil f\u00fcr zus\u00e4tzlichen Komfort und um ihre Form zu bewahren. Die sportliche Passform sitzt an der Taille und verf\u00fcgt \u00fcber einen ger\u00e4umigeren Schnitt durch H\u00fcfte und Oberschenkel und ein konisches Bein. Verschluss: Rei\u00dfverschluss\" \/>\n<meta property=\"og:url\" content=\"https:\/\/bekleidungscenter.com\/?product=amazon-essentials-herren-stretch-jeans-sportliche-passform\" \/>\n<meta property=\"og:site_name\" content=\"FamilienMode\" \/>\n<meta property=\"article:modified_time\" content=\"2024-03-24T18:49:54+00:00\" \/>\n<meta property=\"og:image\" content=\"https:\/\/images-na.ssl-images-amazon.com\/images\/I\/41lOEwyQ3aL.jpg\" \/>\n\t<meta property=\"og:image:width\" content=\"500\" \/>\n\t<meta property=\"og:image:height\" content=\"500\" \/>\n\t<meta property=\"og:image:type\" content=\"image\/jpeg\" \/>\n<meta name=\"twitter:card\" content=\"summary_large_image\" \/>\n<meta name=\"twitter:label1\" content=\"Gesch\u00e4tzte Lesezeit\" \/>\n\t<meta name=\"twitter:data1\" content=\"1\u00a0Minute\" \/>\n<script type=\"application\/ld+json\" class=\"yoast-schema-graph\">{\"@context\":\"https:\/\/schema.org\",\"@graph\":[{\"@type\":\"WebPage\",\"@id\":\"https:\/\/bekleidungscenter.com\/?product=amazon-essentials-herren-stretch-jeans-sportliche-passform\",\"url\":\"https:\/\/bekleidungscenter.com\/?product=amazon-essentials-herren-stretch-jeans-sportliche-passform\",\"name\":\"Amazon Essentials Herren Stretchjeans, athletische Passform - FamilienMode\",\"isPartOf\":{\"@id\":\"https:\/\/bekleidungscenter.com\/#website\"},\"datePublished\":\"2021-01-04T01:52:55+00:00\",\"dateModified\":\"2024-03-24T18:49:54+00:00\",\"breadcrumb\":{\"@id\":\"https:\/\/bekleidungscenter.com\/?product=amazon-essentials-herren-stretch-jeans-sportliche-passform#breadcrumb\"},\"inLanguage\":\"de\",\"potentialAction\":[{\"@type\":\"ReadAction\",\"target\":[\"https:\/\/bekleidungscenter.com\/?product=amazon-essentials-herren-stretch-jeans-sportliche-passform\"]}]},{\"@type\":\"BreadcrumbList\",\"@id\":\"https:\/\/bekleidungscenter.com\/?product=amazon-essentials-herren-stretch-jeans-sportliche-passform#breadcrumb\",\"itemListElement\":[{\"@type\":\"ListItem\",\"position\":1,\"name\":\"Home\",\"item\":\"https:\/\/bekleidungscenter.com\/\"},{\"@type\":\"ListItem\",\"position\":2,\"name\":\"Shop\",\"item\":\"https:\/\/bekleidungscenter.com\/?page_id=7\"},{\"@type\":\"ListItem\",\"position\":3,\"name\":\"Amazon Essentials Herren Stretchjeans, athletische Passform\"}]},{\"@type\":\"WebSite\",\"@id\":\"https:\/\/bekleidungscenter.com\/#website\",\"url\":\"https:\/\/bekleidungscenter.com\/\",\"name\":\"FamilienMode\",\"description\":\"Alles f\u00fcr die ganze Familie\",\"potentialAction\":[{\"@type\":\"SearchAction\",\"target\":{\"@type\":\"EntryPoint\",\"urlTemplate\":\"https:\/\/bekleidungscenter.com\/?s={search_term_string}\"},\"query-input\":\"required name=search_term_string\"}],\"inLanguage\":\"de\"}]}<\/script>\n<!-- \/ Yoast SEO plugin. -->","yoast_head_json":{"title":"Amazon Essentials Herren Stretchjeans, athletische Passform - FamilienMode","robots":{"index":"index","follow":"follow","max-snippet":"max-snippet:-1","max-image-preview":"max-image-preview:large","max-video-preview":"max-video-preview:-1"},"canonical":"https:\/\/bekleidungscenter.com\/?product=amazon-essentials-herren-stretch-jeans-sportliche-passform","og_locale":"de_DE","og_type":"article","og_title":"Amazon Essentials Herren Stretchjeans, athletische Passform - FamilienMode","og_description":"Diese klassische Jeans mit 5 Taschen und sportlicher Passform hat einen kleinen Stretch-Anteil f\u00fcr zus\u00e4tzlichen Komfort und um ihre Form zu bewahren. Die sportliche Passform sitzt an der Taille und verf\u00fcgt \u00fcber einen ger\u00e4umigeren Schnitt durch H\u00fcfte und Oberschenkel und ein konisches Bein. Verschluss: Rei\u00dfverschluss","og_url":"https:\/\/bekleidungscenter.com\/?product=amazon-essentials-herren-stretch-jeans-sportliche-passform","og_site_name":"FamilienMode","article_modified_time":"2024-03-24T18:49:54+00:00","og_image":[{"width":500,"height":500,"url":"https:\/\/images-na.ssl-images-amazon.com\/images\/I\/41lOEwyQ3aL.jpg","type":"image\/jpeg"}],"twitter_card":"summary_large_image","twitter_misc":{"Gesch\u00e4tzte Lesezeit":"1\u00a0Minute"},"schema":{"@context":"https:\/\/schema.org","@graph":[{"@type":"WebPage","@id":"https:\/\/bekleidungscenter.com\/?product=amazon-essentials-herren-stretch-jeans-sportliche-passform","url":"https:\/\/bekleidungscenter.com\/?product=amazon-essentials-herren-stretch-jeans-sportliche-passform","name":"Amazon Essentials Herren Stretchjeans, athletische Passform - FamilienMode","isPartOf":{"@id":"https:\/\/bekleidungscenter.com\/#website"},"datePublished":"2021-01-04T01:52:55+00:00","dateModified":"2024-03-24T18:49:54+00:00","breadcrumb":{"@id":"https:\/\/bekleidungscenter.com\/?product=amazon-essentials-herren-stretch-jeans-sportliche-passform#breadcrumb"},"inLanguage":"de","potentialAction":[{"@type":"ReadAction","target":["https:\/\/bekleidungscenter.com\/?product=amazon-essentials-herren-stretch-jeans-sportliche-passform"]}]},{"@type":"BreadcrumbList","@id":"https:\/\/bekleidungscenter.com\/?product=amazon-essentials-herren-stretch-jeans-sportliche-passform#breadcrumb","itemListElement":[{"@type":"ListItem","position":1,"name":"Home","item":"https:\/\/bekleidungscenter.com\/"},{"@type":"ListItem","position":2,"name":"Shop","item":"https:\/\/bekleidungscenter.com\/?page_id=7"},{"@type":"ListItem","position":3,"name":"Amazon Essentials Herren Stretchjeans, athletische Passform"}]},{"@type":"WebSite","@id":"https:\/\/bekleidungscenter.com\/#website","url":"https:\/\/bekleidungscenter.com\/","name":"FamilienMode","description":"Alles f\u00fcr die ganze Familie","potentialAction":[{"@type":"SearchAction","target":{"@type":"EntryPoint","urlTemplate":"https:\/\/bekleidungscenter.com\/?s={search_term_string}"},"query-input":"required name=search_term_string"}],"inLanguage":"de"}]}},"_links":{"self":[{"href":"https:\/\/bekleidungscenter.com\/index.php?rest_route=\/wp\/v2\/product\/10797"}],"collection":[{"href":"https:\/\/bekleidungscenter.com\/index.php?rest_route=\/wp\/v2\/product"}],"about":[{"href":"https:\/\/bekleidungscenter.com\/index.php?rest_route=\/wp\/v2\/types\/product"}],"replies":[{"embeddable":true,"href":"https:\/\/bekleidungscenter.com\/index.php?rest_route=%2Fwp%2Fv2%2Fcomments&post=10797"}],"wp:featuredmedia":[{"embeddable":true,"href":"https:\/\/bekleidungscenter.com\/index.php?rest_route=\/wp\/v2\/media\/10798"}],"wp:attachment":[{"href":"https:\/\/bekleidungscenter.com\/index.php?rest_route=%2Fwp%2Fv2%2Fmedia&parent=10797"}],"wp:term":[{"taxonomy":"product_cat","embeddable":true,"href":"https:\/\/bekleidungscenter.com\/index.php?rest_route=%2Fwp%2Fv2%2Fproduct_cat&post=10797"},{"taxonomy":"product_tag","embeddable":true,"href":"https:\/\/bekleidungscenter.com\/index.php?rest_route=%2Fwp%2Fv2%2Fproduct_tag&post=10797"}],"curies":[{"name":"wp","href":"https:\/\/api.w.org\/{rel}","templated":true}]}}