{"id":11389,"date":"2021-01-04T02:23:36","date_gmt":"2021-01-04T02:23:36","guid":{"rendered":"http:\/\/bekleidungscenter.com\/?product=urban-leather-ralph-tan-groesse-s"},"modified":"2023-04-09T22:44:02","modified_gmt":"2023-04-09T22:44:02","slug":"urban-leather-ralph-tan-groesse-s","status":"publish","type":"product","link":"https:\/\/bekleidungscenter.com\/?product=urban-leather-ralph-tan-groesse-s","title":{"rendered":"URBAN 5884 RALPH Gents"},"content":{"rendered":"<div class=\"disclaim\"> Weite:<strong>S<\/strong> | Beize:<strong>Tan<\/strong> <\/div>\n<p> <!-- show up to 2 reviews by default --> <\/p>\n<p>RALPH von Urban 5884 Hauptstadt der Niederlande ist eine coole Lederjacke zugunsten M\u00e4nner. Nicht mehr da weichem u. a. geschmeidigem Lammleder von hoher Gehei\u00df. Taillierte Jacke \u00fcber einem sch\u00f6nen fit zugunsten M\u00e4nner, die sich \u00e4sthetisch m\u00f6gen. <\/p>\n<p>Zwei Innentaschen<br \/>\nVier Taschen hinauf der Vorderseite<br \/>\nLammlederjacke zugunsten M\u00e4nner<br \/>\nNicht mehr da echtem Leder gewachst<br \/>\n<div class=\"main-cross-sell\" data-asin=\"B079HHFXX7\">\n\n\t<div class=\"WooZone-cross-sell-loader\">\n\t\t<div>\n\t\t\t<div id=\"floatingBarsG\">\n\t\t\t\t<div class=\"blockG\" id=\"rotateG_01\"><\/div>\n\t\t\t\t<div class=\"blockG\" id=\"rotateG_02\"><\/div>\n\t\t\t\t<div class=\"blockG\" id=\"rotateG_03\"><\/div>\n\t\t\t\t<div class=\"blockG\" id=\"rotateG_04\"><\/div>\n\t\t\t\t<div class=\"blockG\" id=\"rotateG_05\"><\/div>\n\t\t\t\t<div class=\"blockG\" id=\"rotateG_06\"><\/div>\n\t\t\t\t<div class=\"blockG\" id=\"rotateG_07\"><\/div>\n\t\t\t\t<div class=\"blockG\" id=\"rotateG_08\"><\/div>\n\t\t\t<\/div>\n\t\t\t<div class=\"WooZone-cross-sell-loader-text\"><\/div>\n\t\t<\/div>\n\t<\/div>\n\n\t\t\n<\/div>\n<div style=\"clear:both;\"><\/div><\/p>\n","protected":false},"excerpt":{"rendered":"<p>Zwei Innentaschen<br \/>\nVier Taschen auf der Vorderseite<br \/>\nLammlederjacke f\u00fcr M\u00e4nner<\/p>\n","protected":false},"featured_media":11390,"comment_status":"open","ping_status":"closed","template":"","meta":[],"product_cat":[118,125],"product_tag":[],"yoast_head":"<!-- This site is optimized with the Yoast SEO plugin v20.6 - https:\/\/yoast.com\/wordpress\/plugins\/seo\/ -->\n<title>URBAN 5884 RALPH Gents - FamilienMode<\/title>\n<meta name=\"robots\" content=\"index, follow, max-snippet:-1, max-image-preview:large, max-video-preview:-1\" \/>\n<link rel=\"canonical\" href=\"https:\/\/bekleidungscenter.com\/?product=urban-leather-ralph-tan-groesse-s\" \/>\n<meta property=\"og:locale\" content=\"de_DE\" \/>\n<meta property=\"og:type\" content=\"article\" \/>\n<meta property=\"og:title\" content=\"URBAN 5884 RALPH Gents - FamilienMode\" \/>\n<meta property=\"og:description\" content=\"Zwei Innentaschen Vier Taschen auf der Vorderseite Lammlederjacke f\u00fcr M\u00e4nner\" \/>\n<meta property=\"og:url\" content=\"https:\/\/bekleidungscenter.com\/?product=urban-leather-ralph-tan-groesse-s\" \/>\n<meta property=\"og:site_name\" content=\"FamilienMode\" \/>\n<meta property=\"article:modified_time\" content=\"2023-04-09T22:44:02+00:00\" \/>\n<meta property=\"og:image\" content=\"https:\/\/images-na.ssl-images-amazon.com\/images\/I\/51WNZM1p3YL.jpg\" \/>\n\t<meta property=\"og:image:width\" content=\"500\" \/>\n\t<meta property=\"og:image:height\" content=\"500\" \/>\n\t<meta property=\"og:image:type\" content=\"image\/jpeg\" \/>\n<meta name=\"twitter:card\" content=\"summary_large_image\" \/>\n<script type=\"application\/ld+json\" class=\"yoast-schema-graph\">{\"@context\":\"https:\/\/schema.org\",\"@graph\":[{\"@type\":\"WebPage\",\"@id\":\"https:\/\/bekleidungscenter.com\/?product=urban-leather-ralph-tan-groesse-s\",\"url\":\"https:\/\/bekleidungscenter.com\/?product=urban-leather-ralph-tan-groesse-s\",\"name\":\"URBAN 5884 RALPH Gents - FamilienMode\",\"isPartOf\":{\"@id\":\"https:\/\/bekleidungscenter.com\/#website\"},\"datePublished\":\"2021-01-04T02:23:36+00:00\",\"dateModified\":\"2023-04-09T22:44:02+00:00\",\"breadcrumb\":{\"@id\":\"https:\/\/bekleidungscenter.com\/?product=urban-leather-ralph-tan-groesse-s#breadcrumb\"},\"inLanguage\":\"de\",\"potentialAction\":[{\"@type\":\"ReadAction\",\"target\":[\"https:\/\/bekleidungscenter.com\/?product=urban-leather-ralph-tan-groesse-s\"]}]},{\"@type\":\"BreadcrumbList\",\"@id\":\"https:\/\/bekleidungscenter.com\/?product=urban-leather-ralph-tan-groesse-s#breadcrumb\",\"itemListElement\":[{\"@type\":\"ListItem\",\"position\":1,\"name\":\"Home\",\"item\":\"https:\/\/bekleidungscenter.com\/\"},{\"@type\":\"ListItem\",\"position\":2,\"name\":\"Shop\",\"item\":\"https:\/\/bekleidungscenter.com\/?page_id=7\"},{\"@type\":\"ListItem\",\"position\":3,\"name\":\"URBAN 5884 RALPH Gents\"}]},{\"@type\":\"WebSite\",\"@id\":\"https:\/\/bekleidungscenter.com\/#website\",\"url\":\"https:\/\/bekleidungscenter.com\/\",\"name\":\"FamilienMode\",\"description\":\"Alles f\u00fcr die ganze Familie\",\"potentialAction\":[{\"@type\":\"SearchAction\",\"target\":{\"@type\":\"EntryPoint\",\"urlTemplate\":\"https:\/\/bekleidungscenter.com\/?s={search_term_string}\"},\"query-input\":\"required name=search_term_string\"}],\"inLanguage\":\"de\"}]}<\/script>\n<!-- \/ Yoast SEO plugin. -->","yoast_head_json":{"title":"URBAN 5884 RALPH Gents - FamilienMode","robots":{"index":"index","follow":"follow","max-snippet":"max-snippet:-1","max-image-preview":"max-image-preview:large","max-video-preview":"max-video-preview:-1"},"canonical":"https:\/\/bekleidungscenter.com\/?product=urban-leather-ralph-tan-groesse-s","og_locale":"de_DE","og_type":"article","og_title":"URBAN 5884 RALPH Gents - FamilienMode","og_description":"Zwei Innentaschen Vier Taschen auf der Vorderseite Lammlederjacke f\u00fcr M\u00e4nner","og_url":"https:\/\/bekleidungscenter.com\/?product=urban-leather-ralph-tan-groesse-s","og_site_name":"FamilienMode","article_modified_time":"2023-04-09T22:44:02+00:00","og_image":[{"width":500,"height":500,"url":"https:\/\/images-na.ssl-images-amazon.com\/images\/I\/51WNZM1p3YL.jpg","type":"image\/jpeg"}],"twitter_card":"summary_large_image","schema":{"@context":"https:\/\/schema.org","@graph":[{"@type":"WebPage","@id":"https:\/\/bekleidungscenter.com\/?product=urban-leather-ralph-tan-groesse-s","url":"https:\/\/bekleidungscenter.com\/?product=urban-leather-ralph-tan-groesse-s","name":"URBAN 5884 RALPH Gents - FamilienMode","isPartOf":{"@id":"https:\/\/bekleidungscenter.com\/#website"},"datePublished":"2021-01-04T02:23:36+00:00","dateModified":"2023-04-09T22:44:02+00:00","breadcrumb":{"@id":"https:\/\/bekleidungscenter.com\/?product=urban-leather-ralph-tan-groesse-s#breadcrumb"},"inLanguage":"de","potentialAction":[{"@type":"ReadAction","target":["https:\/\/bekleidungscenter.com\/?product=urban-leather-ralph-tan-groesse-s"]}]},{"@type":"BreadcrumbList","@id":"https:\/\/bekleidungscenter.com\/?product=urban-leather-ralph-tan-groesse-s#breadcrumb","itemListElement":[{"@type":"ListItem","position":1,"name":"Home","item":"https:\/\/bekleidungscenter.com\/"},{"@type":"ListItem","position":2,"name":"Shop","item":"https:\/\/bekleidungscenter.com\/?page_id=7"},{"@type":"ListItem","position":3,"name":"URBAN 5884 RALPH Gents"}]},{"@type":"WebSite","@id":"https:\/\/bekleidungscenter.com\/#website","url":"https:\/\/bekleidungscenter.com\/","name":"FamilienMode","description":"Alles f\u00fcr die ganze Familie","potentialAction":[{"@type":"SearchAction","target":{"@type":"EntryPoint","urlTemplate":"https:\/\/bekleidungscenter.com\/?s={search_term_string}"},"query-input":"required name=search_term_string"}],"inLanguage":"de"}]}},"_links":{"self":[{"href":"https:\/\/bekleidungscenter.com\/index.php?rest_route=\/wp\/v2\/product\/11389"}],"collection":[{"href":"https:\/\/bekleidungscenter.com\/index.php?rest_route=\/wp\/v2\/product"}],"about":[{"href":"https:\/\/bekleidungscenter.com\/index.php?rest_route=\/wp\/v2\/types\/product"}],"replies":[{"embeddable":true,"href":"https:\/\/bekleidungscenter.com\/index.php?rest_route=%2Fwp%2Fv2%2Fcomments&post=11389"}],"wp:featuredmedia":[{"embeddable":true,"href":"https:\/\/bekleidungscenter.com\/index.php?rest_route=\/wp\/v2\/media\/11390"}],"wp:attachment":[{"href":"https:\/\/bekleidungscenter.com\/index.php?rest_route=%2Fwp%2Fv2%2Fmedia&parent=11389"}],"wp:term":[{"taxonomy":"product_cat","embeddable":true,"href":"https:\/\/bekleidungscenter.com\/index.php?rest_route=%2Fwp%2Fv2%2Fproduct_cat&post=11389"},{"taxonomy":"product_tag","embeddable":true,"href":"https:\/\/bekleidungscenter.com\/index.php?rest_route=%2Fwp%2Fv2%2Fproduct_tag&post=11389"}],"curies":[{"name":"wp","href":"https:\/\/api.w.org\/{rel}","templated":true}]}}