{"id":11472,"date":"2021-01-04T02:25:57","date_gmt":"2021-01-04T02:25:57","guid":{"rendered":"http:\/\/bekleidungscenter.com\/?product=superdry-herren-tweed-mix-fuji-jacke"},"modified":"2023-04-09T22:44:03","modified_gmt":"2023-04-09T22:44:03","slug":"superdry-herren-tweed-mix-fuji-jacke","status":"publish","type":"product","link":"https:\/\/bekleidungscenter.com\/?product=superdry-herren-tweed-mix-fuji-jacke","title":{"rendered":"Superdry Herren Tweed Mix Fuji Jacke"},"content":{"rendered":"<p><!-- show up to 2 reviews by default --> <\/p>\n<p>Superdry Fuji Jacke jedweder Tweed-Verschiedenes stattdessen Herren. Aktualisiere deine Oberbekleidung qua der Jacke. Sie ist qua einem doppellagigen Rei\u00dfverschluss im \u00dcbrigen zwei Rei\u00dfverschlusstaschen ausgestattet. Hinzu kommt eine abnehmbare Kapuze qua Rei\u00dfverschluss, Kordelzug im \u00dcbrigen Fleecefutter. Ein Rippmuster an den B\u00fcndchen im \u00dcbrigen ein Superdry Logoaufn\u00e4her hinaus einer Schulter runden dies Design ab. Die Tweed Fuji Jacke geh\u00f6rt zur Grundausstattung in der Saison. <\/p>\n<p>Wir andeuten eine Zuwachs gr\u00f6\u00dfer<br \/>\nLangarm<br \/>\n100% Polyester<br \/>\njacke<br \/>\nPflegehinweis: Chemische Reinigung<br \/>\nModellnummer: M5000088A<br \/>\n<div class=\"main-cross-sell\" data-asin=\"B07P16DH8G\">\n\n\t<div class=\"WooZone-cross-sell-loader\">\n\t\t<div>\n\t\t\t<div id=\"floatingBarsG\">\n\t\t\t\t<div class=\"blockG\" id=\"rotateG_01\"><\/div>\n\t\t\t\t<div class=\"blockG\" id=\"rotateG_02\"><\/div>\n\t\t\t\t<div class=\"blockG\" id=\"rotateG_03\"><\/div>\n\t\t\t\t<div class=\"blockG\" id=\"rotateG_04\"><\/div>\n\t\t\t\t<div class=\"blockG\" id=\"rotateG_05\"><\/div>\n\t\t\t\t<div class=\"blockG\" id=\"rotateG_06\"><\/div>\n\t\t\t\t<div class=\"blockG\" id=\"rotateG_07\"><\/div>\n\t\t\t\t<div class=\"blockG\" id=\"rotateG_08\"><\/div>\n\t\t\t<\/div>\n\t\t\t<div class=\"WooZone-cross-sell-loader-text\"><\/div>\n\t\t<\/div>\n\t<\/div>\n\n\t\t\n<\/div>\n<div style=\"clear:both;\"><\/div><\/p>\n","protected":false},"excerpt":{"rendered":"<p>Wir empfehlen eine Gr\u00f6\u00dfe gr\u00f6\u00dfer<br \/>\nLangarm<br \/>\n100% Polyester<\/p>\n","protected":false},"featured_media":11473,"comment_status":"open","ping_status":"closed","template":"","meta":[],"product_cat":[118,125],"product_tag":[],"yoast_head":"<!-- This site is optimized with the Yoast SEO plugin v20.6 - https:\/\/yoast.com\/wordpress\/plugins\/seo\/ -->\n<title>Superdry Herren Tweed Mix Fuji Jacke - FamilienMode<\/title>\n<meta name=\"robots\" content=\"index, follow, max-snippet:-1, max-image-preview:large, max-video-preview:-1\" \/>\n<link rel=\"canonical\" href=\"https:\/\/bekleidungscenter.com\/?product=superdry-herren-tweed-mix-fuji-jacke\" \/>\n<meta property=\"og:locale\" content=\"de_DE\" \/>\n<meta property=\"og:type\" content=\"article\" \/>\n<meta property=\"og:title\" content=\"Superdry Herren Tweed Mix Fuji Jacke - FamilienMode\" \/>\n<meta property=\"og:description\" content=\"Wir empfehlen eine Gr\u00f6\u00dfe gr\u00f6\u00dfer Langarm 100% Polyester\" \/>\n<meta property=\"og:url\" content=\"https:\/\/bekleidungscenter.com\/?product=superdry-herren-tweed-mix-fuji-jacke\" \/>\n<meta property=\"og:site_name\" content=\"FamilienMode\" \/>\n<meta property=\"article:modified_time\" content=\"2023-04-09T22:44:03+00:00\" \/>\n<meta property=\"og:image\" content=\"https:\/\/images-na.ssl-images-amazon.com\/images\/I\/41KEEK6FsZL.jpg\" \/>\n\t<meta property=\"og:image:width\" content=\"500\" \/>\n\t<meta property=\"og:image:height\" content=\"500\" \/>\n\t<meta property=\"og:image:type\" content=\"image\/jpeg\" \/>\n<meta name=\"twitter:card\" content=\"summary_large_image\" \/>\n<script type=\"application\/ld+json\" class=\"yoast-schema-graph\">{\"@context\":\"https:\/\/schema.org\",\"@graph\":[{\"@type\":\"WebPage\",\"@id\":\"https:\/\/bekleidungscenter.com\/?product=superdry-herren-tweed-mix-fuji-jacke\",\"url\":\"https:\/\/bekleidungscenter.com\/?product=superdry-herren-tweed-mix-fuji-jacke\",\"name\":\"Superdry Herren Tweed Mix Fuji Jacke - FamilienMode\",\"isPartOf\":{\"@id\":\"https:\/\/bekleidungscenter.com\/#website\"},\"datePublished\":\"2021-01-04T02:25:57+00:00\",\"dateModified\":\"2023-04-09T22:44:03+00:00\",\"breadcrumb\":{\"@id\":\"https:\/\/bekleidungscenter.com\/?product=superdry-herren-tweed-mix-fuji-jacke#breadcrumb\"},\"inLanguage\":\"de\",\"potentialAction\":[{\"@type\":\"ReadAction\",\"target\":[\"https:\/\/bekleidungscenter.com\/?product=superdry-herren-tweed-mix-fuji-jacke\"]}]},{\"@type\":\"BreadcrumbList\",\"@id\":\"https:\/\/bekleidungscenter.com\/?product=superdry-herren-tweed-mix-fuji-jacke#breadcrumb\",\"itemListElement\":[{\"@type\":\"ListItem\",\"position\":1,\"name\":\"Home\",\"item\":\"https:\/\/bekleidungscenter.com\/\"},{\"@type\":\"ListItem\",\"position\":2,\"name\":\"Shop\",\"item\":\"https:\/\/bekleidungscenter.com\/?page_id=7\"},{\"@type\":\"ListItem\",\"position\":3,\"name\":\"Superdry Herren Tweed Mix Fuji Jacke\"}]},{\"@type\":\"WebSite\",\"@id\":\"https:\/\/bekleidungscenter.com\/#website\",\"url\":\"https:\/\/bekleidungscenter.com\/\",\"name\":\"FamilienMode\",\"description\":\"Alles f\u00fcr die ganze Familie\",\"potentialAction\":[{\"@type\":\"SearchAction\",\"target\":{\"@type\":\"EntryPoint\",\"urlTemplate\":\"https:\/\/bekleidungscenter.com\/?s={search_term_string}\"},\"query-input\":\"required name=search_term_string\"}],\"inLanguage\":\"de\"}]}<\/script>\n<!-- \/ Yoast SEO plugin. -->","yoast_head_json":{"title":"Superdry Herren Tweed Mix Fuji Jacke - FamilienMode","robots":{"index":"index","follow":"follow","max-snippet":"max-snippet:-1","max-image-preview":"max-image-preview:large","max-video-preview":"max-video-preview:-1"},"canonical":"https:\/\/bekleidungscenter.com\/?product=superdry-herren-tweed-mix-fuji-jacke","og_locale":"de_DE","og_type":"article","og_title":"Superdry Herren Tweed Mix Fuji Jacke - FamilienMode","og_description":"Wir empfehlen eine Gr\u00f6\u00dfe gr\u00f6\u00dfer Langarm 100% Polyester","og_url":"https:\/\/bekleidungscenter.com\/?product=superdry-herren-tweed-mix-fuji-jacke","og_site_name":"FamilienMode","article_modified_time":"2023-04-09T22:44:03+00:00","og_image":[{"width":500,"height":500,"url":"https:\/\/images-na.ssl-images-amazon.com\/images\/I\/41KEEK6FsZL.jpg","type":"image\/jpeg"}],"twitter_card":"summary_large_image","schema":{"@context":"https:\/\/schema.org","@graph":[{"@type":"WebPage","@id":"https:\/\/bekleidungscenter.com\/?product=superdry-herren-tweed-mix-fuji-jacke","url":"https:\/\/bekleidungscenter.com\/?product=superdry-herren-tweed-mix-fuji-jacke","name":"Superdry Herren Tweed Mix Fuji Jacke - FamilienMode","isPartOf":{"@id":"https:\/\/bekleidungscenter.com\/#website"},"datePublished":"2021-01-04T02:25:57+00:00","dateModified":"2023-04-09T22:44:03+00:00","breadcrumb":{"@id":"https:\/\/bekleidungscenter.com\/?product=superdry-herren-tweed-mix-fuji-jacke#breadcrumb"},"inLanguage":"de","potentialAction":[{"@type":"ReadAction","target":["https:\/\/bekleidungscenter.com\/?product=superdry-herren-tweed-mix-fuji-jacke"]}]},{"@type":"BreadcrumbList","@id":"https:\/\/bekleidungscenter.com\/?product=superdry-herren-tweed-mix-fuji-jacke#breadcrumb","itemListElement":[{"@type":"ListItem","position":1,"name":"Home","item":"https:\/\/bekleidungscenter.com\/"},{"@type":"ListItem","position":2,"name":"Shop","item":"https:\/\/bekleidungscenter.com\/?page_id=7"},{"@type":"ListItem","position":3,"name":"Superdry Herren Tweed Mix Fuji Jacke"}]},{"@type":"WebSite","@id":"https:\/\/bekleidungscenter.com\/#website","url":"https:\/\/bekleidungscenter.com\/","name":"FamilienMode","description":"Alles f\u00fcr die ganze Familie","potentialAction":[{"@type":"SearchAction","target":{"@type":"EntryPoint","urlTemplate":"https:\/\/bekleidungscenter.com\/?s={search_term_string}"},"query-input":"required name=search_term_string"}],"inLanguage":"de"}]}},"_links":{"self":[{"href":"https:\/\/bekleidungscenter.com\/index.php?rest_route=\/wp\/v2\/product\/11472"}],"collection":[{"href":"https:\/\/bekleidungscenter.com\/index.php?rest_route=\/wp\/v2\/product"}],"about":[{"href":"https:\/\/bekleidungscenter.com\/index.php?rest_route=\/wp\/v2\/types\/product"}],"replies":[{"embeddable":true,"href":"https:\/\/bekleidungscenter.com\/index.php?rest_route=%2Fwp%2Fv2%2Fcomments&post=11472"}],"wp:featuredmedia":[{"embeddable":true,"href":"https:\/\/bekleidungscenter.com\/index.php?rest_route=\/wp\/v2\/media\/11473"}],"wp:attachment":[{"href":"https:\/\/bekleidungscenter.com\/index.php?rest_route=%2Fwp%2Fv2%2Fmedia&parent=11472"}],"wp:term":[{"taxonomy":"product_cat","embeddable":true,"href":"https:\/\/bekleidungscenter.com\/index.php?rest_route=%2Fwp%2Fv2%2Fproduct_cat&post=11472"},{"taxonomy":"product_tag","embeddable":true,"href":"https:\/\/bekleidungscenter.com\/index.php?rest_route=%2Fwp%2Fv2%2Fproduct_tag&post=11472"}],"curies":[{"name":"wp","href":"https:\/\/api.w.org\/{rel}","templated":true}]}}