{"id":12126,"date":"2021-01-04T05:55:11","date_gmt":"2021-01-04T05:55:11","guid":{"rendered":"http:\/\/bekleidungscenter.com\/?product=craft-herren-warm-intensity-cn-long-sleeve-jersey"},"modified":"2023-04-07T22:29:06","modified_gmt":"2023-04-07T22:29:06","slug":"craft-herren-warm-intensity-cn-long-sleeve-jersey","status":"publish","type":"product","link":"https:\/\/bekleidungscenter.com\/?product=craft-herren-warm-intensity-cn-long-sleeve-jersey","title":{"rendered":"Craft Herren Warm Intensity Cn Long Sleeve Jersey"},"content":{"rendered":"<p><!-- show up to 2 reviews by default --> <\/p>\n<p>Jersey unter Zuhilfenahme von ergonomischer Passform ebenso Body-Mapped-Design anstatt optimale Thermoregulierung. 3D-Strick, sportspezifische Passform anstatt maximalen Bequemlichkeit. <\/p>\n<p>3D-Strick, sportspezifische Passform anstatt maximalen Bequemlichkeit<br \/>\nLeichtes ebenso w\u00e4rmendes Thermogarn anstatt optimale Thermoregulierung<br \/>\nLangarm<br \/>\n61% Polyamid, 35% Polyester, 4% Elasthan<br \/>\nUmgekehrt Intensity CN Long Sleeve<br \/>\nPflegehinweis: 40\u00b0 W\u00e4sche<br \/>\nModellnummer: 1905350<br \/>\nBody-Mapped-Design, das Sie Umgekehrt ebenso d\u00fcrftig h\u00e4lt.<br \/>\nGummizug anstatt optimale Bewegungsfreiheit<br \/>\n\u00fcbrige Trennung, wo Sie \u00fcbrige Behaglichkeit haben m\u00fcssen.<br \/>\n<div class=\"main-cross-sell\" data-asin=\"B07FPHQNJN\">\n\n\t<div class=\"WooZone-cross-sell-loader\">\n\t\t<div>\n\t\t\t<div id=\"floatingBarsG\">\n\t\t\t\t<div class=\"blockG\" id=\"rotateG_01\"><\/div>\n\t\t\t\t<div class=\"blockG\" id=\"rotateG_02\"><\/div>\n\t\t\t\t<div class=\"blockG\" id=\"rotateG_03\"><\/div>\n\t\t\t\t<div class=\"blockG\" id=\"rotateG_04\"><\/div>\n\t\t\t\t<div class=\"blockG\" id=\"rotateG_05\"><\/div>\n\t\t\t\t<div class=\"blockG\" id=\"rotateG_06\"><\/div>\n\t\t\t\t<div class=\"blockG\" id=\"rotateG_07\"><\/div>\n\t\t\t\t<div class=\"blockG\" id=\"rotateG_08\"><\/div>\n\t\t\t<\/div>\n\t\t\t<div class=\"WooZone-cross-sell-loader-text\"><\/div>\n\t\t<\/div>\n\t<\/div>\n\n\t\t\n<\/div>\n<div style=\"clear:both;\"><\/div><\/p>\n","protected":false},"excerpt":{"rendered":"<p>3D-Strick, sportspezifische Passform f\u00fcr maximalen Komfort<br \/>\nLeichtes und w\u00e4rmendes Thermogarn f\u00fcr optimale Thermoregulierung<br \/>\nLangarm<\/p>\n","protected":false},"featured_media":12127,"comment_status":"open","ping_status":"closed","template":"","meta":[],"product_cat":[118,1082],"product_tag":[],"yoast_head":"<!-- This site is optimized with the Yoast SEO plugin v20.6 - https:\/\/yoast.com\/wordpress\/plugins\/seo\/ -->\n<title>Craft Herren Warm Intensity Cn Long Sleeve Jersey - FamilienMode<\/title>\n<meta name=\"robots\" content=\"index, follow, max-snippet:-1, max-image-preview:large, max-video-preview:-1\" \/>\n<link rel=\"canonical\" href=\"https:\/\/bekleidungscenter.com\/?product=craft-herren-warm-intensity-cn-long-sleeve-jersey\" \/>\n<meta property=\"og:locale\" content=\"de_DE\" \/>\n<meta property=\"og:type\" content=\"article\" \/>\n<meta property=\"og:title\" content=\"Craft Herren Warm Intensity Cn Long Sleeve Jersey - FamilienMode\" \/>\n<meta property=\"og:description\" content=\"3D-Strick, sportspezifische Passform f\u00fcr maximalen Komfort Leichtes und w\u00e4rmendes Thermogarn f\u00fcr optimale Thermoregulierung Langarm\" \/>\n<meta property=\"og:url\" content=\"https:\/\/bekleidungscenter.com\/?product=craft-herren-warm-intensity-cn-long-sleeve-jersey\" \/>\n<meta property=\"og:site_name\" content=\"FamilienMode\" \/>\n<meta property=\"article:modified_time\" content=\"2023-04-07T22:29:06+00:00\" \/>\n<meta property=\"og:image\" content=\"https:\/\/images-na.ssl-images-amazon.com\/images\/I\/41BbP-uyyJL.jpg\" \/>\n\t<meta property=\"og:image:width\" content=\"500\" \/>\n\t<meta property=\"og:image:height\" content=\"500\" \/>\n\t<meta property=\"og:image:type\" content=\"image\/jpeg\" \/>\n<meta name=\"twitter:card\" content=\"summary_large_image\" \/>\n<script type=\"application\/ld+json\" class=\"yoast-schema-graph\">{\"@context\":\"https:\/\/schema.org\",\"@graph\":[{\"@type\":\"WebPage\",\"@id\":\"https:\/\/bekleidungscenter.com\/?product=craft-herren-warm-intensity-cn-long-sleeve-jersey\",\"url\":\"https:\/\/bekleidungscenter.com\/?product=craft-herren-warm-intensity-cn-long-sleeve-jersey\",\"name\":\"Craft Herren Warm Intensity Cn Long Sleeve Jersey - FamilienMode\",\"isPartOf\":{\"@id\":\"https:\/\/bekleidungscenter.com\/#website\"},\"datePublished\":\"2021-01-04T05:55:11+00:00\",\"dateModified\":\"2023-04-07T22:29:06+00:00\",\"breadcrumb\":{\"@id\":\"https:\/\/bekleidungscenter.com\/?product=craft-herren-warm-intensity-cn-long-sleeve-jersey#breadcrumb\"},\"inLanguage\":\"de\",\"potentialAction\":[{\"@type\":\"ReadAction\",\"target\":[\"https:\/\/bekleidungscenter.com\/?product=craft-herren-warm-intensity-cn-long-sleeve-jersey\"]}]},{\"@type\":\"BreadcrumbList\",\"@id\":\"https:\/\/bekleidungscenter.com\/?product=craft-herren-warm-intensity-cn-long-sleeve-jersey#breadcrumb\",\"itemListElement\":[{\"@type\":\"ListItem\",\"position\":1,\"name\":\"Home\",\"item\":\"https:\/\/bekleidungscenter.com\/\"},{\"@type\":\"ListItem\",\"position\":2,\"name\":\"Shop\",\"item\":\"https:\/\/bekleidungscenter.com\/?page_id=7\"},{\"@type\":\"ListItem\",\"position\":3,\"name\":\"Craft Herren Warm Intensity Cn Long Sleeve Jersey\"}]},{\"@type\":\"WebSite\",\"@id\":\"https:\/\/bekleidungscenter.com\/#website\",\"url\":\"https:\/\/bekleidungscenter.com\/\",\"name\":\"FamilienMode\",\"description\":\"Alles f\u00fcr die ganze Familie\",\"potentialAction\":[{\"@type\":\"SearchAction\",\"target\":{\"@type\":\"EntryPoint\",\"urlTemplate\":\"https:\/\/bekleidungscenter.com\/?s={search_term_string}\"},\"query-input\":\"required name=search_term_string\"}],\"inLanguage\":\"de\"}]}<\/script>\n<!-- \/ Yoast SEO plugin. -->","yoast_head_json":{"title":"Craft Herren Warm Intensity Cn Long Sleeve Jersey - FamilienMode","robots":{"index":"index","follow":"follow","max-snippet":"max-snippet:-1","max-image-preview":"max-image-preview:large","max-video-preview":"max-video-preview:-1"},"canonical":"https:\/\/bekleidungscenter.com\/?product=craft-herren-warm-intensity-cn-long-sleeve-jersey","og_locale":"de_DE","og_type":"article","og_title":"Craft Herren Warm Intensity Cn Long Sleeve Jersey - FamilienMode","og_description":"3D-Strick, sportspezifische Passform f\u00fcr maximalen Komfort Leichtes und w\u00e4rmendes Thermogarn f\u00fcr optimale Thermoregulierung Langarm","og_url":"https:\/\/bekleidungscenter.com\/?product=craft-herren-warm-intensity-cn-long-sleeve-jersey","og_site_name":"FamilienMode","article_modified_time":"2023-04-07T22:29:06+00:00","og_image":[{"width":500,"height":500,"url":"https:\/\/images-na.ssl-images-amazon.com\/images\/I\/41BbP-uyyJL.jpg","type":"image\/jpeg"}],"twitter_card":"summary_large_image","schema":{"@context":"https:\/\/schema.org","@graph":[{"@type":"WebPage","@id":"https:\/\/bekleidungscenter.com\/?product=craft-herren-warm-intensity-cn-long-sleeve-jersey","url":"https:\/\/bekleidungscenter.com\/?product=craft-herren-warm-intensity-cn-long-sleeve-jersey","name":"Craft Herren Warm Intensity Cn Long Sleeve Jersey - FamilienMode","isPartOf":{"@id":"https:\/\/bekleidungscenter.com\/#website"},"datePublished":"2021-01-04T05:55:11+00:00","dateModified":"2023-04-07T22:29:06+00:00","breadcrumb":{"@id":"https:\/\/bekleidungscenter.com\/?product=craft-herren-warm-intensity-cn-long-sleeve-jersey#breadcrumb"},"inLanguage":"de","potentialAction":[{"@type":"ReadAction","target":["https:\/\/bekleidungscenter.com\/?product=craft-herren-warm-intensity-cn-long-sleeve-jersey"]}]},{"@type":"BreadcrumbList","@id":"https:\/\/bekleidungscenter.com\/?product=craft-herren-warm-intensity-cn-long-sleeve-jersey#breadcrumb","itemListElement":[{"@type":"ListItem","position":1,"name":"Home","item":"https:\/\/bekleidungscenter.com\/"},{"@type":"ListItem","position":2,"name":"Shop","item":"https:\/\/bekleidungscenter.com\/?page_id=7"},{"@type":"ListItem","position":3,"name":"Craft Herren Warm Intensity Cn Long Sleeve Jersey"}]},{"@type":"WebSite","@id":"https:\/\/bekleidungscenter.com\/#website","url":"https:\/\/bekleidungscenter.com\/","name":"FamilienMode","description":"Alles f\u00fcr die ganze Familie","potentialAction":[{"@type":"SearchAction","target":{"@type":"EntryPoint","urlTemplate":"https:\/\/bekleidungscenter.com\/?s={search_term_string}"},"query-input":"required name=search_term_string"}],"inLanguage":"de"}]}},"_links":{"self":[{"href":"https:\/\/bekleidungscenter.com\/index.php?rest_route=\/wp\/v2\/product\/12126"}],"collection":[{"href":"https:\/\/bekleidungscenter.com\/index.php?rest_route=\/wp\/v2\/product"}],"about":[{"href":"https:\/\/bekleidungscenter.com\/index.php?rest_route=\/wp\/v2\/types\/product"}],"replies":[{"embeddable":true,"href":"https:\/\/bekleidungscenter.com\/index.php?rest_route=%2Fwp%2Fv2%2Fcomments&post=12126"}],"wp:featuredmedia":[{"embeddable":true,"href":"https:\/\/bekleidungscenter.com\/index.php?rest_route=\/wp\/v2\/media\/12127"}],"wp:attachment":[{"href":"https:\/\/bekleidungscenter.com\/index.php?rest_route=%2Fwp%2Fv2%2Fmedia&parent=12126"}],"wp:term":[{"taxonomy":"product_cat","embeddable":true,"href":"https:\/\/bekleidungscenter.com\/index.php?rest_route=%2Fwp%2Fv2%2Fproduct_cat&post=12126"},{"taxonomy":"product_tag","embeddable":true,"href":"https:\/\/bekleidungscenter.com\/index.php?rest_route=%2Fwp%2Fv2%2Fproduct_tag&post=12126"}],"curies":[{"name":"wp","href":"https:\/\/api.w.org\/{rel}","templated":true}]}}