{"id":12172,"date":"2021-01-04T05:55:37","date_gmt":"2021-01-04T05:55:37","guid":{"rendered":"http:\/\/bekleidungscenter.com\/?product=aweids-2er-pack-herren-boxershorts-unterwaesche-unterhose-xs-l"},"modified":"2023-04-07T22:29:07","modified_gmt":"2023-04-07T22:29:07","slug":"aweids-2er-pack-herren-boxershorts-unterwaesche-unterhose-xs-l","status":"publish","type":"product","link":"https:\/\/bekleidungscenter.com\/?product=aweids-2er-pack-herren-boxershorts-unterwaesche-unterhose-xs-l","title":{"rendered":"AWEIDS 2er Pack Herren Boxershorts Unterw\u00e4sche Unterhose XS-L"},"content":{"rendered":"<p><!-- show up to 2 reviews by default --> <\/p>\n<p>AWEIDS Herren Unterw\u00e4sche Low Waist Unterhosen M\u00e4nner Reizw\u00e4sche Slips Ausbuchtung Sport Witzlos Unterhose L\u00fcftung Trunks Boxershorts X-Small-L <\/p>\n<p>2er Abschaum Herren Ausbuchtung Sport Witzlos Unterhose L\u00a8\u00b9ftung Trunks Boxershorts<br \/>\nTag S: Taille 25,98 &#8222;, Tag M: Taille 27,56&#8220;, Tag L: Taille 14,57 &#8222;, Tag XL: Taille 15,35&#8220;<br \/>\n90% Nylon, 10% Elasthan<br \/>\nModellnummer: UKWM2014PJ-Apfelsine\/Dark Green-S<br \/>\nLichtbild: atmungsaktiv, Gesundheitsvorsorge, Antitranspirant<br \/>\nQua Ausbuchtasche, durchbrochenem Mesh-Design, atmungsaktiv auch pl\u00e4sierlich zu st\u00fctzen<br \/>\nSpezielle Ingredienz von 10% hochelastischem Spandex macht die Unterhose einverstanden<br \/>\n<div class=\"main-cross-sell\" data-asin=\"B07BWB194Z\">\n\n\t<div class=\"WooZone-cross-sell-loader\">\n\t\t<div>\n\t\t\t<div id=\"floatingBarsG\">\n\t\t\t\t<div class=\"blockG\" id=\"rotateG_01\"><\/div>\n\t\t\t\t<div class=\"blockG\" id=\"rotateG_02\"><\/div>\n\t\t\t\t<div class=\"blockG\" id=\"rotateG_03\"><\/div>\n\t\t\t\t<div class=\"blockG\" id=\"rotateG_04\"><\/div>\n\t\t\t\t<div class=\"blockG\" id=\"rotateG_05\"><\/div>\n\t\t\t\t<div class=\"blockG\" id=\"rotateG_06\"><\/div>\n\t\t\t\t<div class=\"blockG\" id=\"rotateG_07\"><\/div>\n\t\t\t\t<div class=\"blockG\" id=\"rotateG_08\"><\/div>\n\t\t\t<\/div>\n\t\t\t<div class=\"WooZone-cross-sell-loader-text\"><\/div>\n\t\t<\/div>\n\t<\/div>\n\n\t\t\n<\/div>\n<div style=\"clear:both;\"><\/div><\/p>\n","protected":false},"excerpt":{"rendered":"<p>2er Pack Herren Ausbuchtung Sport Hohl Unterhose L\u00a8\u00b9ftung Trunks Boxershorts<br \/>\nTag S: Taille 25,98 &#8222;, Tag M: Taille 27,56&#8220;, Tag L: Taille 14,57 &#8222;, Tag XL: Taille 15,35&#8220;<br \/>\n90% Nylon, 10% Elasthan<\/p>\n","protected":false},"featured_media":12173,"comment_status":"open","ping_status":"closed","template":"","meta":[],"product_cat":[118,1082],"product_tag":[],"yoast_head":"<!-- This site is optimized with the Yoast SEO plugin v20.6 - https:\/\/yoast.com\/wordpress\/plugins\/seo\/ -->\n<title>AWEIDS 2er Pack Herren Boxershorts Unterw\u00e4sche Unterhose XS-L - FamilienMode<\/title>\n<meta name=\"robots\" content=\"index, follow, max-snippet:-1, max-image-preview:large, max-video-preview:-1\" \/>\n<link rel=\"canonical\" href=\"https:\/\/bekleidungscenter.com\/?product=aweids-2er-pack-herren-boxershorts-unterwaesche-unterhose-xs-l\" \/>\n<meta property=\"og:locale\" content=\"de_DE\" \/>\n<meta property=\"og:type\" content=\"article\" \/>\n<meta property=\"og:title\" content=\"AWEIDS 2er Pack Herren Boxershorts Unterw\u00e4sche Unterhose XS-L - FamilienMode\" \/>\n<meta property=\"og:description\" content=\"2er Pack Herren Ausbuchtung Sport Hohl Unterhose L\u00a8\u00b9ftung Trunks Boxershorts Tag S: Taille 25,98 &quot;, Tag M: Taille 27,56&quot;, Tag L: Taille 14,57 &quot;, Tag XL: Taille 15,35&quot; 90% Nylon, 10% Elasthan\" \/>\n<meta property=\"og:url\" content=\"https:\/\/bekleidungscenter.com\/?product=aweids-2er-pack-herren-boxershorts-unterwaesche-unterhose-xs-l\" \/>\n<meta property=\"og:site_name\" content=\"FamilienMode\" \/>\n<meta property=\"article:modified_time\" content=\"2023-04-07T22:29:07+00:00\" \/>\n<meta property=\"og:image\" content=\"https:\/\/images-na.ssl-images-amazon.com\/images\/I\/51jf9lcO%2BtL.jpg\" \/>\n\t<meta property=\"og:image:width\" content=\"500\" \/>\n\t<meta property=\"og:image:height\" content=\"500\" \/>\n\t<meta property=\"og:image:type\" content=\"image\/jpeg\" \/>\n<meta name=\"twitter:card\" content=\"summary_large_image\" \/>\n<script type=\"application\/ld+json\" class=\"yoast-schema-graph\">{\"@context\":\"https:\/\/schema.org\",\"@graph\":[{\"@type\":\"WebPage\",\"@id\":\"https:\/\/bekleidungscenter.com\/?product=aweids-2er-pack-herren-boxershorts-unterwaesche-unterhose-xs-l\",\"url\":\"https:\/\/bekleidungscenter.com\/?product=aweids-2er-pack-herren-boxershorts-unterwaesche-unterhose-xs-l\",\"name\":\"AWEIDS 2er Pack Herren Boxershorts Unterw\u00e4sche Unterhose XS-L - FamilienMode\",\"isPartOf\":{\"@id\":\"https:\/\/bekleidungscenter.com\/#website\"},\"datePublished\":\"2021-01-04T05:55:37+00:00\",\"dateModified\":\"2023-04-07T22:29:07+00:00\",\"breadcrumb\":{\"@id\":\"https:\/\/bekleidungscenter.com\/?product=aweids-2er-pack-herren-boxershorts-unterwaesche-unterhose-xs-l#breadcrumb\"},\"inLanguage\":\"de\",\"potentialAction\":[{\"@type\":\"ReadAction\",\"target\":[\"https:\/\/bekleidungscenter.com\/?product=aweids-2er-pack-herren-boxershorts-unterwaesche-unterhose-xs-l\"]}]},{\"@type\":\"BreadcrumbList\",\"@id\":\"https:\/\/bekleidungscenter.com\/?product=aweids-2er-pack-herren-boxershorts-unterwaesche-unterhose-xs-l#breadcrumb\",\"itemListElement\":[{\"@type\":\"ListItem\",\"position\":1,\"name\":\"Home\",\"item\":\"https:\/\/bekleidungscenter.com\/\"},{\"@type\":\"ListItem\",\"position\":2,\"name\":\"Shop\",\"item\":\"https:\/\/bekleidungscenter.com\/?page_id=7\"},{\"@type\":\"ListItem\",\"position\":3,\"name\":\"AWEIDS 2er Pack Herren Boxershorts Unterw\u00e4sche Unterhose XS-L\"}]},{\"@type\":\"WebSite\",\"@id\":\"https:\/\/bekleidungscenter.com\/#website\",\"url\":\"https:\/\/bekleidungscenter.com\/\",\"name\":\"FamilienMode\",\"description\":\"Alles f\u00fcr die ganze Familie\",\"potentialAction\":[{\"@type\":\"SearchAction\",\"target\":{\"@type\":\"EntryPoint\",\"urlTemplate\":\"https:\/\/bekleidungscenter.com\/?s={search_term_string}\"},\"query-input\":\"required name=search_term_string\"}],\"inLanguage\":\"de\"}]}<\/script>\n<!-- \/ Yoast SEO plugin. -->","yoast_head_json":{"title":"AWEIDS 2er Pack Herren Boxershorts Unterw\u00e4sche Unterhose XS-L - FamilienMode","robots":{"index":"index","follow":"follow","max-snippet":"max-snippet:-1","max-image-preview":"max-image-preview:large","max-video-preview":"max-video-preview:-1"},"canonical":"https:\/\/bekleidungscenter.com\/?product=aweids-2er-pack-herren-boxershorts-unterwaesche-unterhose-xs-l","og_locale":"de_DE","og_type":"article","og_title":"AWEIDS 2er Pack Herren Boxershorts Unterw\u00e4sche Unterhose XS-L - FamilienMode","og_description":"2er Pack Herren Ausbuchtung Sport Hohl Unterhose L\u00a8\u00b9ftung Trunks Boxershorts Tag S: Taille 25,98 \", Tag M: Taille 27,56\", Tag L: Taille 14,57 \", Tag XL: Taille 15,35\" 90% Nylon, 10% Elasthan","og_url":"https:\/\/bekleidungscenter.com\/?product=aweids-2er-pack-herren-boxershorts-unterwaesche-unterhose-xs-l","og_site_name":"FamilienMode","article_modified_time":"2023-04-07T22:29:07+00:00","og_image":[{"width":500,"height":500,"url":"https:\/\/images-na.ssl-images-amazon.com\/images\/I\/51jf9lcO%2BtL.jpg","type":"image\/jpeg"}],"twitter_card":"summary_large_image","schema":{"@context":"https:\/\/schema.org","@graph":[{"@type":"WebPage","@id":"https:\/\/bekleidungscenter.com\/?product=aweids-2er-pack-herren-boxershorts-unterwaesche-unterhose-xs-l","url":"https:\/\/bekleidungscenter.com\/?product=aweids-2er-pack-herren-boxershorts-unterwaesche-unterhose-xs-l","name":"AWEIDS 2er Pack Herren Boxershorts Unterw\u00e4sche Unterhose XS-L - FamilienMode","isPartOf":{"@id":"https:\/\/bekleidungscenter.com\/#website"},"datePublished":"2021-01-04T05:55:37+00:00","dateModified":"2023-04-07T22:29:07+00:00","breadcrumb":{"@id":"https:\/\/bekleidungscenter.com\/?product=aweids-2er-pack-herren-boxershorts-unterwaesche-unterhose-xs-l#breadcrumb"},"inLanguage":"de","potentialAction":[{"@type":"ReadAction","target":["https:\/\/bekleidungscenter.com\/?product=aweids-2er-pack-herren-boxershorts-unterwaesche-unterhose-xs-l"]}]},{"@type":"BreadcrumbList","@id":"https:\/\/bekleidungscenter.com\/?product=aweids-2er-pack-herren-boxershorts-unterwaesche-unterhose-xs-l#breadcrumb","itemListElement":[{"@type":"ListItem","position":1,"name":"Home","item":"https:\/\/bekleidungscenter.com\/"},{"@type":"ListItem","position":2,"name":"Shop","item":"https:\/\/bekleidungscenter.com\/?page_id=7"},{"@type":"ListItem","position":3,"name":"AWEIDS 2er Pack Herren Boxershorts Unterw\u00e4sche Unterhose XS-L"}]},{"@type":"WebSite","@id":"https:\/\/bekleidungscenter.com\/#website","url":"https:\/\/bekleidungscenter.com\/","name":"FamilienMode","description":"Alles f\u00fcr die ganze Familie","potentialAction":[{"@type":"SearchAction","target":{"@type":"EntryPoint","urlTemplate":"https:\/\/bekleidungscenter.com\/?s={search_term_string}"},"query-input":"required name=search_term_string"}],"inLanguage":"de"}]}},"_links":{"self":[{"href":"https:\/\/bekleidungscenter.com\/index.php?rest_route=\/wp\/v2\/product\/12172"}],"collection":[{"href":"https:\/\/bekleidungscenter.com\/index.php?rest_route=\/wp\/v2\/product"}],"about":[{"href":"https:\/\/bekleidungscenter.com\/index.php?rest_route=\/wp\/v2\/types\/product"}],"replies":[{"embeddable":true,"href":"https:\/\/bekleidungscenter.com\/index.php?rest_route=%2Fwp%2Fv2%2Fcomments&post=12172"}],"wp:featuredmedia":[{"embeddable":true,"href":"https:\/\/bekleidungscenter.com\/index.php?rest_route=\/wp\/v2\/media\/12173"}],"wp:attachment":[{"href":"https:\/\/bekleidungscenter.com\/index.php?rest_route=%2Fwp%2Fv2%2Fmedia&parent=12172"}],"wp:term":[{"taxonomy":"product_cat","embeddable":true,"href":"https:\/\/bekleidungscenter.com\/index.php?rest_route=%2Fwp%2Fv2%2Fproduct_cat&post=12172"},{"taxonomy":"product_tag","embeddable":true,"href":"https:\/\/bekleidungscenter.com\/index.php?rest_route=%2Fwp%2Fv2%2Fproduct_tag&post=12172"}],"curies":[{"name":"wp","href":"https:\/\/api.w.org\/{rel}","templated":true}]}}