{"id":12286,"date":"2021-01-04T06:00:19","date_gmt":"2021-01-04T06:00:19","guid":{"rendered":"http:\/\/bekleidungscenter.com\/?product=twifer-damen-buchstaben-langarmshirt-hoodie-crop-pullover-tops-sweater-sweatshirt"},"modified":"2023-04-10T22:49:50","modified_gmt":"2023-04-10T22:49:50","slug":"twifer-damen-buchstaben-langarmshirt-hoodie-crop-pullover-tops-sweater-sweatshirt","status":"publish","type":"product","link":"https:\/\/bekleidungscenter.com\/?product=twifer-damen-buchstaben-langarmshirt-hoodie-crop-pullover-tops-sweater-sweatshirt","title":{"rendered":"TWIFER Damen Buchstaben Langarmshirt Hoodie Crop Pullover Tops Sweater Sweatshirt"},"content":{"rendered":"<p><!-- show up to 2 reviews by default --> <\/p>\n<p>Jahreszeit: Herbst, Winter,Fr\u00fchling <br \/>Geschlecht: Frauen, M\u00e4dchen <br \/>Gelegenheit: T\u00e4glich, Gelegenheitsspiele <br \/>Stil: Casual, Party, Sport, <br \/>\u00c4rmell\u00e4nge: Langarm <br \/>Passform: Passend f\u00fcr Gr\u00f6\u00dfe <br \/>Dicke: Standard <br \/>Wie zu Geschirr sp\u00fclen: Handw\u00e4sche kalt, h\u00e4ngen oder Line Dry <\/p>\n<p>TWIFER ist bereit, f\u00fcr jeden Kunden einen zufriedenstellenden Service zu bieten. Wir haben freie Gew\u00e4hrleistung der Qualit\u00e4t und der richtigen Gr\u00f6\u00dfe. Wir bieten freie R\u00fcckkehr und Austausch an. Wenn Sie Fragen haben, lassen Sie es uns bitte wissen.Wir geben Ihnen eine richtige Auftrennung in 24 Stunden. <\/p>\n<p> Freundliche Anmerkungen: <br \/> Die Farbe im Guss ist nichtsdestotrotz Referenz. Es gibt einen kleinen Missverh\u00e4ltnis mit authentischen Artikeln wegen der Beschr\u00e4nkung von Fotoausr\u00fcstung, anderen Bildschirm und Licht. Hoffe du kannst verstehen. <\/p>\n<p>\u2740Exquisite Vollziehung, Mode-Design, Sexy Charming 2018 Herbst Neue Pullover, Modellieren Sie Ihren pers\u00f6nlichen Charme und bequemer zu versteifen.F\u00fcr mehr neue Mode Damen BeKleidung, klicken Sie bitte oben auf &#8222;TWIFER&#8220; oder weiden Sie &#8222;TWIFER Damen&#8220;<br \/>\nhoodie damen spitze comic ananas motocross print element riesen vintage t\u00fcrkis jumpsuit oversize wei\u00df hoody kaputzen lang xl jacken long 2019 kapuzenjacke drachen rot herren xxxl 34 damen weiss hoodie head hoody lang palace ultimate rosa weinrot beige short kleid schwarz outdoor shisha zipper hoodies jacke \u00e4rmellos orange hasen irland langarm ripped kleider f\u00fcr kurzarm damen grau hoody pink hamburtwiferoodie green kapuze kurzarm lila 2019<br \/>\nKragenform: Mit Kapuze<br \/>\nLangarm<br \/>\n85% Polyester, 15% Elasthan<br \/>\nPflegehinweis: Machine washable\/Handw\u00e4sche\/Nicht bleichen\/Leitung trocken<br \/>\ntop pieces camouflage vintage 70er jahre schlaghose gold bench banned beige modern surfer wasserdichte curry sternen schwarze bekleidung damen red bull pilates hiphop sexy pink modern baden pastell motorrad sterne festlich weiss downhill set t-shirt festliche f\u00fcr rock 42 44 52 56 cool bekleidung petrol rosa dance orange hochzeit pullover designer someday blumen wakeboard downhill moderne unterw\u00e4sche<br \/>\nabgemagert schwarz sweatshirt bikini oversize schwarzer kinder m\u00e4nner slim gelb basic einfarbig lange closed twifer hoody jugendliche bud spencer langer m\u00e4dchen one piece kapuzenpullover damen bauchfrei blumen kurzarm \u00f6ko herren schwarze bestop feuerwehr kangaroos dunkelblau sweatshirt reiten rockabilly find wei\u00dfer coole xl kinder rot hellblau slim locker orange f\u00fcr assassin cropped 92 146 152 kapuzenpullover<br \/>\nindianer jungen rey elf prostituierte domina 70 80 90 obelix kost\u00fcm herren soldaten rapper hut sexy schulmaedchen damen fett punk lucky luke klonkrieger boxenluder leprechaun leia dalmatiner teletubbies erwachsene sam iah zahnfee papst dompteur kinder reiter elvis sturmtruppen flintstones hai kuh ia elfen saw tier dance cat donald duck huckepack 60 herren kuh kost\u00fcm damen polizistin freiheitsstatue bibi gasmaske gondoliere rorschach shrek<br \/>\n<div class=\"main-cross-sell\" data-asin=\"B07GL145KY\">\n\n\t<div class=\"WooZone-cross-sell-loader\">\n\t\t<div>\n\t\t\t<div id=\"floatingBarsG\">\n\t\t\t\t<div class=\"blockG\" id=\"rotateG_01\"><\/div>\n\t\t\t\t<div class=\"blockG\" id=\"rotateG_02\"><\/div>\n\t\t\t\t<div class=\"blockG\" id=\"rotateG_03\"><\/div>\n\t\t\t\t<div class=\"blockG\" id=\"rotateG_04\"><\/div>\n\t\t\t\t<div class=\"blockG\" id=\"rotateG_05\"><\/div>\n\t\t\t\t<div class=\"blockG\" id=\"rotateG_06\"><\/div>\n\t\t\t\t<div class=\"blockG\" id=\"rotateG_07\"><\/div>\n\t\t\t\t<div class=\"blockG\" id=\"rotateG_08\"><\/div>\n\t\t\t<\/div>\n\t\t\t<div class=\"WooZone-cross-sell-loader-text\"><\/div>\n\t\t<\/div>\n\t<\/div>\n\n\t\t\n<\/div>\n<div style=\"clear:both;\"><\/div><\/p>\n","protected":false},"excerpt":{"rendered":"<p>\u2740Exquisite Verarbeitung, Mode-Design, Sexy Charming 2018 Herbst Neue Pullover, Zeigen Sie Ihren pers\u00f6nlichen Charme und bequemer zu tragen.F\u00fcr mehr neue Mode Damen BeKleidung, klicken Sie bitte oben auf &#8222;TWIFER&#8220; oder suchen Sie &#8222;TWIFER Damen&#8220;<br \/>\nhoodie damen spitze comic ananas motocross print element riesen vintage t\u00fcrkis jumpsuit oversize wei\u00df hoody kaputzen lang xl jacken long 2019 kapuzenjacke drachen rot herren xxxl 34 damen weiss hoodie head hoody lang palace ultimate rosa weinrot beige short kleid schwarz outdoor shisha zipper hoodies jacke \u00e4rmellos orange hasen irland langarm ripped kleider f\u00fcr kurzarm damen grau hoody pink hamburtwiferoodie green kapuze kurzarm lila 2019<br \/>\nKragenform: Mit Kapuze<\/p>\n","protected":false},"featured_media":12288,"comment_status":"open","ping_status":"closed","template":"","meta":[],"product_cat":[1078,132],"product_tag":[],"yoast_head":"<!-- This site is optimized with the Yoast SEO plugin v20.6 - https:\/\/yoast.com\/wordpress\/plugins\/seo\/ -->\n<title>TWIFER Damen Buchstaben Langarmshirt Hoodie Crop Pullover Tops Sweater Sweatshirt - FamilienMode<\/title>\n<meta name=\"robots\" content=\"index, follow, max-snippet:-1, max-image-preview:large, max-video-preview:-1\" \/>\n<link rel=\"canonical\" href=\"https:\/\/bekleidungscenter.com\/?product=twifer-damen-buchstaben-langarmshirt-hoodie-crop-pullover-tops-sweater-sweatshirt\" \/>\n<meta property=\"og:locale\" content=\"de_DE\" \/>\n<meta property=\"og:type\" content=\"article\" \/>\n<meta property=\"og:title\" content=\"TWIFER Damen Buchstaben Langarmshirt Hoodie Crop Pullover Tops Sweater Sweatshirt - FamilienMode\" \/>\n<meta property=\"og:description\" content=\"\u2740Exquisite Verarbeitung, Mode-Design, Sexy Charming 2018 Herbst Neue Pullover, Zeigen Sie Ihren pers\u00f6nlichen Charme und bequemer zu tragen.F\u00fcr mehr neue Mode Damen BeKleidung, klicken Sie bitte oben auf &quot;TWIFER&quot; oder suchen Sie &quot;TWIFER Damen&quot; hoodie damen spitze comic ananas motocross print element riesen vintage t\u00fcrkis jumpsuit oversize wei\u00df hoody kaputzen lang xl jacken long 2019 kapuzenjacke drachen rot herren xxxl 34 damen weiss hoodie head hoody lang palace ultimate rosa weinrot beige short kleid schwarz outdoor shisha zipper hoodies jacke \u00e4rmellos orange hasen irland langarm ripped kleider f\u00fcr kurzarm damen grau hoody pink hamburtwiferoodie green kapuze kurzarm lila 2019 Kragenform: Mit Kapuze\" \/>\n<meta property=\"og:url\" content=\"https:\/\/bekleidungscenter.com\/?product=twifer-damen-buchstaben-langarmshirt-hoodie-crop-pullover-tops-sweater-sweatshirt\" \/>\n<meta property=\"og:site_name\" content=\"FamilienMode\" \/>\n<meta property=\"article:modified_time\" content=\"2023-04-10T22:49:50+00:00\" \/>\n<meta property=\"og:image\" content=\"https:\/\/images-na.ssl-images-amazon.com\/images\/I\/41sijJPuOVL.jpg\" \/>\n\t<meta property=\"og:image:width\" content=\"500\" \/>\n\t<meta property=\"og:image:height\" content=\"500\" \/>\n\t<meta property=\"og:image:type\" content=\"image\/jpeg\" \/>\n<meta name=\"twitter:card\" content=\"summary_large_image\" \/>\n<meta name=\"twitter:label1\" content=\"Gesch\u00e4tzte Lesezeit\" \/>\n\t<meta name=\"twitter:data1\" content=\"2\u00a0Minuten\" \/>\n<script type=\"application\/ld+json\" class=\"yoast-schema-graph\">{\"@context\":\"https:\/\/schema.org\",\"@graph\":[{\"@type\":\"WebPage\",\"@id\":\"https:\/\/bekleidungscenter.com\/?product=twifer-damen-buchstaben-langarmshirt-hoodie-crop-pullover-tops-sweater-sweatshirt\",\"url\":\"https:\/\/bekleidungscenter.com\/?product=twifer-damen-buchstaben-langarmshirt-hoodie-crop-pullover-tops-sweater-sweatshirt\",\"name\":\"TWIFER Damen Buchstaben Langarmshirt Hoodie Crop Pullover Tops Sweater Sweatshirt - FamilienMode\",\"isPartOf\":{\"@id\":\"https:\/\/bekleidungscenter.com\/#website\"},\"datePublished\":\"2021-01-04T06:00:19+00:00\",\"dateModified\":\"2023-04-10T22:49:50+00:00\",\"breadcrumb\":{\"@id\":\"https:\/\/bekleidungscenter.com\/?product=twifer-damen-buchstaben-langarmshirt-hoodie-crop-pullover-tops-sweater-sweatshirt#breadcrumb\"},\"inLanguage\":\"de\",\"potentialAction\":[{\"@type\":\"ReadAction\",\"target\":[\"https:\/\/bekleidungscenter.com\/?product=twifer-damen-buchstaben-langarmshirt-hoodie-crop-pullover-tops-sweater-sweatshirt\"]}]},{\"@type\":\"BreadcrumbList\",\"@id\":\"https:\/\/bekleidungscenter.com\/?product=twifer-damen-buchstaben-langarmshirt-hoodie-crop-pullover-tops-sweater-sweatshirt#breadcrumb\",\"itemListElement\":[{\"@type\":\"ListItem\",\"position\":1,\"name\":\"Home\",\"item\":\"https:\/\/bekleidungscenter.com\/\"},{\"@type\":\"ListItem\",\"position\":2,\"name\":\"Shop\",\"item\":\"https:\/\/bekleidungscenter.com\/?page_id=7\"},{\"@type\":\"ListItem\",\"position\":3,\"name\":\"TWIFER Damen Buchstaben Langarmshirt Hoodie Crop Pullover Tops Sweater Sweatshirt\"}]},{\"@type\":\"WebSite\",\"@id\":\"https:\/\/bekleidungscenter.com\/#website\",\"url\":\"https:\/\/bekleidungscenter.com\/\",\"name\":\"FamilienMode\",\"description\":\"Alles f\u00fcr die ganze Familie\",\"potentialAction\":[{\"@type\":\"SearchAction\",\"target\":{\"@type\":\"EntryPoint\",\"urlTemplate\":\"https:\/\/bekleidungscenter.com\/?s={search_term_string}\"},\"query-input\":\"required name=search_term_string\"}],\"inLanguage\":\"de\"}]}<\/script>\n<!-- \/ Yoast SEO plugin. -->","yoast_head_json":{"title":"TWIFER Damen Buchstaben Langarmshirt Hoodie Crop Pullover Tops Sweater Sweatshirt - FamilienMode","robots":{"index":"index","follow":"follow","max-snippet":"max-snippet:-1","max-image-preview":"max-image-preview:large","max-video-preview":"max-video-preview:-1"},"canonical":"https:\/\/bekleidungscenter.com\/?product=twifer-damen-buchstaben-langarmshirt-hoodie-crop-pullover-tops-sweater-sweatshirt","og_locale":"de_DE","og_type":"article","og_title":"TWIFER Damen Buchstaben Langarmshirt Hoodie Crop Pullover Tops Sweater Sweatshirt - FamilienMode","og_description":"\u2740Exquisite Verarbeitung, Mode-Design, Sexy Charming 2018 Herbst Neue Pullover, Zeigen Sie Ihren pers\u00f6nlichen Charme und bequemer zu tragen.F\u00fcr mehr neue Mode Damen BeKleidung, klicken Sie bitte oben auf \"TWIFER\" oder suchen Sie \"TWIFER Damen\" hoodie damen spitze comic ananas motocross print element riesen vintage t\u00fcrkis jumpsuit oversize wei\u00df hoody kaputzen lang xl jacken long 2019 kapuzenjacke drachen rot herren xxxl 34 damen weiss hoodie head hoody lang palace ultimate rosa weinrot beige short kleid schwarz outdoor shisha zipper hoodies jacke \u00e4rmellos orange hasen irland langarm ripped kleider f\u00fcr kurzarm damen grau hoody pink hamburtwiferoodie green kapuze kurzarm lila 2019 Kragenform: Mit Kapuze","og_url":"https:\/\/bekleidungscenter.com\/?product=twifer-damen-buchstaben-langarmshirt-hoodie-crop-pullover-tops-sweater-sweatshirt","og_site_name":"FamilienMode","article_modified_time":"2023-04-10T22:49:50+00:00","og_image":[{"width":500,"height":500,"url":"https:\/\/images-na.ssl-images-amazon.com\/images\/I\/41sijJPuOVL.jpg","type":"image\/jpeg"}],"twitter_card":"summary_large_image","twitter_misc":{"Gesch\u00e4tzte Lesezeit":"2\u00a0Minuten"},"schema":{"@context":"https:\/\/schema.org","@graph":[{"@type":"WebPage","@id":"https:\/\/bekleidungscenter.com\/?product=twifer-damen-buchstaben-langarmshirt-hoodie-crop-pullover-tops-sweater-sweatshirt","url":"https:\/\/bekleidungscenter.com\/?product=twifer-damen-buchstaben-langarmshirt-hoodie-crop-pullover-tops-sweater-sweatshirt","name":"TWIFER Damen Buchstaben Langarmshirt Hoodie Crop Pullover Tops Sweater Sweatshirt - FamilienMode","isPartOf":{"@id":"https:\/\/bekleidungscenter.com\/#website"},"datePublished":"2021-01-04T06:00:19+00:00","dateModified":"2023-04-10T22:49:50+00:00","breadcrumb":{"@id":"https:\/\/bekleidungscenter.com\/?product=twifer-damen-buchstaben-langarmshirt-hoodie-crop-pullover-tops-sweater-sweatshirt#breadcrumb"},"inLanguage":"de","potentialAction":[{"@type":"ReadAction","target":["https:\/\/bekleidungscenter.com\/?product=twifer-damen-buchstaben-langarmshirt-hoodie-crop-pullover-tops-sweater-sweatshirt"]}]},{"@type":"BreadcrumbList","@id":"https:\/\/bekleidungscenter.com\/?product=twifer-damen-buchstaben-langarmshirt-hoodie-crop-pullover-tops-sweater-sweatshirt#breadcrumb","itemListElement":[{"@type":"ListItem","position":1,"name":"Home","item":"https:\/\/bekleidungscenter.com\/"},{"@type":"ListItem","position":2,"name":"Shop","item":"https:\/\/bekleidungscenter.com\/?page_id=7"},{"@type":"ListItem","position":3,"name":"TWIFER Damen Buchstaben Langarmshirt Hoodie Crop Pullover Tops Sweater Sweatshirt"}]},{"@type":"WebSite","@id":"https:\/\/bekleidungscenter.com\/#website","url":"https:\/\/bekleidungscenter.com\/","name":"FamilienMode","description":"Alles f\u00fcr die ganze Familie","potentialAction":[{"@type":"SearchAction","target":{"@type":"EntryPoint","urlTemplate":"https:\/\/bekleidungscenter.com\/?s={search_term_string}"},"query-input":"required name=search_term_string"}],"inLanguage":"de"}]}},"_links":{"self":[{"href":"https:\/\/bekleidungscenter.com\/index.php?rest_route=\/wp\/v2\/product\/12286"}],"collection":[{"href":"https:\/\/bekleidungscenter.com\/index.php?rest_route=\/wp\/v2\/product"}],"about":[{"href":"https:\/\/bekleidungscenter.com\/index.php?rest_route=\/wp\/v2\/types\/product"}],"replies":[{"embeddable":true,"href":"https:\/\/bekleidungscenter.com\/index.php?rest_route=%2Fwp%2Fv2%2Fcomments&post=12286"}],"wp:featuredmedia":[{"embeddable":true,"href":"https:\/\/bekleidungscenter.com\/index.php?rest_route=\/wp\/v2\/media\/12288"}],"wp:attachment":[{"href":"https:\/\/bekleidungscenter.com\/index.php?rest_route=%2Fwp%2Fv2%2Fmedia&parent=12286"}],"wp:term":[{"taxonomy":"product_cat","embeddable":true,"href":"https:\/\/bekleidungscenter.com\/index.php?rest_route=%2Fwp%2Fv2%2Fproduct_cat&post=12286"},{"taxonomy":"product_tag","embeddable":true,"href":"https:\/\/bekleidungscenter.com\/index.php?rest_route=%2Fwp%2Fv2%2Fproduct_tag&post=12286"}],"curies":[{"name":"wp","href":"https:\/\/api.w.org\/{rel}","templated":true}]}}