{"id":12562,"date":"2021-01-04T06:11:42","date_gmt":"2021-01-04T06:11:42","guid":{"rendered":"http:\/\/bekleidungscenter.com\/?product=hffan-damen-maedchen-streetwear-pullover-langarm-schwarz-mode-shirts-niedlich-ananas-sternenhimmel-muster-blusen-basic-taeglich-freizeit-casual-sweatshirts-lose-passen-tops"},"modified":"2023-04-10T22:49:54","modified_gmt":"2023-04-10T22:49:54","slug":"hffan-damen-maedchen-streetwear-pullover-langarm-schwarz-mode-shirts-niedlich-ananas-sternenhimmel-muster-blusen-basic-taeglich-freizeit-casual-sweatshirts-lose-passen-tops","status":"publish","type":"product","link":"https:\/\/bekleidungscenter.com\/?product=hffan-damen-maedchen-streetwear-pullover-langarm-schwarz-mode-shirts-niedlich-ananas-sternenhimmel-muster-blusen-basic-taeglich-freizeit-casual-sweatshirts-lose-passen-tops","title":{"rendered":"Hffan Damen M\u00e4dchen Streetwear Pullover Langarm Schwarz Mode Shirts Niedlich Ananas Sternenhimmel Muster Blusen Basic\u2026"},"content":{"rendered":"<p><!-- show up to 2 reviews by default --> <\/p>\n<p><b>Produktbeschreibung:<\/b> <br \/><b>Dieses l\u00e4ssige Shirt verf\u00fcgt \u00fcber einen sexy V-Abschnitt mit langen \u00c4rmeln und Ananas-Print-Design. Es ist sehr cool und modisch, drau\u00dfen zu st\u00fctzen, speziell f\u00fcr das Summertime Beach Musical Festival. Am besten abstrahieren Sie es mit Shorts und Gladiator Sandalen.<\/b> <br \/> Jahreszeit: Sommer <br \/> Abstammung: Frau <br \/> Gelegenheit: T\u00e4glich, Gelegenheitsspiele <br \/> Material: Polyester <br \/> Mustertyp: Fest <br \/> Stil: L\u00e4ssig <br \/> \u00c4rmell\u00e4nge: Langarm <br \/> Kragen: V-Abschnitt <br \/> Passform: Qualifiziert f\u00fcr Gr\u00f6\u00dfe <br \/> Dicke: Standard <br \/> Wie zu sp\u00fclen: Handw\u00e4sche kalt, h\u00e4ngen oder Line Dry <br \/> Was du bekommst: 1 X Shirt <\/p>\n<p>Bitte votieren Sie die passende Gr\u00f6\u00dfe von unseren Gr\u00f6\u00dfentabellen als Abbildung auf der \u00fcbers Ohr hauen Seite vor dem Einkauf.<br \/>\nSexy Hollow Design&#8212;-Cute Ananas Sternenhimmel Dekoration&#8212;-Mode und Interessant&#8212;-Schwarzes Shirt f\u00fcr Damen und M\u00e4dchen&#8212;-Bequem Atmungsaktiv Material<br \/>\nLangarm<br \/>\nPolyester<br \/>\nWas du bekommst: 1 X Shirt&#8220;&#8211;\u00c4rmell\u00e4nge: Langarm&#8211;Stil:Freizeit T\u00e4glich&#8211;Abstammung:Damen<br \/>\nkariertes schwarz t shirt voll gef\u00fcttert comfort lauren t-hemd kragen rot boss rotes slim jack wolfskin beige oberteile damen oberteile frauen damen oberteile oberteil off shoulder schwarz sexy bauchfreie oberteile festliche oberteile damen sommerblusen satinbluse mit stehkragen karobluse schlupfbluse njacke blusen kurzarm blusentop damen hemd gestreifte bluse wei\u00dfe bluse damen hellblaue bluse hemdbluse damen elegante blusen f\u00fcr festliche<br \/>\n\u00fcbergr\u00f6\u00dfen l\u00e4ngeres shirt f\u00fcr dr\u00fcber und drunter tanktop pro cool v ausschnitt damen top spitzen oberteil casual tunika langarm shirt bluse frauen party bustier schulterfrei bauchfrei crop tops sommer oberteile weste print modische oversize v ausschnitt sternen basic longshirt baumwollshorts schwarzes spitze stretch gestreiftes wei\u00dfes rundhals top und bunte g\u00fcnstig streifen schlitz an der seite kragen baumwolle xxl rotes poloshirt wei\u00dfe<br \/>\n<div class=\"main-cross-sell\" data-asin=\"B07FSP47ZD\">\n\n\t<div class=\"WooZone-cross-sell-loader\">\n\t\t<div>\n\t\t\t<div id=\"floatingBarsG\">\n\t\t\t\t<div class=\"blockG\" id=\"rotateG_01\"><\/div>\n\t\t\t\t<div class=\"blockG\" id=\"rotateG_02\"><\/div>\n\t\t\t\t<div class=\"blockG\" id=\"rotateG_03\"><\/div>\n\t\t\t\t<div class=\"blockG\" id=\"rotateG_04\"><\/div>\n\t\t\t\t<div class=\"blockG\" id=\"rotateG_05\"><\/div>\n\t\t\t\t<div class=\"blockG\" id=\"rotateG_06\"><\/div>\n\t\t\t\t<div class=\"blockG\" id=\"rotateG_07\"><\/div>\n\t\t\t\t<div class=\"blockG\" id=\"rotateG_08\"><\/div>\n\t\t\t<\/div>\n\t\t\t<div class=\"WooZone-cross-sell-loader-text\"><\/div>\n\t\t<\/div>\n\t<\/div>\n\n\t\t\n<\/div>\n<div style=\"clear:both;\"><\/div><\/p>\n","protected":false},"excerpt":{"rendered":"<p>Bitte w\u00e4hlen Sie die passende Gr\u00f6\u00dfe von unseren Gr\u00f6\u00dfentabellen als Bild auf der linken Seite vor dem Einkauf.<br \/>\nSexy Hollow Design&#8212;-Cute Ananas Sternenhimmel Dekoration&#8212;-Mode und Interessant&#8212;-Schwarzes Shirt f\u00fcr Damen und M\u00e4dchen&#8212;-Bequem Atmungsaktiv Material<br \/>\nLangarm<\/p>\n","protected":false},"featured_media":12565,"comment_status":"open","ping_status":"closed","template":"","meta":[],"product_cat":[1078,132],"product_tag":[],"yoast_head":"<!-- This site is optimized with the Yoast SEO plugin v20.6 - https:\/\/yoast.com\/wordpress\/plugins\/seo\/ -->\n<title>Hffan Damen M\u00e4dchen Streetwear Pullover Langarm Schwarz Mode Shirts Niedlich Ananas Sternenhimmel Muster Blusen Basic\u2026 - FamilienMode<\/title>\n<meta name=\"robots\" content=\"index, follow, max-snippet:-1, max-image-preview:large, max-video-preview:-1\" \/>\n<link rel=\"canonical\" href=\"https:\/\/bekleidungscenter.com\/?product=hffan-damen-maedchen-streetwear-pullover-langarm-schwarz-mode-shirts-niedlich-ananas-sternenhimmel-muster-blusen-basic-taeglich-freizeit-casual-sweatshirts-lose-passen-tops\" \/>\n<meta property=\"og:locale\" content=\"de_DE\" \/>\n<meta property=\"og:type\" content=\"article\" \/>\n<meta property=\"og:title\" content=\"Hffan Damen M\u00e4dchen Streetwear Pullover Langarm Schwarz Mode Shirts Niedlich Ananas Sternenhimmel Muster Blusen Basic\u2026 - FamilienMode\" \/>\n<meta property=\"og:description\" content=\"Bitte w\u00e4hlen Sie die passende Gr\u00f6\u00dfe von unseren Gr\u00f6\u00dfentabellen als Bild auf der linken Seite vor dem Einkauf. Sexy Hollow Design----Cute Ananas Sternenhimmel Dekoration----Mode und Interessant----Schwarzes Shirt f\u00fcr Damen und M\u00e4dchen----Bequem Atmungsaktiv Material Langarm\" \/>\n<meta property=\"og:url\" content=\"https:\/\/bekleidungscenter.com\/?product=hffan-damen-maedchen-streetwear-pullover-langarm-schwarz-mode-shirts-niedlich-ananas-sternenhimmel-muster-blusen-basic-taeglich-freizeit-casual-sweatshirts-lose-passen-tops\" \/>\n<meta property=\"og:site_name\" content=\"FamilienMode\" \/>\n<meta property=\"article:modified_time\" content=\"2023-04-10T22:49:54+00:00\" \/>\n<meta property=\"og:image\" content=\"https:\/\/images-na.ssl-images-amazon.com\/images\/I\/4116GSGrv4L.jpg\" \/>\n\t<meta property=\"og:image:width\" content=\"500\" \/>\n\t<meta property=\"og:image:height\" content=\"500\" \/>\n\t<meta property=\"og:image:type\" content=\"image\/jpeg\" \/>\n<meta name=\"twitter:card\" content=\"summary_large_image\" \/>\n<meta name=\"twitter:label1\" content=\"Gesch\u00e4tzte Lesezeit\" \/>\n\t<meta name=\"twitter:data1\" content=\"1\u00a0Minute\" \/>\n<script type=\"application\/ld+json\" class=\"yoast-schema-graph\">{\"@context\":\"https:\/\/schema.org\",\"@graph\":[{\"@type\":\"WebPage\",\"@id\":\"https:\/\/bekleidungscenter.com\/?product=hffan-damen-maedchen-streetwear-pullover-langarm-schwarz-mode-shirts-niedlich-ananas-sternenhimmel-muster-blusen-basic-taeglich-freizeit-casual-sweatshirts-lose-passen-tops\",\"url\":\"https:\/\/bekleidungscenter.com\/?product=hffan-damen-maedchen-streetwear-pullover-langarm-schwarz-mode-shirts-niedlich-ananas-sternenhimmel-muster-blusen-basic-taeglich-freizeit-casual-sweatshirts-lose-passen-tops\",\"name\":\"Hffan Damen M\u00e4dchen Streetwear Pullover Langarm Schwarz Mode Shirts Niedlich Ananas Sternenhimmel Muster Blusen Basic\u2026 - FamilienMode\",\"isPartOf\":{\"@id\":\"https:\/\/bekleidungscenter.com\/#website\"},\"datePublished\":\"2021-01-04T06:11:42+00:00\",\"dateModified\":\"2023-04-10T22:49:54+00:00\",\"breadcrumb\":{\"@id\":\"https:\/\/bekleidungscenter.com\/?product=hffan-damen-maedchen-streetwear-pullover-langarm-schwarz-mode-shirts-niedlich-ananas-sternenhimmel-muster-blusen-basic-taeglich-freizeit-casual-sweatshirts-lose-passen-tops#breadcrumb\"},\"inLanguage\":\"de\",\"potentialAction\":[{\"@type\":\"ReadAction\",\"target\":[\"https:\/\/bekleidungscenter.com\/?product=hffan-damen-maedchen-streetwear-pullover-langarm-schwarz-mode-shirts-niedlich-ananas-sternenhimmel-muster-blusen-basic-taeglich-freizeit-casual-sweatshirts-lose-passen-tops\"]}]},{\"@type\":\"BreadcrumbList\",\"@id\":\"https:\/\/bekleidungscenter.com\/?product=hffan-damen-maedchen-streetwear-pullover-langarm-schwarz-mode-shirts-niedlich-ananas-sternenhimmel-muster-blusen-basic-taeglich-freizeit-casual-sweatshirts-lose-passen-tops#breadcrumb\",\"itemListElement\":[{\"@type\":\"ListItem\",\"position\":1,\"name\":\"Home\",\"item\":\"https:\/\/bekleidungscenter.com\/\"},{\"@type\":\"ListItem\",\"position\":2,\"name\":\"Shop\",\"item\":\"https:\/\/bekleidungscenter.com\/?page_id=7\"},{\"@type\":\"ListItem\",\"position\":3,\"name\":\"Hffan Damen M\u00e4dchen Streetwear Pullover Langarm Schwarz Mode Shirts Niedlich Ananas Sternenhimmel Muster Blusen Basic\u2026\"}]},{\"@type\":\"WebSite\",\"@id\":\"https:\/\/bekleidungscenter.com\/#website\",\"url\":\"https:\/\/bekleidungscenter.com\/\",\"name\":\"FamilienMode\",\"description\":\"Alles f\u00fcr die ganze Familie\",\"potentialAction\":[{\"@type\":\"SearchAction\",\"target\":{\"@type\":\"EntryPoint\",\"urlTemplate\":\"https:\/\/bekleidungscenter.com\/?s={search_term_string}\"},\"query-input\":\"required name=search_term_string\"}],\"inLanguage\":\"de\"}]}<\/script>\n<!-- \/ Yoast SEO plugin. -->","yoast_head_json":{"title":"Hffan Damen M\u00e4dchen Streetwear Pullover Langarm Schwarz Mode Shirts Niedlich Ananas Sternenhimmel Muster Blusen Basic\u2026 - FamilienMode","robots":{"index":"index","follow":"follow","max-snippet":"max-snippet:-1","max-image-preview":"max-image-preview:large","max-video-preview":"max-video-preview:-1"},"canonical":"https:\/\/bekleidungscenter.com\/?product=hffan-damen-maedchen-streetwear-pullover-langarm-schwarz-mode-shirts-niedlich-ananas-sternenhimmel-muster-blusen-basic-taeglich-freizeit-casual-sweatshirts-lose-passen-tops","og_locale":"de_DE","og_type":"article","og_title":"Hffan Damen M\u00e4dchen Streetwear Pullover Langarm Schwarz Mode Shirts Niedlich Ananas Sternenhimmel Muster Blusen Basic\u2026 - FamilienMode","og_description":"Bitte w\u00e4hlen Sie die passende Gr\u00f6\u00dfe von unseren Gr\u00f6\u00dfentabellen als Bild auf der linken Seite vor dem Einkauf. Sexy Hollow Design----Cute Ananas Sternenhimmel Dekoration----Mode und Interessant----Schwarzes Shirt f\u00fcr Damen und M\u00e4dchen----Bequem Atmungsaktiv Material Langarm","og_url":"https:\/\/bekleidungscenter.com\/?product=hffan-damen-maedchen-streetwear-pullover-langarm-schwarz-mode-shirts-niedlich-ananas-sternenhimmel-muster-blusen-basic-taeglich-freizeit-casual-sweatshirts-lose-passen-tops","og_site_name":"FamilienMode","article_modified_time":"2023-04-10T22:49:54+00:00","og_image":[{"width":500,"height":500,"url":"https:\/\/images-na.ssl-images-amazon.com\/images\/I\/4116GSGrv4L.jpg","type":"image\/jpeg"}],"twitter_card":"summary_large_image","twitter_misc":{"Gesch\u00e4tzte Lesezeit":"1\u00a0Minute"},"schema":{"@context":"https:\/\/schema.org","@graph":[{"@type":"WebPage","@id":"https:\/\/bekleidungscenter.com\/?product=hffan-damen-maedchen-streetwear-pullover-langarm-schwarz-mode-shirts-niedlich-ananas-sternenhimmel-muster-blusen-basic-taeglich-freizeit-casual-sweatshirts-lose-passen-tops","url":"https:\/\/bekleidungscenter.com\/?product=hffan-damen-maedchen-streetwear-pullover-langarm-schwarz-mode-shirts-niedlich-ananas-sternenhimmel-muster-blusen-basic-taeglich-freizeit-casual-sweatshirts-lose-passen-tops","name":"Hffan Damen M\u00e4dchen Streetwear Pullover Langarm Schwarz Mode Shirts Niedlich Ananas Sternenhimmel Muster Blusen Basic\u2026 - FamilienMode","isPartOf":{"@id":"https:\/\/bekleidungscenter.com\/#website"},"datePublished":"2021-01-04T06:11:42+00:00","dateModified":"2023-04-10T22:49:54+00:00","breadcrumb":{"@id":"https:\/\/bekleidungscenter.com\/?product=hffan-damen-maedchen-streetwear-pullover-langarm-schwarz-mode-shirts-niedlich-ananas-sternenhimmel-muster-blusen-basic-taeglich-freizeit-casual-sweatshirts-lose-passen-tops#breadcrumb"},"inLanguage":"de","potentialAction":[{"@type":"ReadAction","target":["https:\/\/bekleidungscenter.com\/?product=hffan-damen-maedchen-streetwear-pullover-langarm-schwarz-mode-shirts-niedlich-ananas-sternenhimmel-muster-blusen-basic-taeglich-freizeit-casual-sweatshirts-lose-passen-tops"]}]},{"@type":"BreadcrumbList","@id":"https:\/\/bekleidungscenter.com\/?product=hffan-damen-maedchen-streetwear-pullover-langarm-schwarz-mode-shirts-niedlich-ananas-sternenhimmel-muster-blusen-basic-taeglich-freizeit-casual-sweatshirts-lose-passen-tops#breadcrumb","itemListElement":[{"@type":"ListItem","position":1,"name":"Home","item":"https:\/\/bekleidungscenter.com\/"},{"@type":"ListItem","position":2,"name":"Shop","item":"https:\/\/bekleidungscenter.com\/?page_id=7"},{"@type":"ListItem","position":3,"name":"Hffan Damen M\u00e4dchen Streetwear Pullover Langarm Schwarz Mode Shirts Niedlich Ananas Sternenhimmel Muster Blusen Basic\u2026"}]},{"@type":"WebSite","@id":"https:\/\/bekleidungscenter.com\/#website","url":"https:\/\/bekleidungscenter.com\/","name":"FamilienMode","description":"Alles f\u00fcr die ganze Familie","potentialAction":[{"@type":"SearchAction","target":{"@type":"EntryPoint","urlTemplate":"https:\/\/bekleidungscenter.com\/?s={search_term_string}"},"query-input":"required name=search_term_string"}],"inLanguage":"de"}]}},"_links":{"self":[{"href":"https:\/\/bekleidungscenter.com\/index.php?rest_route=\/wp\/v2\/product\/12562"}],"collection":[{"href":"https:\/\/bekleidungscenter.com\/index.php?rest_route=\/wp\/v2\/product"}],"about":[{"href":"https:\/\/bekleidungscenter.com\/index.php?rest_route=\/wp\/v2\/types\/product"}],"replies":[{"embeddable":true,"href":"https:\/\/bekleidungscenter.com\/index.php?rest_route=%2Fwp%2Fv2%2Fcomments&post=12562"}],"wp:featuredmedia":[{"embeddable":true,"href":"https:\/\/bekleidungscenter.com\/index.php?rest_route=\/wp\/v2\/media\/12565"}],"wp:attachment":[{"href":"https:\/\/bekleidungscenter.com\/index.php?rest_route=%2Fwp%2Fv2%2Fmedia&parent=12562"}],"wp:term":[{"taxonomy":"product_cat","embeddable":true,"href":"https:\/\/bekleidungscenter.com\/index.php?rest_route=%2Fwp%2Fv2%2Fproduct_cat&post=12562"},{"taxonomy":"product_tag","embeddable":true,"href":"https:\/\/bekleidungscenter.com\/index.php?rest_route=%2Fwp%2Fv2%2Fproduct_tag&post=12562"}],"curies":[{"name":"wp","href":"https:\/\/api.w.org\/{rel}","templated":true}]}}