{"id":13227,"date":"2021-01-04T06:46:39","date_gmt":"2021-01-04T06:46:39","guid":{"rendered":"http:\/\/bekleidungscenter.com\/?product=paw-patrol-jungen-4-er-pack-boxershorts-unterhosen-mit-unterschiedlichen-motiven"},"modified":"2023-04-10T22:51:58","modified_gmt":"2023-04-10T22:51:58","slug":"paw-patrol-jungen-4-er-pack-boxershorts-unterhosen-mit-unterschiedlichen-motiven","status":"publish","type":"product","link":"https:\/\/bekleidungscenter.com\/?product=paw-patrol-jungen-4-er-pack-boxershorts-unterhosen-mit-unterschiedlichen-motiven","title":{"rendered":"Paw Patrol Jungen 4 er Pack Boxershorts Unterhosen mit unterschiedlichen Motiven"},"content":{"rendered":"<p><!-- show up to 2 reviews by default --> <\/p>\n<p>AW Patrol \u2013 Helden auf vier Pfoten Die beliebte Zeichentrickserie PAW Patrol, bekannt aus dem Deutschen Fernsehen, l\u00e4sst alle Kinderherzen h\u00f6her schlagen! Ryder f\u00fchrt die mutige Welpenbande an und gemeinsam mit Chase, Rocky, Tracker, Skye, Rubble, Zuma und Everest werden als PAW Patrol die verschiedensten Aufgaben gemeistert und Acht geben die Sicherheit der Bewohner. Feuerwehrmann, Polizist oder Pilotin, das sind die Berufe der Hundewelpen. Durch die verschiedensten F\u00e4higkeiten kann die PAW Patrol jede Mission gehen lassen, egal ob es darum geht Verbrecher zu jagen oder einen Schatz zu st\u00f6bern. Gro\u00dfer Einsatz f\u00fcr kleine Pfoten! Paw Patrol Kollektion f\u00fcr die Jungs: &#8211; OFFIZIELLE KOLLEKTION: Paw Patrol \u2013 die Helden auf vier Pfoten. Die Paws Ryder, Chase, Rocky, Tracker, Skye, Rubble, Zuma und Everest gehen lassen jede Mission. &#8211; MOTIVE: Paw Patrol Unterw\u00e4sche Kollektion f\u00fcr die Jungs. Die 4 Boxer mit unterschiedlichen Motiven werden jeden Jungen begeistern. &#8211; KOMFORT: Der breite Bund sorgt f\u00fcr einen idealen Sitz der Paw Patrol Boxershorts, damit bekannt als wirklich nichts zwickt. &#8211; MATERIALMIX: Der hohe Elasthan Quote hat den Vorteil, da die Unterhosen handkehrum eng anliegen, im Unterschied dazu nicht trockenreiben. &#8211; Die bekannten Hunde aus dem Fernseh und dem Kino werden jedes Derivat begeistern, als Geschenk immer eine super Idee. Weitere Paw Patrol Kleidung gesucht? Hose, Shirt, Langarm, Pullover, Short, Jacke, Unterhosen, Socken uvm sind in der offiziellen Kollektion abrufbereit <\/p>\n<p>OFFIZIELLE KOLLEKTION: Paw Patrol \u2013 die Helden auf vier Pfoten. Die Paws Ryder, Chase, Rocky, Tracker, Skye, Rubble, Zuma und Everest gehen lassen jede Mission.<br \/>\nMOTIVE: Paw Patrol Unterw\u00e4sche Kollektion f\u00fcr die Jungs. Die 4 Boxer mit unterschiedlichen Motiven werden jeden Jungen begeistern.<br \/>\nKOMFORT: Der breite Bund sorgt f\u00fcr einen idealen Sitz der Paw Patrol Boxershorts, damit bekannt als wirklich nichts zwickt.<br \/>\nMATERIALMIX: Der hohe Elasthan Quote hat den Vorteil, da die Unterhosen handkehrum eng anliegen, im Unterschied dazu nicht trockenreiben.<br \/>\nDie bekannten Hunde aus dem Fernseh und dem Kino werden jedes Derivat begeistern, als Geschenk immer eine super Idee. Weitere Paw Patrol Kleidung gesucht? Hose, Shirt, Langarm, Pullover, Short, Jacke, Unterhosen, Socken uvm sind in der offiziellen Kollektion abrufbereit<br \/>\n<div class=\"main-cross-sell\" data-asin=\"B08L2755Q7\">\n\n\t<div class=\"WooZone-cross-sell-loader\">\n\t\t<div>\n\t\t\t<div id=\"floatingBarsG\">\n\t\t\t\t<div class=\"blockG\" id=\"rotateG_01\"><\/div>\n\t\t\t\t<div class=\"blockG\" id=\"rotateG_02\"><\/div>\n\t\t\t\t<div class=\"blockG\" id=\"rotateG_03\"><\/div>\n\t\t\t\t<div class=\"blockG\" id=\"rotateG_04\"><\/div>\n\t\t\t\t<div class=\"blockG\" id=\"rotateG_05\"><\/div>\n\t\t\t\t<div class=\"blockG\" id=\"rotateG_06\"><\/div>\n\t\t\t\t<div class=\"blockG\" id=\"rotateG_07\"><\/div>\n\t\t\t\t<div class=\"blockG\" id=\"rotateG_08\"><\/div>\n\t\t\t<\/div>\n\t\t\t<div class=\"WooZone-cross-sell-loader-text\"><\/div>\n\t\t<\/div>\n\t<\/div>\n\n\t\t\n<\/div>\n<div style=\"clear:both;\"><\/div><\/p>\n","protected":false},"excerpt":{"rendered":"<p>OFFIZIELLE KOLLEKTION: Paw Patrol \u2013 die Helden auf vier Pfoten. Die Paws Ryder, Chase, Rocky, Tracker, Skye, Rubble, Zuma und Everest l\u00f6sen jede Mission.<br \/>\nMOTIVE: Paw Patrol Unterw\u00e4sche Kollektion f\u00fcr die Jungs. Die 4 Boxer mit unterschiedlichen Motiven werden jeden Jungen begeistern.<br \/>\nKOMFORT: Der breite Bund sorgt f\u00fcr einen idealen Sitz der Paw Patrol Boxershorts, damit auch wirklich nichts zwickt.<\/p>\n","protected":false},"featured_media":13230,"comment_status":"open","ping_status":"closed","template":"","meta":[],"product_cat":[1083,132],"product_tag":[],"yoast_head":"<!-- This site is optimized with the Yoast SEO plugin v20.6 - https:\/\/yoast.com\/wordpress\/plugins\/seo\/ -->\n<title>Paw Patrol Jungen 4 er Pack Boxershorts Unterhosen mit unterschiedlichen Motiven - FamilienMode<\/title>\n<meta name=\"robots\" content=\"index, follow, max-snippet:-1, max-image-preview:large, max-video-preview:-1\" \/>\n<link rel=\"canonical\" href=\"https:\/\/bekleidungscenter.com\/?product=paw-patrol-jungen-4-er-pack-boxershorts-unterhosen-mit-unterschiedlichen-motiven\" \/>\n<meta property=\"og:locale\" content=\"de_DE\" \/>\n<meta property=\"og:type\" content=\"article\" \/>\n<meta property=\"og:title\" content=\"Paw Patrol Jungen 4 er Pack Boxershorts Unterhosen mit unterschiedlichen Motiven - FamilienMode\" \/>\n<meta property=\"og:description\" content=\"OFFIZIELLE KOLLEKTION: Paw Patrol \u2013 die Helden auf vier Pfoten. Die Paws Ryder, Chase, Rocky, Tracker, Skye, Rubble, Zuma und Everest l\u00f6sen jede Mission. MOTIVE: Paw Patrol Unterw\u00e4sche Kollektion f\u00fcr die Jungs. Die 4 Boxer mit unterschiedlichen Motiven werden jeden Jungen begeistern. KOMFORT: Der breite Bund sorgt f\u00fcr einen idealen Sitz der Paw Patrol Boxershorts, damit auch wirklich nichts zwickt.\" \/>\n<meta property=\"og:url\" content=\"https:\/\/bekleidungscenter.com\/?product=paw-patrol-jungen-4-er-pack-boxershorts-unterhosen-mit-unterschiedlichen-motiven\" \/>\n<meta property=\"og:site_name\" content=\"FamilienMode\" \/>\n<meta property=\"article:modified_time\" content=\"2023-04-10T22:51:58+00:00\" \/>\n<meta property=\"og:image\" content=\"https:\/\/images-na.ssl-images-amazon.com\/images\/I\/51cnLxcwPKL.jpg\" \/>\n\t<meta property=\"og:image:width\" content=\"500\" \/>\n\t<meta property=\"og:image:height\" content=\"500\" \/>\n\t<meta property=\"og:image:type\" content=\"image\/jpeg\" \/>\n<meta name=\"twitter:card\" content=\"summary_large_image\" \/>\n<meta name=\"twitter:label1\" content=\"Gesch\u00e4tzte Lesezeit\" \/>\n\t<meta name=\"twitter:data1\" content=\"2\u00a0Minuten\" \/>\n<script type=\"application\/ld+json\" class=\"yoast-schema-graph\">{\"@context\":\"https:\/\/schema.org\",\"@graph\":[{\"@type\":\"WebPage\",\"@id\":\"https:\/\/bekleidungscenter.com\/?product=paw-patrol-jungen-4-er-pack-boxershorts-unterhosen-mit-unterschiedlichen-motiven\",\"url\":\"https:\/\/bekleidungscenter.com\/?product=paw-patrol-jungen-4-er-pack-boxershorts-unterhosen-mit-unterschiedlichen-motiven\",\"name\":\"Paw Patrol Jungen 4 er Pack Boxershorts Unterhosen mit unterschiedlichen Motiven - FamilienMode\",\"isPartOf\":{\"@id\":\"https:\/\/bekleidungscenter.com\/#website\"},\"datePublished\":\"2021-01-04T06:46:39+00:00\",\"dateModified\":\"2023-04-10T22:51:58+00:00\",\"breadcrumb\":{\"@id\":\"https:\/\/bekleidungscenter.com\/?product=paw-patrol-jungen-4-er-pack-boxershorts-unterhosen-mit-unterschiedlichen-motiven#breadcrumb\"},\"inLanguage\":\"de\",\"potentialAction\":[{\"@type\":\"ReadAction\",\"target\":[\"https:\/\/bekleidungscenter.com\/?product=paw-patrol-jungen-4-er-pack-boxershorts-unterhosen-mit-unterschiedlichen-motiven\"]}]},{\"@type\":\"BreadcrumbList\",\"@id\":\"https:\/\/bekleidungscenter.com\/?product=paw-patrol-jungen-4-er-pack-boxershorts-unterhosen-mit-unterschiedlichen-motiven#breadcrumb\",\"itemListElement\":[{\"@type\":\"ListItem\",\"position\":1,\"name\":\"Home\",\"item\":\"https:\/\/bekleidungscenter.com\/\"},{\"@type\":\"ListItem\",\"position\":2,\"name\":\"Shop\",\"item\":\"https:\/\/bekleidungscenter.com\/?page_id=7\"},{\"@type\":\"ListItem\",\"position\":3,\"name\":\"Paw Patrol Jungen 4 er Pack Boxershorts Unterhosen mit unterschiedlichen Motiven\"}]},{\"@type\":\"WebSite\",\"@id\":\"https:\/\/bekleidungscenter.com\/#website\",\"url\":\"https:\/\/bekleidungscenter.com\/\",\"name\":\"FamilienMode\",\"description\":\"Alles f\u00fcr die ganze Familie\",\"potentialAction\":[{\"@type\":\"SearchAction\",\"target\":{\"@type\":\"EntryPoint\",\"urlTemplate\":\"https:\/\/bekleidungscenter.com\/?s={search_term_string}\"},\"query-input\":\"required name=search_term_string\"}],\"inLanguage\":\"de\"}]}<\/script>\n<!-- \/ Yoast SEO plugin. -->","yoast_head_json":{"title":"Paw Patrol Jungen 4 er Pack Boxershorts Unterhosen mit unterschiedlichen Motiven - FamilienMode","robots":{"index":"index","follow":"follow","max-snippet":"max-snippet:-1","max-image-preview":"max-image-preview:large","max-video-preview":"max-video-preview:-1"},"canonical":"https:\/\/bekleidungscenter.com\/?product=paw-patrol-jungen-4-er-pack-boxershorts-unterhosen-mit-unterschiedlichen-motiven","og_locale":"de_DE","og_type":"article","og_title":"Paw Patrol Jungen 4 er Pack Boxershorts Unterhosen mit unterschiedlichen Motiven - FamilienMode","og_description":"OFFIZIELLE KOLLEKTION: Paw Patrol \u2013 die Helden auf vier Pfoten. Die Paws Ryder, Chase, Rocky, Tracker, Skye, Rubble, Zuma und Everest l\u00f6sen jede Mission. MOTIVE: Paw Patrol Unterw\u00e4sche Kollektion f\u00fcr die Jungs. Die 4 Boxer mit unterschiedlichen Motiven werden jeden Jungen begeistern. KOMFORT: Der breite Bund sorgt f\u00fcr einen idealen Sitz der Paw Patrol Boxershorts, damit auch wirklich nichts zwickt.","og_url":"https:\/\/bekleidungscenter.com\/?product=paw-patrol-jungen-4-er-pack-boxershorts-unterhosen-mit-unterschiedlichen-motiven","og_site_name":"FamilienMode","article_modified_time":"2023-04-10T22:51:58+00:00","og_image":[{"width":500,"height":500,"url":"https:\/\/images-na.ssl-images-amazon.com\/images\/I\/51cnLxcwPKL.jpg","type":"image\/jpeg"}],"twitter_card":"summary_large_image","twitter_misc":{"Gesch\u00e4tzte Lesezeit":"2\u00a0Minuten"},"schema":{"@context":"https:\/\/schema.org","@graph":[{"@type":"WebPage","@id":"https:\/\/bekleidungscenter.com\/?product=paw-patrol-jungen-4-er-pack-boxershorts-unterhosen-mit-unterschiedlichen-motiven","url":"https:\/\/bekleidungscenter.com\/?product=paw-patrol-jungen-4-er-pack-boxershorts-unterhosen-mit-unterschiedlichen-motiven","name":"Paw Patrol Jungen 4 er Pack Boxershorts Unterhosen mit unterschiedlichen Motiven - FamilienMode","isPartOf":{"@id":"https:\/\/bekleidungscenter.com\/#website"},"datePublished":"2021-01-04T06:46:39+00:00","dateModified":"2023-04-10T22:51:58+00:00","breadcrumb":{"@id":"https:\/\/bekleidungscenter.com\/?product=paw-patrol-jungen-4-er-pack-boxershorts-unterhosen-mit-unterschiedlichen-motiven#breadcrumb"},"inLanguage":"de","potentialAction":[{"@type":"ReadAction","target":["https:\/\/bekleidungscenter.com\/?product=paw-patrol-jungen-4-er-pack-boxershorts-unterhosen-mit-unterschiedlichen-motiven"]}]},{"@type":"BreadcrumbList","@id":"https:\/\/bekleidungscenter.com\/?product=paw-patrol-jungen-4-er-pack-boxershorts-unterhosen-mit-unterschiedlichen-motiven#breadcrumb","itemListElement":[{"@type":"ListItem","position":1,"name":"Home","item":"https:\/\/bekleidungscenter.com\/"},{"@type":"ListItem","position":2,"name":"Shop","item":"https:\/\/bekleidungscenter.com\/?page_id=7"},{"@type":"ListItem","position":3,"name":"Paw Patrol Jungen 4 er Pack Boxershorts Unterhosen mit unterschiedlichen Motiven"}]},{"@type":"WebSite","@id":"https:\/\/bekleidungscenter.com\/#website","url":"https:\/\/bekleidungscenter.com\/","name":"FamilienMode","description":"Alles f\u00fcr die ganze Familie","potentialAction":[{"@type":"SearchAction","target":{"@type":"EntryPoint","urlTemplate":"https:\/\/bekleidungscenter.com\/?s={search_term_string}"},"query-input":"required name=search_term_string"}],"inLanguage":"de"}]}},"_links":{"self":[{"href":"https:\/\/bekleidungscenter.com\/index.php?rest_route=\/wp\/v2\/product\/13227"}],"collection":[{"href":"https:\/\/bekleidungscenter.com\/index.php?rest_route=\/wp\/v2\/product"}],"about":[{"href":"https:\/\/bekleidungscenter.com\/index.php?rest_route=\/wp\/v2\/types\/product"}],"replies":[{"embeddable":true,"href":"https:\/\/bekleidungscenter.com\/index.php?rest_route=%2Fwp%2Fv2%2Fcomments&post=13227"}],"wp:featuredmedia":[{"embeddable":true,"href":"https:\/\/bekleidungscenter.com\/index.php?rest_route=\/wp\/v2\/media\/13230"}],"wp:attachment":[{"href":"https:\/\/bekleidungscenter.com\/index.php?rest_route=%2Fwp%2Fv2%2Fmedia&parent=13227"}],"wp:term":[{"taxonomy":"product_cat","embeddable":true,"href":"https:\/\/bekleidungscenter.com\/index.php?rest_route=%2Fwp%2Fv2%2Fproduct_cat&post=13227"},{"taxonomy":"product_tag","embeddable":true,"href":"https:\/\/bekleidungscenter.com\/index.php?rest_route=%2Fwp%2Fv2%2Fproduct_tag&post=13227"}],"curies":[{"name":"wp","href":"https:\/\/api.w.org\/{rel}","templated":true}]}}