{"id":13333,"date":"2021-01-04T06:47:46","date_gmt":"2021-01-04T06:47:46","guid":{"rendered":"http:\/\/bekleidungscenter.com\/?product=schiesser-kinder-jungen-boxershort-jungs-short-fussball-motiv-2er-pack-multipack-sparpack"},"modified":"2023-04-10T22:52:00","modified_gmt":"2023-04-10T22:52:00","slug":"schiesser-kinder-jungen-boxershort-jungs-short-fussball-motiv-2er-pack-multipack-sparpack","status":"publish","type":"product","link":"https:\/\/bekleidungscenter.com\/?product=schiesser-kinder-jungen-boxershort-jungs-short-fussball-motiv-2er-pack-multipack-sparpack","title":{"rendered":"Schiesser Kinder Jungen Boxershort Jungs Short Fussball Motiv 2er Pack Multipack Sparpack"},"content":{"rendered":"<p><!-- show up to 2 reviews by default --> <\/p>\n<p>Schiesser Jungen 2pack Angesagt Shorts Mob (Mehrfach) &#8211; 160494<br \/> Produktgruppe: Jungen<br \/> Bereich: Tagw\u00e4sche<br \/>Packungseinheit: Mob (Mehrfach)<br \/> Material:<br \/>100% Baumwolle<\/p>\n<p>Pflegehinweis:<br \/>Waschen angrenzend 60\u00b0C, Auf keinen Fall ausbleichen, Trockner (Abschnitt 1), Handwarm b\u00fcgeln Abschnitt 1, Auf keinen Fall chemisch reinigen<\/p>\n<p>2er Mob<br \/>\nin Dunkelblau durch schwarz-wei\u00dfem Fu\u00dfballspieler ferner Schriftzug &#8218;Play it&#8216; in Lime<br \/>\nVerschluss: elastischen band<br \/>\n100% Baumwolle<br \/>\nPflegehinweis: Maschinenw\u00e4sche<br \/>\nModellnummer: 160494<br \/>\nin Wei\u00df durch schwarz-wei\u00dfem Fu\u00dfball, angedeuteter Spielfl\u00e4che ferner Schriftzug &#8218;Play it&#8216; in Lime<br \/>\ndurch kleinem SCHIESSER-Etikett an der Seitennaht<br \/>\n<div class=\"main-cross-sell\" data-asin=\"B075NXQ5KV\">\n\n\t<div class=\"WooZone-cross-sell-loader\">\n\t\t<div>\n\t\t\t<div id=\"floatingBarsG\">\n\t\t\t\t<div class=\"blockG\" id=\"rotateG_01\"><\/div>\n\t\t\t\t<div class=\"blockG\" id=\"rotateG_02\"><\/div>\n\t\t\t\t<div class=\"blockG\" id=\"rotateG_03\"><\/div>\n\t\t\t\t<div class=\"blockG\" id=\"rotateG_04\"><\/div>\n\t\t\t\t<div class=\"blockG\" id=\"rotateG_05\"><\/div>\n\t\t\t\t<div class=\"blockG\" id=\"rotateG_06\"><\/div>\n\t\t\t\t<div class=\"blockG\" id=\"rotateG_07\"><\/div>\n\t\t\t\t<div class=\"blockG\" id=\"rotateG_08\"><\/div>\n\t\t\t<\/div>\n\t\t\t<div class=\"WooZone-cross-sell-loader-text\"><\/div>\n\t\t<\/div>\n\t<\/div>\n\n\t\t\n<\/div>\n<div style=\"clear:both;\"><\/div><\/p>\n","protected":false},"excerpt":{"rendered":"<p>2er Pack<br \/>\nin Dunkelblau mit schwarz-wei\u00dfem Fu\u00dfballspieler und Schriftzug &#8218;Play it&#8216; in Lime<br \/>\nVerschluss: elastischen band<\/p>\n","protected":false},"featured_media":13334,"comment_status":"open","ping_status":"closed","template":"","meta":[],"product_cat":[1083,132],"product_tag":[],"yoast_head":"<!-- This site is optimized with the Yoast SEO plugin v20.6 - https:\/\/yoast.com\/wordpress\/plugins\/seo\/ -->\n<title>Schiesser Kinder Jungen Boxershort Jungs Short Fussball Motiv 2er Pack Multipack Sparpack - FamilienMode<\/title>\n<meta name=\"robots\" content=\"index, follow, max-snippet:-1, max-image-preview:large, max-video-preview:-1\" \/>\n<link rel=\"canonical\" href=\"https:\/\/bekleidungscenter.com\/?product=schiesser-kinder-jungen-boxershort-jungs-short-fussball-motiv-2er-pack-multipack-sparpack\" \/>\n<meta property=\"og:locale\" content=\"de_DE\" \/>\n<meta property=\"og:type\" content=\"article\" \/>\n<meta property=\"og:title\" content=\"Schiesser Kinder Jungen Boxershort Jungs Short Fussball Motiv 2er Pack Multipack Sparpack - FamilienMode\" \/>\n<meta property=\"og:description\" content=\"2er Pack in Dunkelblau mit schwarz-wei\u00dfem Fu\u00dfballspieler und Schriftzug &#039;Play it&#039; in Lime Verschluss: elastischen band\" \/>\n<meta property=\"og:url\" content=\"https:\/\/bekleidungscenter.com\/?product=schiesser-kinder-jungen-boxershort-jungs-short-fussball-motiv-2er-pack-multipack-sparpack\" \/>\n<meta property=\"og:site_name\" content=\"FamilienMode\" \/>\n<meta property=\"article:modified_time\" content=\"2023-04-10T22:52:00+00:00\" \/>\n<meta property=\"og:image\" content=\"https:\/\/images-na.ssl-images-amazon.com\/images\/I\/41wenVbYC3L.jpg\" \/>\n\t<meta property=\"og:image:width\" content=\"500\" \/>\n\t<meta property=\"og:image:height\" content=\"500\" \/>\n\t<meta property=\"og:image:type\" content=\"image\/jpeg\" \/>\n<meta name=\"twitter:card\" content=\"summary_large_image\" \/>\n<script type=\"application\/ld+json\" class=\"yoast-schema-graph\">{\"@context\":\"https:\/\/schema.org\",\"@graph\":[{\"@type\":\"WebPage\",\"@id\":\"https:\/\/bekleidungscenter.com\/?product=schiesser-kinder-jungen-boxershort-jungs-short-fussball-motiv-2er-pack-multipack-sparpack\",\"url\":\"https:\/\/bekleidungscenter.com\/?product=schiesser-kinder-jungen-boxershort-jungs-short-fussball-motiv-2er-pack-multipack-sparpack\",\"name\":\"Schiesser Kinder Jungen Boxershort Jungs Short Fussball Motiv 2er Pack Multipack Sparpack - FamilienMode\",\"isPartOf\":{\"@id\":\"https:\/\/bekleidungscenter.com\/#website\"},\"datePublished\":\"2021-01-04T06:47:46+00:00\",\"dateModified\":\"2023-04-10T22:52:00+00:00\",\"breadcrumb\":{\"@id\":\"https:\/\/bekleidungscenter.com\/?product=schiesser-kinder-jungen-boxershort-jungs-short-fussball-motiv-2er-pack-multipack-sparpack#breadcrumb\"},\"inLanguage\":\"de\",\"potentialAction\":[{\"@type\":\"ReadAction\",\"target\":[\"https:\/\/bekleidungscenter.com\/?product=schiesser-kinder-jungen-boxershort-jungs-short-fussball-motiv-2er-pack-multipack-sparpack\"]}]},{\"@type\":\"BreadcrumbList\",\"@id\":\"https:\/\/bekleidungscenter.com\/?product=schiesser-kinder-jungen-boxershort-jungs-short-fussball-motiv-2er-pack-multipack-sparpack#breadcrumb\",\"itemListElement\":[{\"@type\":\"ListItem\",\"position\":1,\"name\":\"Home\",\"item\":\"https:\/\/bekleidungscenter.com\/\"},{\"@type\":\"ListItem\",\"position\":2,\"name\":\"Shop\",\"item\":\"https:\/\/bekleidungscenter.com\/?page_id=7\"},{\"@type\":\"ListItem\",\"position\":3,\"name\":\"Schiesser Kinder Jungen Boxershort Jungs Short Fussball Motiv 2er Pack Multipack Sparpack\"}]},{\"@type\":\"WebSite\",\"@id\":\"https:\/\/bekleidungscenter.com\/#website\",\"url\":\"https:\/\/bekleidungscenter.com\/\",\"name\":\"FamilienMode\",\"description\":\"Alles f\u00fcr die ganze Familie\",\"potentialAction\":[{\"@type\":\"SearchAction\",\"target\":{\"@type\":\"EntryPoint\",\"urlTemplate\":\"https:\/\/bekleidungscenter.com\/?s={search_term_string}\"},\"query-input\":\"required name=search_term_string\"}],\"inLanguage\":\"de\"}]}<\/script>\n<!-- \/ Yoast SEO plugin. -->","yoast_head_json":{"title":"Schiesser Kinder Jungen Boxershort Jungs Short Fussball Motiv 2er Pack Multipack Sparpack - FamilienMode","robots":{"index":"index","follow":"follow","max-snippet":"max-snippet:-1","max-image-preview":"max-image-preview:large","max-video-preview":"max-video-preview:-1"},"canonical":"https:\/\/bekleidungscenter.com\/?product=schiesser-kinder-jungen-boxershort-jungs-short-fussball-motiv-2er-pack-multipack-sparpack","og_locale":"de_DE","og_type":"article","og_title":"Schiesser Kinder Jungen Boxershort Jungs Short Fussball Motiv 2er Pack Multipack Sparpack - FamilienMode","og_description":"2er Pack in Dunkelblau mit schwarz-wei\u00dfem Fu\u00dfballspieler und Schriftzug 'Play it' in Lime Verschluss: elastischen band","og_url":"https:\/\/bekleidungscenter.com\/?product=schiesser-kinder-jungen-boxershort-jungs-short-fussball-motiv-2er-pack-multipack-sparpack","og_site_name":"FamilienMode","article_modified_time":"2023-04-10T22:52:00+00:00","og_image":[{"width":500,"height":500,"url":"https:\/\/images-na.ssl-images-amazon.com\/images\/I\/41wenVbYC3L.jpg","type":"image\/jpeg"}],"twitter_card":"summary_large_image","schema":{"@context":"https:\/\/schema.org","@graph":[{"@type":"WebPage","@id":"https:\/\/bekleidungscenter.com\/?product=schiesser-kinder-jungen-boxershort-jungs-short-fussball-motiv-2er-pack-multipack-sparpack","url":"https:\/\/bekleidungscenter.com\/?product=schiesser-kinder-jungen-boxershort-jungs-short-fussball-motiv-2er-pack-multipack-sparpack","name":"Schiesser Kinder Jungen Boxershort Jungs Short Fussball Motiv 2er Pack Multipack Sparpack - FamilienMode","isPartOf":{"@id":"https:\/\/bekleidungscenter.com\/#website"},"datePublished":"2021-01-04T06:47:46+00:00","dateModified":"2023-04-10T22:52:00+00:00","breadcrumb":{"@id":"https:\/\/bekleidungscenter.com\/?product=schiesser-kinder-jungen-boxershort-jungs-short-fussball-motiv-2er-pack-multipack-sparpack#breadcrumb"},"inLanguage":"de","potentialAction":[{"@type":"ReadAction","target":["https:\/\/bekleidungscenter.com\/?product=schiesser-kinder-jungen-boxershort-jungs-short-fussball-motiv-2er-pack-multipack-sparpack"]}]},{"@type":"BreadcrumbList","@id":"https:\/\/bekleidungscenter.com\/?product=schiesser-kinder-jungen-boxershort-jungs-short-fussball-motiv-2er-pack-multipack-sparpack#breadcrumb","itemListElement":[{"@type":"ListItem","position":1,"name":"Home","item":"https:\/\/bekleidungscenter.com\/"},{"@type":"ListItem","position":2,"name":"Shop","item":"https:\/\/bekleidungscenter.com\/?page_id=7"},{"@type":"ListItem","position":3,"name":"Schiesser Kinder Jungen Boxershort Jungs Short Fussball Motiv 2er Pack Multipack Sparpack"}]},{"@type":"WebSite","@id":"https:\/\/bekleidungscenter.com\/#website","url":"https:\/\/bekleidungscenter.com\/","name":"FamilienMode","description":"Alles f\u00fcr die ganze Familie","potentialAction":[{"@type":"SearchAction","target":{"@type":"EntryPoint","urlTemplate":"https:\/\/bekleidungscenter.com\/?s={search_term_string}"},"query-input":"required name=search_term_string"}],"inLanguage":"de"}]}},"_links":{"self":[{"href":"https:\/\/bekleidungscenter.com\/index.php?rest_route=\/wp\/v2\/product\/13333"}],"collection":[{"href":"https:\/\/bekleidungscenter.com\/index.php?rest_route=\/wp\/v2\/product"}],"about":[{"href":"https:\/\/bekleidungscenter.com\/index.php?rest_route=\/wp\/v2\/types\/product"}],"replies":[{"embeddable":true,"href":"https:\/\/bekleidungscenter.com\/index.php?rest_route=%2Fwp%2Fv2%2Fcomments&post=13333"}],"wp:featuredmedia":[{"embeddable":true,"href":"https:\/\/bekleidungscenter.com\/index.php?rest_route=\/wp\/v2\/media\/13334"}],"wp:attachment":[{"href":"https:\/\/bekleidungscenter.com\/index.php?rest_route=%2Fwp%2Fv2%2Fmedia&parent=13333"}],"wp:term":[{"taxonomy":"product_cat","embeddable":true,"href":"https:\/\/bekleidungscenter.com\/index.php?rest_route=%2Fwp%2Fv2%2Fproduct_cat&post=13333"},{"taxonomy":"product_tag","embeddable":true,"href":"https:\/\/bekleidungscenter.com\/index.php?rest_route=%2Fwp%2Fv2%2Fproduct_tag&post=13333"}],"curies":[{"name":"wp","href":"https:\/\/api.w.org\/{rel}","templated":true}]}}