{"id":13339,"date":"2021-01-04T06:47:52","date_gmt":"2021-01-04T06:47:52","guid":{"rendered":"http:\/\/bekleidungscenter.com\/?product=remixx-jungen-boxershorts-kids-pants-boys-shorts-10er-pack"},"modified":"2023-04-10T22:52:00","modified_gmt":"2023-04-10T22:52:00","slug":"remixx-jungen-boxershorts-kids-pants-boys-shorts-10er-pack","status":"publish","type":"product","link":"https:\/\/bekleidungscenter.com\/?product=remixx-jungen-boxershorts-kids-pants-boys-shorts-10er-pack","title":{"rendered":"REMIXX Jungen Boxershorts Kids Pants Boys Shorts, 10er Pack"},"content":{"rendered":"<p><!-- show up to 2 reviews by default --> <\/p>\n<p>Bequeme sportliche Jungen Shorts 10er Gesindel in 10 verschiedenen Designs\/Farben. mithilfe 95% softgek\u00e4mmter Baumwolle 5% Elasthan-Preisnachlass anbieten die Pants maximale Komfort und angenehme Passform. Erh\u00e4ltlich in den Gr\u00f6\u00dfe M (128-134), L (140-146), XL(152-158), XXL(164-170), XXXL (174-180). Wachsamkeit: Wir sind stets bem\u00fcht den Traktat mithilfe der abgebildeten Auswahl zur Verf\u00fcgung zu stellen. Wir einladen um Ihr Verst\u00e4ndnis, dass dies leider nicht fortw\u00e4hrend etwaig ist! Es kann vereinzelt zu anderen Kombinationen aufkreuzen. <\/p>\n<p>10er Gesindel sportiv und bequeme Remixx Jungen Boxershorts<br \/>\n95% Baumwolle, 5% Elasthan<br \/>\nModellnummer: MBOX000D12<br \/>\n<div class=\"main-cross-sell\" data-asin=\"B07BH3PT58\">\n\n\t<div class=\"WooZone-cross-sell-loader\">\n\t\t<div>\n\t\t\t<div id=\"floatingBarsG\">\n\t\t\t\t<div class=\"blockG\" id=\"rotateG_01\"><\/div>\n\t\t\t\t<div class=\"blockG\" id=\"rotateG_02\"><\/div>\n\t\t\t\t<div class=\"blockG\" id=\"rotateG_03\"><\/div>\n\t\t\t\t<div class=\"blockG\" id=\"rotateG_04\"><\/div>\n\t\t\t\t<div class=\"blockG\" id=\"rotateG_05\"><\/div>\n\t\t\t\t<div class=\"blockG\" id=\"rotateG_06\"><\/div>\n\t\t\t\t<div class=\"blockG\" id=\"rotateG_07\"><\/div>\n\t\t\t\t<div class=\"blockG\" id=\"rotateG_08\"><\/div>\n\t\t\t<\/div>\n\t\t\t<div class=\"WooZone-cross-sell-loader-text\"><\/div>\n\t\t<\/div>\n\t<\/div>\n\n\t\t\n<\/div>\n<div style=\"clear:both;\"><\/div><\/p>\n","protected":false},"excerpt":{"rendered":"<p>10er Pack sportiv und bequeme Remixx Jungen Boxershorts<br \/>\n95% Baumwolle, 5% Elasthan<br \/>\nModellnummer: MBOX000D12<\/p>\n","protected":false},"featured_media":13341,"comment_status":"open","ping_status":"closed","template":"","meta":[],"product_cat":[1083,132],"product_tag":[],"yoast_head":"<!-- This site is optimized with the Yoast SEO plugin v20.6 - https:\/\/yoast.com\/wordpress\/plugins\/seo\/ -->\n<title>REMIXX Jungen Boxershorts Kids Pants Boys Shorts, 10er Pack - FamilienMode<\/title>\n<meta name=\"robots\" content=\"index, follow, max-snippet:-1, max-image-preview:large, max-video-preview:-1\" \/>\n<link rel=\"canonical\" href=\"https:\/\/bekleidungscenter.com\/?product=remixx-jungen-boxershorts-kids-pants-boys-shorts-10er-pack\" \/>\n<meta property=\"og:locale\" content=\"de_DE\" \/>\n<meta property=\"og:type\" content=\"article\" \/>\n<meta property=\"og:title\" content=\"REMIXX Jungen Boxershorts Kids Pants Boys Shorts, 10er Pack - FamilienMode\" \/>\n<meta property=\"og:description\" content=\"10er Pack sportiv und bequeme Remixx Jungen Boxershorts 95% Baumwolle, 5% Elasthan Modellnummer: MBOX000D12\" \/>\n<meta property=\"og:url\" content=\"https:\/\/bekleidungscenter.com\/?product=remixx-jungen-boxershorts-kids-pants-boys-shorts-10er-pack\" \/>\n<meta property=\"og:site_name\" content=\"FamilienMode\" \/>\n<meta property=\"article:modified_time\" content=\"2023-04-10T22:52:00+00:00\" \/>\n<meta property=\"og:image\" content=\"https:\/\/images-na.ssl-images-amazon.com\/images\/I\/51b7xfr8SNL.jpg\" \/>\n\t<meta property=\"og:image:width\" content=\"500\" \/>\n\t<meta property=\"og:image:height\" content=\"500\" \/>\n\t<meta property=\"og:image:type\" content=\"image\/jpeg\" \/>\n<meta name=\"twitter:card\" content=\"summary_large_image\" \/>\n<script type=\"application\/ld+json\" class=\"yoast-schema-graph\">{\"@context\":\"https:\/\/schema.org\",\"@graph\":[{\"@type\":\"WebPage\",\"@id\":\"https:\/\/bekleidungscenter.com\/?product=remixx-jungen-boxershorts-kids-pants-boys-shorts-10er-pack\",\"url\":\"https:\/\/bekleidungscenter.com\/?product=remixx-jungen-boxershorts-kids-pants-boys-shorts-10er-pack\",\"name\":\"REMIXX Jungen Boxershorts Kids Pants Boys Shorts, 10er Pack - FamilienMode\",\"isPartOf\":{\"@id\":\"https:\/\/bekleidungscenter.com\/#website\"},\"datePublished\":\"2021-01-04T06:47:52+00:00\",\"dateModified\":\"2023-04-10T22:52:00+00:00\",\"breadcrumb\":{\"@id\":\"https:\/\/bekleidungscenter.com\/?product=remixx-jungen-boxershorts-kids-pants-boys-shorts-10er-pack#breadcrumb\"},\"inLanguage\":\"de\",\"potentialAction\":[{\"@type\":\"ReadAction\",\"target\":[\"https:\/\/bekleidungscenter.com\/?product=remixx-jungen-boxershorts-kids-pants-boys-shorts-10er-pack\"]}]},{\"@type\":\"BreadcrumbList\",\"@id\":\"https:\/\/bekleidungscenter.com\/?product=remixx-jungen-boxershorts-kids-pants-boys-shorts-10er-pack#breadcrumb\",\"itemListElement\":[{\"@type\":\"ListItem\",\"position\":1,\"name\":\"Home\",\"item\":\"https:\/\/bekleidungscenter.com\/\"},{\"@type\":\"ListItem\",\"position\":2,\"name\":\"Shop\",\"item\":\"https:\/\/bekleidungscenter.com\/?page_id=7\"},{\"@type\":\"ListItem\",\"position\":3,\"name\":\"REMIXX Jungen Boxershorts Kids Pants Boys Shorts, 10er Pack\"}]},{\"@type\":\"WebSite\",\"@id\":\"https:\/\/bekleidungscenter.com\/#website\",\"url\":\"https:\/\/bekleidungscenter.com\/\",\"name\":\"FamilienMode\",\"description\":\"Alles f\u00fcr die ganze Familie\",\"potentialAction\":[{\"@type\":\"SearchAction\",\"target\":{\"@type\":\"EntryPoint\",\"urlTemplate\":\"https:\/\/bekleidungscenter.com\/?s={search_term_string}\"},\"query-input\":\"required name=search_term_string\"}],\"inLanguage\":\"de\"}]}<\/script>\n<!-- \/ Yoast SEO plugin. -->","yoast_head_json":{"title":"REMIXX Jungen Boxershorts Kids Pants Boys Shorts, 10er Pack - FamilienMode","robots":{"index":"index","follow":"follow","max-snippet":"max-snippet:-1","max-image-preview":"max-image-preview:large","max-video-preview":"max-video-preview:-1"},"canonical":"https:\/\/bekleidungscenter.com\/?product=remixx-jungen-boxershorts-kids-pants-boys-shorts-10er-pack","og_locale":"de_DE","og_type":"article","og_title":"REMIXX Jungen Boxershorts Kids Pants Boys Shorts, 10er Pack - FamilienMode","og_description":"10er Pack sportiv und bequeme Remixx Jungen Boxershorts 95% Baumwolle, 5% Elasthan Modellnummer: MBOX000D12","og_url":"https:\/\/bekleidungscenter.com\/?product=remixx-jungen-boxershorts-kids-pants-boys-shorts-10er-pack","og_site_name":"FamilienMode","article_modified_time":"2023-04-10T22:52:00+00:00","og_image":[{"width":500,"height":500,"url":"https:\/\/images-na.ssl-images-amazon.com\/images\/I\/51b7xfr8SNL.jpg","type":"image\/jpeg"}],"twitter_card":"summary_large_image","schema":{"@context":"https:\/\/schema.org","@graph":[{"@type":"WebPage","@id":"https:\/\/bekleidungscenter.com\/?product=remixx-jungen-boxershorts-kids-pants-boys-shorts-10er-pack","url":"https:\/\/bekleidungscenter.com\/?product=remixx-jungen-boxershorts-kids-pants-boys-shorts-10er-pack","name":"REMIXX Jungen Boxershorts Kids Pants Boys Shorts, 10er Pack - FamilienMode","isPartOf":{"@id":"https:\/\/bekleidungscenter.com\/#website"},"datePublished":"2021-01-04T06:47:52+00:00","dateModified":"2023-04-10T22:52:00+00:00","breadcrumb":{"@id":"https:\/\/bekleidungscenter.com\/?product=remixx-jungen-boxershorts-kids-pants-boys-shorts-10er-pack#breadcrumb"},"inLanguage":"de","potentialAction":[{"@type":"ReadAction","target":["https:\/\/bekleidungscenter.com\/?product=remixx-jungen-boxershorts-kids-pants-boys-shorts-10er-pack"]}]},{"@type":"BreadcrumbList","@id":"https:\/\/bekleidungscenter.com\/?product=remixx-jungen-boxershorts-kids-pants-boys-shorts-10er-pack#breadcrumb","itemListElement":[{"@type":"ListItem","position":1,"name":"Home","item":"https:\/\/bekleidungscenter.com\/"},{"@type":"ListItem","position":2,"name":"Shop","item":"https:\/\/bekleidungscenter.com\/?page_id=7"},{"@type":"ListItem","position":3,"name":"REMIXX Jungen Boxershorts Kids Pants Boys Shorts, 10er Pack"}]},{"@type":"WebSite","@id":"https:\/\/bekleidungscenter.com\/#website","url":"https:\/\/bekleidungscenter.com\/","name":"FamilienMode","description":"Alles f\u00fcr die ganze Familie","potentialAction":[{"@type":"SearchAction","target":{"@type":"EntryPoint","urlTemplate":"https:\/\/bekleidungscenter.com\/?s={search_term_string}"},"query-input":"required name=search_term_string"}],"inLanguage":"de"}]}},"_links":{"self":[{"href":"https:\/\/bekleidungscenter.com\/index.php?rest_route=\/wp\/v2\/product\/13339"}],"collection":[{"href":"https:\/\/bekleidungscenter.com\/index.php?rest_route=\/wp\/v2\/product"}],"about":[{"href":"https:\/\/bekleidungscenter.com\/index.php?rest_route=\/wp\/v2\/types\/product"}],"replies":[{"embeddable":true,"href":"https:\/\/bekleidungscenter.com\/index.php?rest_route=%2Fwp%2Fv2%2Fcomments&post=13339"}],"wp:featuredmedia":[{"embeddable":true,"href":"https:\/\/bekleidungscenter.com\/index.php?rest_route=\/wp\/v2\/media\/13341"}],"wp:attachment":[{"href":"https:\/\/bekleidungscenter.com\/index.php?rest_route=%2Fwp%2Fv2%2Fmedia&parent=13339"}],"wp:term":[{"taxonomy":"product_cat","embeddable":true,"href":"https:\/\/bekleidungscenter.com\/index.php?rest_route=%2Fwp%2Fv2%2Fproduct_cat&post=13339"},{"taxonomy":"product_tag","embeddable":true,"href":"https:\/\/bekleidungscenter.com\/index.php?rest_route=%2Fwp%2Fv2%2Fproduct_tag&post=13339"}],"curies":[{"name":"wp","href":"https:\/\/api.w.org\/{rel}","templated":true}]}}