{"id":13621,"date":"2021-01-04T07:09:21","date_gmt":"2021-01-04T07:09:21","guid":{"rendered":"http:\/\/bekleidungscenter.com\/?product=garcia-jungen-sweat-hose-n83719"},"modified":"2023-04-09T22:51:31","modified_gmt":"2023-04-09T22:51:31","slug":"garcia-jungen-sweat-hose-n83719","status":"publish","type":"product","link":"https:\/\/bekleidungscenter.com\/?product=garcia-jungen-sweat-hose-n83719","title":{"rendered":"Garcia Jungen Jogpants Sweathose raw Black"},"content":{"rendered":"<p><!-- show up to 2 reviews by default --> <\/p>\n<p>Garcia Sweathose anstatt Jungen<br \/>Jogpants anstatt Jungen jeglicher SweatmaterialRundumgummizug qua verstellbarer Kordel2 Einschubtaschenaufgesetzte Ges\u00e4\u00dftascheSteppn\u00e4hte an den OberschenkelnTeilungsn\u00e4hte an den Knienschmal geschnittene HosenbeineRippstrickb\u00fcndchen am Saumaufgesetztes Schriftband an den Seiten<br \/>Material<br \/>80 % Baumwolle20 % Polyester<br \/>Farbe<br \/>raw black &#8211; negrid <\/p>\n<p>Garcia Sweathose anstatt Jungen<br \/>\nJogpants anstatt Jungen jeglicher Sweatmaterial<br \/>\nVerstopfung: kordelzug<br \/>\n80% Baumwolle, 20% Polyester<br \/>\nModellnummer: N83719<br \/>\nRundumgummizug qua verstellbarer Kordel<br \/>\n2 Einschubtaschen<br \/>\naufgesetzte Ges\u00e4\u00dftasche<br \/>\n<div class=\"main-cross-sell\" data-asin=\"B079GV6LH8\">\n\n\t<div class=\"WooZone-cross-sell-loader\">\n\t\t<div>\n\t\t\t<div id=\"floatingBarsG\">\n\t\t\t\t<div class=\"blockG\" id=\"rotateG_01\"><\/div>\n\t\t\t\t<div class=\"blockG\" id=\"rotateG_02\"><\/div>\n\t\t\t\t<div class=\"blockG\" id=\"rotateG_03\"><\/div>\n\t\t\t\t<div class=\"blockG\" id=\"rotateG_04\"><\/div>\n\t\t\t\t<div class=\"blockG\" id=\"rotateG_05\"><\/div>\n\t\t\t\t<div class=\"blockG\" id=\"rotateG_06\"><\/div>\n\t\t\t\t<div class=\"blockG\" id=\"rotateG_07\"><\/div>\n\t\t\t\t<div class=\"blockG\" id=\"rotateG_08\"><\/div>\n\t\t\t<\/div>\n\t\t\t<div class=\"WooZone-cross-sell-loader-text\"><\/div>\n\t\t<\/div>\n\t<\/div>\n\n\t\t\n<\/div>\n<div style=\"clear:both;\"><\/div><\/p>\n","protected":false},"excerpt":{"rendered":"<p>Garcia Sweathose f\u00fcr Jungen<br \/>\nJogpants f\u00fcr Jungen aus Sweatmaterial<br \/>\nVerschluss: kordelzug<\/p>\n","protected":false},"featured_media":13622,"comment_status":"open","ping_status":"closed","template":"","meta":[],"product_cat":[1081,132],"product_tag":[],"yoast_head":"<!-- This site is optimized with the Yoast SEO plugin v20.6 - https:\/\/yoast.com\/wordpress\/plugins\/seo\/ -->\n<title>Garcia Jungen Jogpants Sweathose raw Black - FamilienMode<\/title>\n<meta name=\"robots\" content=\"index, follow, max-snippet:-1, max-image-preview:large, max-video-preview:-1\" \/>\n<link rel=\"canonical\" href=\"https:\/\/bekleidungscenter.com\/?product=garcia-jungen-sweat-hose-n83719\" \/>\n<meta property=\"og:locale\" content=\"de_DE\" \/>\n<meta property=\"og:type\" content=\"article\" \/>\n<meta property=\"og:title\" content=\"Garcia Jungen Jogpants Sweathose raw Black - FamilienMode\" \/>\n<meta property=\"og:description\" content=\"Garcia Sweathose f\u00fcr Jungen Jogpants f\u00fcr Jungen aus Sweatmaterial Verschluss: kordelzug\" \/>\n<meta property=\"og:url\" content=\"https:\/\/bekleidungscenter.com\/?product=garcia-jungen-sweat-hose-n83719\" \/>\n<meta property=\"og:site_name\" content=\"FamilienMode\" \/>\n<meta property=\"article:modified_time\" content=\"2023-04-09T22:51:31+00:00\" \/>\n<meta property=\"og:image\" content=\"https:\/\/images-na.ssl-images-amazon.com\/images\/I\/21e36HkD2kL.jpg\" \/>\n\t<meta property=\"og:image:width\" content=\"500\" \/>\n\t<meta property=\"og:image:height\" content=\"500\" \/>\n\t<meta property=\"og:image:type\" content=\"image\/jpeg\" \/>\n<meta name=\"twitter:card\" content=\"summary_large_image\" \/>\n<script type=\"application\/ld+json\" class=\"yoast-schema-graph\">{\"@context\":\"https:\/\/schema.org\",\"@graph\":[{\"@type\":\"WebPage\",\"@id\":\"https:\/\/bekleidungscenter.com\/?product=garcia-jungen-sweat-hose-n83719\",\"url\":\"https:\/\/bekleidungscenter.com\/?product=garcia-jungen-sweat-hose-n83719\",\"name\":\"Garcia Jungen Jogpants Sweathose raw Black - FamilienMode\",\"isPartOf\":{\"@id\":\"https:\/\/bekleidungscenter.com\/#website\"},\"datePublished\":\"2021-01-04T07:09:21+00:00\",\"dateModified\":\"2023-04-09T22:51:31+00:00\",\"breadcrumb\":{\"@id\":\"https:\/\/bekleidungscenter.com\/?product=garcia-jungen-sweat-hose-n83719#breadcrumb\"},\"inLanguage\":\"de\",\"potentialAction\":[{\"@type\":\"ReadAction\",\"target\":[\"https:\/\/bekleidungscenter.com\/?product=garcia-jungen-sweat-hose-n83719\"]}]},{\"@type\":\"BreadcrumbList\",\"@id\":\"https:\/\/bekleidungscenter.com\/?product=garcia-jungen-sweat-hose-n83719#breadcrumb\",\"itemListElement\":[{\"@type\":\"ListItem\",\"position\":1,\"name\":\"Home\",\"item\":\"https:\/\/bekleidungscenter.com\/\"},{\"@type\":\"ListItem\",\"position\":2,\"name\":\"Shop\",\"item\":\"https:\/\/bekleidungscenter.com\/?page_id=7\"},{\"@type\":\"ListItem\",\"position\":3,\"name\":\"Garcia Jungen Jogpants Sweathose raw Black\"}]},{\"@type\":\"WebSite\",\"@id\":\"https:\/\/bekleidungscenter.com\/#website\",\"url\":\"https:\/\/bekleidungscenter.com\/\",\"name\":\"FamilienMode\",\"description\":\"Alles f\u00fcr die ganze Familie\",\"potentialAction\":[{\"@type\":\"SearchAction\",\"target\":{\"@type\":\"EntryPoint\",\"urlTemplate\":\"https:\/\/bekleidungscenter.com\/?s={search_term_string}\"},\"query-input\":\"required name=search_term_string\"}],\"inLanguage\":\"de\"}]}<\/script>\n<!-- \/ Yoast SEO plugin. -->","yoast_head_json":{"title":"Garcia Jungen Jogpants Sweathose raw Black - FamilienMode","robots":{"index":"index","follow":"follow","max-snippet":"max-snippet:-1","max-image-preview":"max-image-preview:large","max-video-preview":"max-video-preview:-1"},"canonical":"https:\/\/bekleidungscenter.com\/?product=garcia-jungen-sweat-hose-n83719","og_locale":"de_DE","og_type":"article","og_title":"Garcia Jungen Jogpants Sweathose raw Black - FamilienMode","og_description":"Garcia Sweathose f\u00fcr Jungen Jogpants f\u00fcr Jungen aus Sweatmaterial Verschluss: kordelzug","og_url":"https:\/\/bekleidungscenter.com\/?product=garcia-jungen-sweat-hose-n83719","og_site_name":"FamilienMode","article_modified_time":"2023-04-09T22:51:31+00:00","og_image":[{"width":500,"height":500,"url":"https:\/\/images-na.ssl-images-amazon.com\/images\/I\/21e36HkD2kL.jpg","type":"image\/jpeg"}],"twitter_card":"summary_large_image","schema":{"@context":"https:\/\/schema.org","@graph":[{"@type":"WebPage","@id":"https:\/\/bekleidungscenter.com\/?product=garcia-jungen-sweat-hose-n83719","url":"https:\/\/bekleidungscenter.com\/?product=garcia-jungen-sweat-hose-n83719","name":"Garcia Jungen Jogpants Sweathose raw Black - FamilienMode","isPartOf":{"@id":"https:\/\/bekleidungscenter.com\/#website"},"datePublished":"2021-01-04T07:09:21+00:00","dateModified":"2023-04-09T22:51:31+00:00","breadcrumb":{"@id":"https:\/\/bekleidungscenter.com\/?product=garcia-jungen-sweat-hose-n83719#breadcrumb"},"inLanguage":"de","potentialAction":[{"@type":"ReadAction","target":["https:\/\/bekleidungscenter.com\/?product=garcia-jungen-sweat-hose-n83719"]}]},{"@type":"BreadcrumbList","@id":"https:\/\/bekleidungscenter.com\/?product=garcia-jungen-sweat-hose-n83719#breadcrumb","itemListElement":[{"@type":"ListItem","position":1,"name":"Home","item":"https:\/\/bekleidungscenter.com\/"},{"@type":"ListItem","position":2,"name":"Shop","item":"https:\/\/bekleidungscenter.com\/?page_id=7"},{"@type":"ListItem","position":3,"name":"Garcia Jungen Jogpants Sweathose raw Black"}]},{"@type":"WebSite","@id":"https:\/\/bekleidungscenter.com\/#website","url":"https:\/\/bekleidungscenter.com\/","name":"FamilienMode","description":"Alles f\u00fcr die ganze Familie","potentialAction":[{"@type":"SearchAction","target":{"@type":"EntryPoint","urlTemplate":"https:\/\/bekleidungscenter.com\/?s={search_term_string}"},"query-input":"required name=search_term_string"}],"inLanguage":"de"}]}},"_links":{"self":[{"href":"https:\/\/bekleidungscenter.com\/index.php?rest_route=\/wp\/v2\/product\/13621"}],"collection":[{"href":"https:\/\/bekleidungscenter.com\/index.php?rest_route=\/wp\/v2\/product"}],"about":[{"href":"https:\/\/bekleidungscenter.com\/index.php?rest_route=\/wp\/v2\/types\/product"}],"replies":[{"embeddable":true,"href":"https:\/\/bekleidungscenter.com\/index.php?rest_route=%2Fwp%2Fv2%2Fcomments&post=13621"}],"wp:featuredmedia":[{"embeddable":true,"href":"https:\/\/bekleidungscenter.com\/index.php?rest_route=\/wp\/v2\/media\/13622"}],"wp:attachment":[{"href":"https:\/\/bekleidungscenter.com\/index.php?rest_route=%2Fwp%2Fv2%2Fmedia&parent=13621"}],"wp:term":[{"taxonomy":"product_cat","embeddable":true,"href":"https:\/\/bekleidungscenter.com\/index.php?rest_route=%2Fwp%2Fv2%2Fproduct_cat&post=13621"},{"taxonomy":"product_tag","embeddable":true,"href":"https:\/\/bekleidungscenter.com\/index.php?rest_route=%2Fwp%2Fv2%2Fproduct_tag&post=13621"}],"curies":[{"name":"wp","href":"https:\/\/api.w.org\/{rel}","templated":true}]}}