{"id":14258,"date":"2021-01-04T08:01:18","date_gmt":"2021-01-04T08:01:18","guid":{"rendered":"http:\/\/bekleidungscenter.com\/?product=sterntaler-jungen-strumpfhose-uni-dp-sport-leggings"},"modified":"2023-04-08T22:32:32","modified_gmt":"2023-04-08T22:32:32","slug":"sterntaler-jungen-strumpfhose-uni-dp-sport-leggings","status":"publish","type":"product","link":"https:\/\/bekleidungscenter.com\/?product=sterntaler-jungen-strumpfhose-uni-dp-sport-leggings","title":{"rendered":"Sterntaler Jungen Strumpfhose Uni Dp Sport Leggings"},"content":{"rendered":"<p><!-- show up to 2 reviews by default --> <\/p>\n<p>Zwei Strumpfhosen aufgebraucht strapazierf\u00e4higer Baumwollmischung, Ideal anstatt jeden Tag ansonsten zu verschiedenen Anl\u00e4ssen, Sonderlich anliegend kalten Temperaturen &#8211; Brauchbar anstatt Kleinkinder, Elastischer Zusammenschluss anstatt besseren Knauf, Ohne Gummidruck &#8211; Hochwertige Execution ansonsten Materialien: 75% Baumwolle, 22% Polyester, 3% Elasthan &#8211; Leichte Reinigung ansonsten Pflege: Maschinenwaschbar anliegend 40\u00b0, Trocknergeeignet &#8211; Lieferumfang: 1 Doppelpack Sterntaler Strumpfhose, Gr\u00f6\u00dfe: 92, Farbe: Anthrazit <\/p>\n<p>Zwei Strumpfhosen aufgebraucht strapazierf\u00e4higer Baumwollmischung, Ideal anstatt jeden Tag ansonsten zu verschiedenen Anl\u00e4ssen, Sonderlich anliegend kalten Temperaturen<br \/>\nBrauchbar anstatt Kleinkinder, Elastischer Zusammenschluss anstatt besseren Knauf, Ohne Gummidruck<br \/>\nVerschluss: elastischen band<br \/>\n75% Baumwolle, 22% Polyester, 3% Elasthan<br \/>\nStrumpfhose<br \/>\nPflegehinweis: Abwaschen 40\u00b0, nicht chemisch Reinigen, Trommeltrocknen schonend, nicht B\u00fcgeln, nicht Bleichen<br \/>\nModellnummer: 8601730<br \/>\nHochwertige Execution ansonsten Materialien: 75% Baumwolle, 22% Polyester, 3% Elasthan<br \/>\nLeichte Reinigung ansonsten Pflege: Maschinenwaschbar anliegend 40\u00b0, Trocknergeeignet<br \/>\nLieferumfang: 1 Doppelpack Sterntaler Strumpfhose, Gr\u00f6\u00dfe: 92, Farbe: Anthrazit<br \/>\n<div class=\"main-cross-sell\" data-asin=\"B01MYTHXOP\">\n\n\t<div class=\"WooZone-cross-sell-loader\">\n\t\t<div>\n\t\t\t<div id=\"floatingBarsG\">\n\t\t\t\t<div class=\"blockG\" id=\"rotateG_01\"><\/div>\n\t\t\t\t<div class=\"blockG\" id=\"rotateG_02\"><\/div>\n\t\t\t\t<div class=\"blockG\" id=\"rotateG_03\"><\/div>\n\t\t\t\t<div class=\"blockG\" id=\"rotateG_04\"><\/div>\n\t\t\t\t<div class=\"blockG\" id=\"rotateG_05\"><\/div>\n\t\t\t\t<div class=\"blockG\" id=\"rotateG_06\"><\/div>\n\t\t\t\t<div class=\"blockG\" id=\"rotateG_07\"><\/div>\n\t\t\t\t<div class=\"blockG\" id=\"rotateG_08\"><\/div>\n\t\t\t<\/div>\n\t\t\t<div class=\"WooZone-cross-sell-loader-text\"><\/div>\n\t\t<\/div>\n\t<\/div>\n\n\t\t\n<\/div>\n<div style=\"clear:both;\"><\/div><\/p>\n","protected":false},"excerpt":{"rendered":"<p>Zwei Strumpfhosen aus strapazierf\u00e4higer Baumwollmischung, Ideal f\u00fcr jeden Tag und zu verschiedenen Anl\u00e4ssen, Besonders bei kalten Temperaturen<br \/>\nGeeignet f\u00fcr Kleinkinder, Elastischer Bund f\u00fcr besseren Halt, Ohne Gummidruck<br \/>\nVerschluss: elastischen band<\/p>\n","protected":false},"featured_media":14259,"comment_status":"open","ping_status":"closed","template":"","meta":[],"product_cat":[124],"product_tag":[],"yoast_head":"<!-- This site is optimized with the Yoast SEO plugin v20.6 - https:\/\/yoast.com\/wordpress\/plugins\/seo\/ -->\n<title>Sterntaler Jungen Strumpfhose Uni Dp Sport Leggings - FamilienMode<\/title>\n<meta name=\"robots\" content=\"index, follow, max-snippet:-1, max-image-preview:large, max-video-preview:-1\" \/>\n<link rel=\"canonical\" href=\"https:\/\/bekleidungscenter.com\/?product=sterntaler-jungen-strumpfhose-uni-dp-sport-leggings\" \/>\n<meta property=\"og:locale\" content=\"de_DE\" \/>\n<meta property=\"og:type\" content=\"article\" \/>\n<meta property=\"og:title\" content=\"Sterntaler Jungen Strumpfhose Uni Dp Sport Leggings - FamilienMode\" \/>\n<meta property=\"og:description\" content=\"Zwei Strumpfhosen aus strapazierf\u00e4higer Baumwollmischung, Ideal f\u00fcr jeden Tag und zu verschiedenen Anl\u00e4ssen, Besonders bei kalten Temperaturen Geeignet f\u00fcr Kleinkinder, Elastischer Bund f\u00fcr besseren Halt, Ohne Gummidruck Verschluss: elastischen band\" \/>\n<meta property=\"og:url\" content=\"https:\/\/bekleidungscenter.com\/?product=sterntaler-jungen-strumpfhose-uni-dp-sport-leggings\" \/>\n<meta property=\"og:site_name\" content=\"FamilienMode\" \/>\n<meta property=\"article:modified_time\" content=\"2023-04-08T22:32:32+00:00\" \/>\n<meta property=\"og:image\" content=\"https:\/\/images-na.ssl-images-amazon.com\/images\/I\/31DOCPkezuL.jpg\" \/>\n\t<meta property=\"og:image:width\" content=\"500\" \/>\n\t<meta property=\"og:image:height\" content=\"500\" \/>\n\t<meta property=\"og:image:type\" content=\"image\/jpeg\" \/>\n<meta name=\"twitter:card\" content=\"summary_large_image\" \/>\n<meta name=\"twitter:label1\" content=\"Gesch\u00e4tzte Lesezeit\" \/>\n\t<meta name=\"twitter:data1\" content=\"1\u00a0Minute\" \/>\n<script type=\"application\/ld+json\" class=\"yoast-schema-graph\">{\"@context\":\"https:\/\/schema.org\",\"@graph\":[{\"@type\":\"WebPage\",\"@id\":\"https:\/\/bekleidungscenter.com\/?product=sterntaler-jungen-strumpfhose-uni-dp-sport-leggings\",\"url\":\"https:\/\/bekleidungscenter.com\/?product=sterntaler-jungen-strumpfhose-uni-dp-sport-leggings\",\"name\":\"Sterntaler Jungen Strumpfhose Uni Dp Sport Leggings - FamilienMode\",\"isPartOf\":{\"@id\":\"https:\/\/bekleidungscenter.com\/#website\"},\"datePublished\":\"2021-01-04T08:01:18+00:00\",\"dateModified\":\"2023-04-08T22:32:32+00:00\",\"breadcrumb\":{\"@id\":\"https:\/\/bekleidungscenter.com\/?product=sterntaler-jungen-strumpfhose-uni-dp-sport-leggings#breadcrumb\"},\"inLanguage\":\"de\",\"potentialAction\":[{\"@type\":\"ReadAction\",\"target\":[\"https:\/\/bekleidungscenter.com\/?product=sterntaler-jungen-strumpfhose-uni-dp-sport-leggings\"]}]},{\"@type\":\"BreadcrumbList\",\"@id\":\"https:\/\/bekleidungscenter.com\/?product=sterntaler-jungen-strumpfhose-uni-dp-sport-leggings#breadcrumb\",\"itemListElement\":[{\"@type\":\"ListItem\",\"position\":1,\"name\":\"Home\",\"item\":\"https:\/\/bekleidungscenter.com\/\"},{\"@type\":\"ListItem\",\"position\":2,\"name\":\"Shop\",\"item\":\"https:\/\/bekleidungscenter.com\/?page_id=7\"},{\"@type\":\"ListItem\",\"position\":3,\"name\":\"Sterntaler Jungen Strumpfhose Uni Dp Sport Leggings\"}]},{\"@type\":\"WebSite\",\"@id\":\"https:\/\/bekleidungscenter.com\/#website\",\"url\":\"https:\/\/bekleidungscenter.com\/\",\"name\":\"FamilienMode\",\"description\":\"Alles f\u00fcr die ganze Familie\",\"potentialAction\":[{\"@type\":\"SearchAction\",\"target\":{\"@type\":\"EntryPoint\",\"urlTemplate\":\"https:\/\/bekleidungscenter.com\/?s={search_term_string}\"},\"query-input\":\"required name=search_term_string\"}],\"inLanguage\":\"de\"}]}<\/script>\n<!-- \/ Yoast SEO plugin. -->","yoast_head_json":{"title":"Sterntaler Jungen Strumpfhose Uni Dp Sport Leggings - FamilienMode","robots":{"index":"index","follow":"follow","max-snippet":"max-snippet:-1","max-image-preview":"max-image-preview:large","max-video-preview":"max-video-preview:-1"},"canonical":"https:\/\/bekleidungscenter.com\/?product=sterntaler-jungen-strumpfhose-uni-dp-sport-leggings","og_locale":"de_DE","og_type":"article","og_title":"Sterntaler Jungen Strumpfhose Uni Dp Sport Leggings - FamilienMode","og_description":"Zwei Strumpfhosen aus strapazierf\u00e4higer Baumwollmischung, Ideal f\u00fcr jeden Tag und zu verschiedenen Anl\u00e4ssen, Besonders bei kalten Temperaturen Geeignet f\u00fcr Kleinkinder, Elastischer Bund f\u00fcr besseren Halt, Ohne Gummidruck Verschluss: elastischen band","og_url":"https:\/\/bekleidungscenter.com\/?product=sterntaler-jungen-strumpfhose-uni-dp-sport-leggings","og_site_name":"FamilienMode","article_modified_time":"2023-04-08T22:32:32+00:00","og_image":[{"width":500,"height":500,"url":"https:\/\/images-na.ssl-images-amazon.com\/images\/I\/31DOCPkezuL.jpg","type":"image\/jpeg"}],"twitter_card":"summary_large_image","twitter_misc":{"Gesch\u00e4tzte Lesezeit":"1\u00a0Minute"},"schema":{"@context":"https:\/\/schema.org","@graph":[{"@type":"WebPage","@id":"https:\/\/bekleidungscenter.com\/?product=sterntaler-jungen-strumpfhose-uni-dp-sport-leggings","url":"https:\/\/bekleidungscenter.com\/?product=sterntaler-jungen-strumpfhose-uni-dp-sport-leggings","name":"Sterntaler Jungen Strumpfhose Uni Dp Sport Leggings - FamilienMode","isPartOf":{"@id":"https:\/\/bekleidungscenter.com\/#website"},"datePublished":"2021-01-04T08:01:18+00:00","dateModified":"2023-04-08T22:32:32+00:00","breadcrumb":{"@id":"https:\/\/bekleidungscenter.com\/?product=sterntaler-jungen-strumpfhose-uni-dp-sport-leggings#breadcrumb"},"inLanguage":"de","potentialAction":[{"@type":"ReadAction","target":["https:\/\/bekleidungscenter.com\/?product=sterntaler-jungen-strumpfhose-uni-dp-sport-leggings"]}]},{"@type":"BreadcrumbList","@id":"https:\/\/bekleidungscenter.com\/?product=sterntaler-jungen-strumpfhose-uni-dp-sport-leggings#breadcrumb","itemListElement":[{"@type":"ListItem","position":1,"name":"Home","item":"https:\/\/bekleidungscenter.com\/"},{"@type":"ListItem","position":2,"name":"Shop","item":"https:\/\/bekleidungscenter.com\/?page_id=7"},{"@type":"ListItem","position":3,"name":"Sterntaler Jungen Strumpfhose Uni Dp Sport Leggings"}]},{"@type":"WebSite","@id":"https:\/\/bekleidungscenter.com\/#website","url":"https:\/\/bekleidungscenter.com\/","name":"FamilienMode","description":"Alles f\u00fcr die ganze Familie","potentialAction":[{"@type":"SearchAction","target":{"@type":"EntryPoint","urlTemplate":"https:\/\/bekleidungscenter.com\/?s={search_term_string}"},"query-input":"required name=search_term_string"}],"inLanguage":"de"}]}},"_links":{"self":[{"href":"https:\/\/bekleidungscenter.com\/index.php?rest_route=\/wp\/v2\/product\/14258"}],"collection":[{"href":"https:\/\/bekleidungscenter.com\/index.php?rest_route=\/wp\/v2\/product"}],"about":[{"href":"https:\/\/bekleidungscenter.com\/index.php?rest_route=\/wp\/v2\/types\/product"}],"replies":[{"embeddable":true,"href":"https:\/\/bekleidungscenter.com\/index.php?rest_route=%2Fwp%2Fv2%2Fcomments&post=14258"}],"wp:featuredmedia":[{"embeddable":true,"href":"https:\/\/bekleidungscenter.com\/index.php?rest_route=\/wp\/v2\/media\/14259"}],"wp:attachment":[{"href":"https:\/\/bekleidungscenter.com\/index.php?rest_route=%2Fwp%2Fv2%2Fmedia&parent=14258"}],"wp:term":[{"taxonomy":"product_cat","embeddable":true,"href":"https:\/\/bekleidungscenter.com\/index.php?rest_route=%2Fwp%2Fv2%2Fproduct_cat&post=14258"},{"taxonomy":"product_tag","embeddable":true,"href":"https:\/\/bekleidungscenter.com\/index.php?rest_route=%2Fwp%2Fv2%2Fproduct_tag&post=14258"}],"curies":[{"name":"wp","href":"https:\/\/api.w.org\/{rel}","templated":true}]}}