{"id":14339,"date":"2021-01-04T08:42:18","date_gmt":"2021-01-04T08:42:18","guid":{"rendered":"http:\/\/bekleidungscenter.com\/?product=trollkids-quick-dry-zip-off-hose-oppland-slim-fit"},"modified":"2023-04-08T22:32:34","modified_gmt":"2023-04-08T22:32:34","slug":"trollkids-quick-dry-zip-off-hose-oppland-slim-fit","status":"publish","type":"product","link":"https:\/\/bekleidungscenter.com\/?product=trollkids-quick-dry-zip-off-hose-oppland-slim-fit","title":{"rendered":"Trollkids Quick-Dry Zip-Off Hose Oppland Slim Fit"},"content":{"rendered":"<p><!-- show up to 2 reviews by default --> <\/p>\n<p>Strapazierf\u00e4hige, atmungsaktive und leichte Trekkinghose nicht mehr da schnell trocknendem, angenehm zu tragenden Polyamid-Gewebe. Der Stoff der Hose hat einen weichen textilen Griff und zeigt sich \u00fcberaus resistent gegen oberfl\u00e4chliche Verschmutzungen. Die Oppland Pants kann entweder qua lange Hose oder durch Abzippen qua kurze Hose getragen werden. Ideal an Stelle \u00dcbergangszeiten, wenn es morgens noch ansonsten ist, tags\u00fcber andererseits allerdings warm. Bekannt als an Stelle Reisen und Wanderungen, wo jedes Gramm und ganz Stauraum z\u00e4hlt, ist diese multifunktionale Hose ein echtes \u201eMuss\u201c. Die Hose ist gr\u00f6\u00dfenverstellbar am Koalition und hat zus\u00e4tzlich einen Gummizug. Oberstoff: 100% Polyamid; Futter: 100% Polyester <\/p>\n<p>schnell trocknendes, angenehm zu tragendes Polyamid-Gewebe, strapazierf\u00e4hig, atmungsaktiv und leicht<br \/>\n\u00fcberaus resistent gegen oberfl\u00e4chliche Verschmutzungen<br \/>\nOuter F.:100% Polyamid; Lining: 100% Polyester<br \/>\nOutdoor<br \/>\nPflegehinweis: Mashine Wash (Cold); Do not Iron; Do not Bleach; Do not Dryclean; Do not Tumble Dry<br \/>\nentweder lange Hose oder kurze Hose<br \/>\ngr\u00f6\u00dfenverstellbar am Koalition, mit zus\u00e4tzlichem Gummizug<br \/>\n<div class=\"main-cross-sell\" data-asin=\"B079SZXT52\">\n\n\t<div class=\"WooZone-cross-sell-loader\">\n\t\t<div>\n\t\t\t<div id=\"floatingBarsG\">\n\t\t\t\t<div class=\"blockG\" id=\"rotateG_01\"><\/div>\n\t\t\t\t<div class=\"blockG\" id=\"rotateG_02\"><\/div>\n\t\t\t\t<div class=\"blockG\" id=\"rotateG_03\"><\/div>\n\t\t\t\t<div class=\"blockG\" id=\"rotateG_04\"><\/div>\n\t\t\t\t<div class=\"blockG\" id=\"rotateG_05\"><\/div>\n\t\t\t\t<div class=\"blockG\" id=\"rotateG_06\"><\/div>\n\t\t\t\t<div class=\"blockG\" id=\"rotateG_07\"><\/div>\n\t\t\t\t<div class=\"blockG\" id=\"rotateG_08\"><\/div>\n\t\t\t<\/div>\n\t\t\t<div class=\"WooZone-cross-sell-loader-text\"><\/div>\n\t\t<\/div>\n\t<\/div>\n\n\t\t\n<\/div>\n<div style=\"clear:both;\"><\/div><\/p>\n","protected":false},"excerpt":{"rendered":"<p>schnell trocknendes, angenehm zu tragendes Polyamid-Gewebe, strapazierf\u00e4hig, atmungsaktiv und leicht<br \/>\nbesonders resistent gegen oberfl\u00e4chliche Verschmutzungen<br \/>\nOuter F.:100% Polyamid; Lining: 100% Polyester<\/p>\n","protected":false},"featured_media":14340,"comment_status":"open","ping_status":"closed","template":"","meta":[],"product_cat":[124],"product_tag":[],"yoast_head":"<!-- This site is optimized with the Yoast SEO plugin v20.6 - https:\/\/yoast.com\/wordpress\/plugins\/seo\/ -->\n<title>Trollkids Quick-Dry Zip-Off Hose Oppland Slim Fit - FamilienMode<\/title>\n<meta name=\"robots\" content=\"index, follow, max-snippet:-1, max-image-preview:large, max-video-preview:-1\" \/>\n<link rel=\"canonical\" href=\"https:\/\/bekleidungscenter.com\/?product=trollkids-quick-dry-zip-off-hose-oppland-slim-fit\" \/>\n<meta property=\"og:locale\" content=\"de_DE\" \/>\n<meta property=\"og:type\" content=\"article\" \/>\n<meta property=\"og:title\" content=\"Trollkids Quick-Dry Zip-Off Hose Oppland Slim Fit - FamilienMode\" \/>\n<meta property=\"og:description\" content=\"schnell trocknendes, angenehm zu tragendes Polyamid-Gewebe, strapazierf\u00e4hig, atmungsaktiv und leicht besonders resistent gegen oberfl\u00e4chliche Verschmutzungen Outer F.:100% Polyamid; Lining: 100% Polyester\" \/>\n<meta property=\"og:url\" content=\"https:\/\/bekleidungscenter.com\/?product=trollkids-quick-dry-zip-off-hose-oppland-slim-fit\" \/>\n<meta property=\"og:site_name\" content=\"FamilienMode\" \/>\n<meta property=\"article:modified_time\" content=\"2023-04-08T22:32:34+00:00\" \/>\n<meta property=\"og:image\" content=\"https:\/\/images-na.ssl-images-amazon.com\/images\/I\/41KSbl2VPFL.jpg\" \/>\n\t<meta property=\"og:image:width\" content=\"500\" \/>\n\t<meta property=\"og:image:height\" content=\"500\" \/>\n\t<meta property=\"og:image:type\" content=\"image\/jpeg\" \/>\n<meta name=\"twitter:card\" content=\"summary_large_image\" \/>\n<meta name=\"twitter:label1\" content=\"Gesch\u00e4tzte Lesezeit\" \/>\n\t<meta name=\"twitter:data1\" content=\"1\u00a0Minute\" \/>\n<script type=\"application\/ld+json\" class=\"yoast-schema-graph\">{\"@context\":\"https:\/\/schema.org\",\"@graph\":[{\"@type\":\"WebPage\",\"@id\":\"https:\/\/bekleidungscenter.com\/?product=trollkids-quick-dry-zip-off-hose-oppland-slim-fit\",\"url\":\"https:\/\/bekleidungscenter.com\/?product=trollkids-quick-dry-zip-off-hose-oppland-slim-fit\",\"name\":\"Trollkids Quick-Dry Zip-Off Hose Oppland Slim Fit - FamilienMode\",\"isPartOf\":{\"@id\":\"https:\/\/bekleidungscenter.com\/#website\"},\"datePublished\":\"2021-01-04T08:42:18+00:00\",\"dateModified\":\"2023-04-08T22:32:34+00:00\",\"breadcrumb\":{\"@id\":\"https:\/\/bekleidungscenter.com\/?product=trollkids-quick-dry-zip-off-hose-oppland-slim-fit#breadcrumb\"},\"inLanguage\":\"de\",\"potentialAction\":[{\"@type\":\"ReadAction\",\"target\":[\"https:\/\/bekleidungscenter.com\/?product=trollkids-quick-dry-zip-off-hose-oppland-slim-fit\"]}]},{\"@type\":\"BreadcrumbList\",\"@id\":\"https:\/\/bekleidungscenter.com\/?product=trollkids-quick-dry-zip-off-hose-oppland-slim-fit#breadcrumb\",\"itemListElement\":[{\"@type\":\"ListItem\",\"position\":1,\"name\":\"Home\",\"item\":\"https:\/\/bekleidungscenter.com\/\"},{\"@type\":\"ListItem\",\"position\":2,\"name\":\"Shop\",\"item\":\"https:\/\/bekleidungscenter.com\/?page_id=7\"},{\"@type\":\"ListItem\",\"position\":3,\"name\":\"Trollkids Quick-Dry Zip-Off Hose Oppland Slim Fit\"}]},{\"@type\":\"WebSite\",\"@id\":\"https:\/\/bekleidungscenter.com\/#website\",\"url\":\"https:\/\/bekleidungscenter.com\/\",\"name\":\"FamilienMode\",\"description\":\"Alles f\u00fcr die ganze Familie\",\"potentialAction\":[{\"@type\":\"SearchAction\",\"target\":{\"@type\":\"EntryPoint\",\"urlTemplate\":\"https:\/\/bekleidungscenter.com\/?s={search_term_string}\"},\"query-input\":\"required name=search_term_string\"}],\"inLanguage\":\"de\"}]}<\/script>\n<!-- \/ Yoast SEO plugin. -->","yoast_head_json":{"title":"Trollkids Quick-Dry Zip-Off Hose Oppland Slim Fit - FamilienMode","robots":{"index":"index","follow":"follow","max-snippet":"max-snippet:-1","max-image-preview":"max-image-preview:large","max-video-preview":"max-video-preview:-1"},"canonical":"https:\/\/bekleidungscenter.com\/?product=trollkids-quick-dry-zip-off-hose-oppland-slim-fit","og_locale":"de_DE","og_type":"article","og_title":"Trollkids Quick-Dry Zip-Off Hose Oppland Slim Fit - FamilienMode","og_description":"schnell trocknendes, angenehm zu tragendes Polyamid-Gewebe, strapazierf\u00e4hig, atmungsaktiv und leicht besonders resistent gegen oberfl\u00e4chliche Verschmutzungen Outer F.:100% Polyamid; Lining: 100% Polyester","og_url":"https:\/\/bekleidungscenter.com\/?product=trollkids-quick-dry-zip-off-hose-oppland-slim-fit","og_site_name":"FamilienMode","article_modified_time":"2023-04-08T22:32:34+00:00","og_image":[{"width":500,"height":500,"url":"https:\/\/images-na.ssl-images-amazon.com\/images\/I\/41KSbl2VPFL.jpg","type":"image\/jpeg"}],"twitter_card":"summary_large_image","twitter_misc":{"Gesch\u00e4tzte Lesezeit":"1\u00a0Minute"},"schema":{"@context":"https:\/\/schema.org","@graph":[{"@type":"WebPage","@id":"https:\/\/bekleidungscenter.com\/?product=trollkids-quick-dry-zip-off-hose-oppland-slim-fit","url":"https:\/\/bekleidungscenter.com\/?product=trollkids-quick-dry-zip-off-hose-oppland-slim-fit","name":"Trollkids Quick-Dry Zip-Off Hose Oppland Slim Fit - FamilienMode","isPartOf":{"@id":"https:\/\/bekleidungscenter.com\/#website"},"datePublished":"2021-01-04T08:42:18+00:00","dateModified":"2023-04-08T22:32:34+00:00","breadcrumb":{"@id":"https:\/\/bekleidungscenter.com\/?product=trollkids-quick-dry-zip-off-hose-oppland-slim-fit#breadcrumb"},"inLanguage":"de","potentialAction":[{"@type":"ReadAction","target":["https:\/\/bekleidungscenter.com\/?product=trollkids-quick-dry-zip-off-hose-oppland-slim-fit"]}]},{"@type":"BreadcrumbList","@id":"https:\/\/bekleidungscenter.com\/?product=trollkids-quick-dry-zip-off-hose-oppland-slim-fit#breadcrumb","itemListElement":[{"@type":"ListItem","position":1,"name":"Home","item":"https:\/\/bekleidungscenter.com\/"},{"@type":"ListItem","position":2,"name":"Shop","item":"https:\/\/bekleidungscenter.com\/?page_id=7"},{"@type":"ListItem","position":3,"name":"Trollkids Quick-Dry Zip-Off Hose Oppland Slim Fit"}]},{"@type":"WebSite","@id":"https:\/\/bekleidungscenter.com\/#website","url":"https:\/\/bekleidungscenter.com\/","name":"FamilienMode","description":"Alles f\u00fcr die ganze Familie","potentialAction":[{"@type":"SearchAction","target":{"@type":"EntryPoint","urlTemplate":"https:\/\/bekleidungscenter.com\/?s={search_term_string}"},"query-input":"required name=search_term_string"}],"inLanguage":"de"}]}},"_links":{"self":[{"href":"https:\/\/bekleidungscenter.com\/index.php?rest_route=\/wp\/v2\/product\/14339"}],"collection":[{"href":"https:\/\/bekleidungscenter.com\/index.php?rest_route=\/wp\/v2\/product"}],"about":[{"href":"https:\/\/bekleidungscenter.com\/index.php?rest_route=\/wp\/v2\/types\/product"}],"replies":[{"embeddable":true,"href":"https:\/\/bekleidungscenter.com\/index.php?rest_route=%2Fwp%2Fv2%2Fcomments&post=14339"}],"wp:featuredmedia":[{"embeddable":true,"href":"https:\/\/bekleidungscenter.com\/index.php?rest_route=\/wp\/v2\/media\/14340"}],"wp:attachment":[{"href":"https:\/\/bekleidungscenter.com\/index.php?rest_route=%2Fwp%2Fv2%2Fmedia&parent=14339"}],"wp:term":[{"taxonomy":"product_cat","embeddable":true,"href":"https:\/\/bekleidungscenter.com\/index.php?rest_route=%2Fwp%2Fv2%2Fproduct_cat&post=14339"},{"taxonomy":"product_tag","embeddable":true,"href":"https:\/\/bekleidungscenter.com\/index.php?rest_route=%2Fwp%2Fv2%2Fproduct_tag&post=14339"}],"curies":[{"name":"wp","href":"https:\/\/api.w.org\/{rel}","templated":true}]}}