{"id":14393,"date":"2021-01-04T08:42:51","date_gmt":"2021-01-04T08:42:51","guid":{"rendered":"http:\/\/bekleidungscenter.com\/?product=bezlit-jungen-chino-hose-straight-fit-stretch-rx-22871"},"modified":"2023-04-08T22:32:35","modified_gmt":"2023-04-08T22:32:35","slug":"bezlit-jungen-chino-hose-straight-fit-stretch-rx-22871","status":"publish","type":"product","link":"https:\/\/bekleidungscenter.com\/?product=bezlit-jungen-chino-hose-straight-fit-stretch-rx-22871","title":{"rendered":"BEZLIT Jungen Chino Hose Straight Fit Stretch RX 22871"},"content":{"rendered":"<p>Made in EU und Heutig im Herbst und Winter sind Kinder vulgo mit einer Chinohose immer bestens angezogen. Wie es sich f\u00fcr eine richtige Chino-Hose geh\u00f6rt, besteht sie zu 98% Baumwolle und 2% Elasthan, die angenehm warm auf der Haut liegt und massiv leistungsf\u00e4hig sowie dehnbarer ist.<br \/>\nBaumwolle f\u00fchlt sich nicht immerhin sch\u00f6n weich an, sie sind unabh\u00e4ngig davon au\u00dfergew\u00f6hnlich hautfreundlich. Diese Heutig geschnittene Chino-Hose ist ein reines Qualit\u00e4tsb\u00fcndel. Ein tolles Design mit Waschungen und formgebenden n\u00e4hten gibt es inklusive.<br \/>\nNormaler Bund<br \/>\nVerschluss: Rei\u00dfverschluss<br \/>\n98% Baumwolle, 2% Elasthan<br \/>\nStraight<br \/>\nPflegehinweis: Maschinenw\u00e4sche 40\u00b0 empfholen<br \/>\nModellnummer: 22871-034<br \/>\nErh\u00e4ltlich ist die Chino-Hose in den der Farbe &#8217;siehe Auswahlmen\u00fc&#8216;. Kombiniert wird diese stilvolle und zugleich l\u00e4ssige Hose in der Regel mit einem Polo Hemd. Heutig im Alltag passt Nunmehr vulgo au\u00dfergew\u00f6hnlich gut ein Hoodie dazu. Unsere Kinder-Hose kann allesamt einfach bei 40\u00b0+ in der Waschmaschine gewaschen werden.<br \/>\nEinfach einen l\u00e4ssigen Hoodie dazu anziehen und in bequeme Sneakers schl\u00fcpfen &#8211; und fertig ist ein stylisher Look f\u00fcr die Schule. Nunmehr vulgo zum Spielen und Toben bietet die Jeans dank dem Schnitt abundant Bewegungsfreiheit und ist damit wie gemacht f\u00fcr echte Kerle.<br \/>\nSchnelle Lieferzeit und viele Gr\u00f6\u00dfen zur Auswahl schaut einfach nach BEZLIT<br \/>\n<div class=\"main-cross-sell\" data-asin=\"B07P8WRHTL\">\n\n\t<div class=\"WooZone-cross-sell-loader\">\n\t\t<div>\n\t\t\t<div id=\"floatingBarsG\">\n\t\t\t\t<div class=\"blockG\" id=\"rotateG_01\"><\/div>\n\t\t\t\t<div class=\"blockG\" id=\"rotateG_02\"><\/div>\n\t\t\t\t<div class=\"blockG\" id=\"rotateG_03\"><\/div>\n\t\t\t\t<div class=\"blockG\" id=\"rotateG_04\"><\/div>\n\t\t\t\t<div class=\"blockG\" id=\"rotateG_05\"><\/div>\n\t\t\t\t<div class=\"blockG\" id=\"rotateG_06\"><\/div>\n\t\t\t\t<div class=\"blockG\" id=\"rotateG_07\"><\/div>\n\t\t\t\t<div class=\"blockG\" id=\"rotateG_08\"><\/div>\n\t\t\t<\/div>\n\t\t\t<div class=\"WooZone-cross-sell-loader-text\"><\/div>\n\t\t<\/div>\n\t<\/div>\n\n\t\t\n<\/div>\n<div style=\"clear:both;\"><\/div><\/p>\n","protected":false},"excerpt":{"rendered":"<p>Made in EU und gerade im Herbst und Winter sind Kinder auch mit einer Chinohose immer bestens angezogen. Wie es sich f\u00fcr eine richtige Chino-Hose geh\u00f6rt, besteht sie zu 98% Baumwolle und 2% Elasthan, die angenehm warm auf der Haut liegt und besonders stabil sowie dehnbarer ist.<br \/>\nBaumwolle f\u00fchlt sich nicht nur sch\u00f6n weich an, sie sind au\u00dferdem sehr hautfreundlich. Diese gerade geschnittene Chino-Hose ist ein reines Qualit\u00e4tsb\u00fcndel. Ein tolles Design mit Waschungen und formgebenden n\u00e4hten gibt es inklusive.<br \/>\nNormaler Bund<\/p>\n","protected":false},"featured_media":14395,"comment_status":"open","ping_status":"closed","template":"","meta":[],"product_cat":[124],"product_tag":[],"yoast_head":"<!-- This site is optimized with the Yoast SEO plugin v20.6 - https:\/\/yoast.com\/wordpress\/plugins\/seo\/ -->\n<title>BEZLIT Jungen Chino Hose Straight Fit Stretch RX 22871 - FamilienMode<\/title>\n<meta name=\"robots\" content=\"index, follow, max-snippet:-1, max-image-preview:large, max-video-preview:-1\" \/>\n<link rel=\"canonical\" href=\"https:\/\/bekleidungscenter.com\/?product=bezlit-jungen-chino-hose-straight-fit-stretch-rx-22871\" \/>\n<meta property=\"og:locale\" content=\"de_DE\" \/>\n<meta property=\"og:type\" content=\"article\" \/>\n<meta property=\"og:title\" content=\"BEZLIT Jungen Chino Hose Straight Fit Stretch RX 22871 - FamilienMode\" \/>\n<meta property=\"og:description\" content=\"Made in EU und gerade im Herbst und Winter sind Kinder auch mit einer Chinohose immer bestens angezogen. Wie es sich f\u00fcr eine richtige Chino-Hose geh\u00f6rt, besteht sie zu 98% Baumwolle und 2% Elasthan, die angenehm warm auf der Haut liegt und besonders stabil sowie dehnbarer ist. Baumwolle f\u00fchlt sich nicht nur sch\u00f6n weich an, sie sind au\u00dferdem sehr hautfreundlich. Diese gerade geschnittene Chino-Hose ist ein reines Qualit\u00e4tsb\u00fcndel. Ein tolles Design mit Waschungen und formgebenden n\u00e4hten gibt es inklusive. Normaler Bund\" \/>\n<meta property=\"og:url\" content=\"https:\/\/bekleidungscenter.com\/?product=bezlit-jungen-chino-hose-straight-fit-stretch-rx-22871\" \/>\n<meta property=\"og:site_name\" content=\"FamilienMode\" \/>\n<meta property=\"article:modified_time\" content=\"2023-04-08T22:32:35+00:00\" \/>\n<meta property=\"og:image\" content=\"https:\/\/images-na.ssl-images-amazon.com\/images\/I\/31BAq0K1fbL.jpg\" \/>\n\t<meta property=\"og:image:width\" content=\"500\" \/>\n\t<meta property=\"og:image:height\" content=\"500\" \/>\n\t<meta property=\"og:image:type\" content=\"image\/jpeg\" \/>\n<meta name=\"twitter:card\" content=\"summary_large_image\" \/>\n<meta name=\"twitter:label1\" content=\"Gesch\u00e4tzte Lesezeit\" \/>\n\t<meta name=\"twitter:data1\" content=\"1\u00a0Minute\" \/>\n<script type=\"application\/ld+json\" class=\"yoast-schema-graph\">{\"@context\":\"https:\/\/schema.org\",\"@graph\":[{\"@type\":\"WebPage\",\"@id\":\"https:\/\/bekleidungscenter.com\/?product=bezlit-jungen-chino-hose-straight-fit-stretch-rx-22871\",\"url\":\"https:\/\/bekleidungscenter.com\/?product=bezlit-jungen-chino-hose-straight-fit-stretch-rx-22871\",\"name\":\"BEZLIT Jungen Chino Hose Straight Fit Stretch RX 22871 - FamilienMode\",\"isPartOf\":{\"@id\":\"https:\/\/bekleidungscenter.com\/#website\"},\"datePublished\":\"2021-01-04T08:42:51+00:00\",\"dateModified\":\"2023-04-08T22:32:35+00:00\",\"breadcrumb\":{\"@id\":\"https:\/\/bekleidungscenter.com\/?product=bezlit-jungen-chino-hose-straight-fit-stretch-rx-22871#breadcrumb\"},\"inLanguage\":\"de\",\"potentialAction\":[{\"@type\":\"ReadAction\",\"target\":[\"https:\/\/bekleidungscenter.com\/?product=bezlit-jungen-chino-hose-straight-fit-stretch-rx-22871\"]}]},{\"@type\":\"BreadcrumbList\",\"@id\":\"https:\/\/bekleidungscenter.com\/?product=bezlit-jungen-chino-hose-straight-fit-stretch-rx-22871#breadcrumb\",\"itemListElement\":[{\"@type\":\"ListItem\",\"position\":1,\"name\":\"Home\",\"item\":\"https:\/\/bekleidungscenter.com\/\"},{\"@type\":\"ListItem\",\"position\":2,\"name\":\"Shop\",\"item\":\"https:\/\/bekleidungscenter.com\/?page_id=7\"},{\"@type\":\"ListItem\",\"position\":3,\"name\":\"BEZLIT Jungen Chino Hose Straight Fit Stretch RX 22871\"}]},{\"@type\":\"WebSite\",\"@id\":\"https:\/\/bekleidungscenter.com\/#website\",\"url\":\"https:\/\/bekleidungscenter.com\/\",\"name\":\"FamilienMode\",\"description\":\"Alles f\u00fcr die ganze Familie\",\"potentialAction\":[{\"@type\":\"SearchAction\",\"target\":{\"@type\":\"EntryPoint\",\"urlTemplate\":\"https:\/\/bekleidungscenter.com\/?s={search_term_string}\"},\"query-input\":\"required name=search_term_string\"}],\"inLanguage\":\"de\"}]}<\/script>\n<!-- \/ Yoast SEO plugin. -->","yoast_head_json":{"title":"BEZLIT Jungen Chino Hose Straight Fit Stretch RX 22871 - FamilienMode","robots":{"index":"index","follow":"follow","max-snippet":"max-snippet:-1","max-image-preview":"max-image-preview:large","max-video-preview":"max-video-preview:-1"},"canonical":"https:\/\/bekleidungscenter.com\/?product=bezlit-jungen-chino-hose-straight-fit-stretch-rx-22871","og_locale":"de_DE","og_type":"article","og_title":"BEZLIT Jungen Chino Hose Straight Fit Stretch RX 22871 - FamilienMode","og_description":"Made in EU und gerade im Herbst und Winter sind Kinder auch mit einer Chinohose immer bestens angezogen. Wie es sich f\u00fcr eine richtige Chino-Hose geh\u00f6rt, besteht sie zu 98% Baumwolle und 2% Elasthan, die angenehm warm auf der Haut liegt und besonders stabil sowie dehnbarer ist. Baumwolle f\u00fchlt sich nicht nur sch\u00f6n weich an, sie sind au\u00dferdem sehr hautfreundlich. Diese gerade geschnittene Chino-Hose ist ein reines Qualit\u00e4tsb\u00fcndel. Ein tolles Design mit Waschungen und formgebenden n\u00e4hten gibt es inklusive. Normaler Bund","og_url":"https:\/\/bekleidungscenter.com\/?product=bezlit-jungen-chino-hose-straight-fit-stretch-rx-22871","og_site_name":"FamilienMode","article_modified_time":"2023-04-08T22:32:35+00:00","og_image":[{"width":500,"height":500,"url":"https:\/\/images-na.ssl-images-amazon.com\/images\/I\/31BAq0K1fbL.jpg","type":"image\/jpeg"}],"twitter_card":"summary_large_image","twitter_misc":{"Gesch\u00e4tzte Lesezeit":"1\u00a0Minute"},"schema":{"@context":"https:\/\/schema.org","@graph":[{"@type":"WebPage","@id":"https:\/\/bekleidungscenter.com\/?product=bezlit-jungen-chino-hose-straight-fit-stretch-rx-22871","url":"https:\/\/bekleidungscenter.com\/?product=bezlit-jungen-chino-hose-straight-fit-stretch-rx-22871","name":"BEZLIT Jungen Chino Hose Straight Fit Stretch RX 22871 - FamilienMode","isPartOf":{"@id":"https:\/\/bekleidungscenter.com\/#website"},"datePublished":"2021-01-04T08:42:51+00:00","dateModified":"2023-04-08T22:32:35+00:00","breadcrumb":{"@id":"https:\/\/bekleidungscenter.com\/?product=bezlit-jungen-chino-hose-straight-fit-stretch-rx-22871#breadcrumb"},"inLanguage":"de","potentialAction":[{"@type":"ReadAction","target":["https:\/\/bekleidungscenter.com\/?product=bezlit-jungen-chino-hose-straight-fit-stretch-rx-22871"]}]},{"@type":"BreadcrumbList","@id":"https:\/\/bekleidungscenter.com\/?product=bezlit-jungen-chino-hose-straight-fit-stretch-rx-22871#breadcrumb","itemListElement":[{"@type":"ListItem","position":1,"name":"Home","item":"https:\/\/bekleidungscenter.com\/"},{"@type":"ListItem","position":2,"name":"Shop","item":"https:\/\/bekleidungscenter.com\/?page_id=7"},{"@type":"ListItem","position":3,"name":"BEZLIT Jungen Chino Hose Straight Fit Stretch RX 22871"}]},{"@type":"WebSite","@id":"https:\/\/bekleidungscenter.com\/#website","url":"https:\/\/bekleidungscenter.com\/","name":"FamilienMode","description":"Alles f\u00fcr die ganze Familie","potentialAction":[{"@type":"SearchAction","target":{"@type":"EntryPoint","urlTemplate":"https:\/\/bekleidungscenter.com\/?s={search_term_string}"},"query-input":"required name=search_term_string"}],"inLanguage":"de"}]}},"_links":{"self":[{"href":"https:\/\/bekleidungscenter.com\/index.php?rest_route=\/wp\/v2\/product\/14393"}],"collection":[{"href":"https:\/\/bekleidungscenter.com\/index.php?rest_route=\/wp\/v2\/product"}],"about":[{"href":"https:\/\/bekleidungscenter.com\/index.php?rest_route=\/wp\/v2\/types\/product"}],"replies":[{"embeddable":true,"href":"https:\/\/bekleidungscenter.com\/index.php?rest_route=%2Fwp%2Fv2%2Fcomments&post=14393"}],"wp:featuredmedia":[{"embeddable":true,"href":"https:\/\/bekleidungscenter.com\/index.php?rest_route=\/wp\/v2\/media\/14395"}],"wp:attachment":[{"href":"https:\/\/bekleidungscenter.com\/index.php?rest_route=%2Fwp%2Fv2%2Fmedia&parent=14393"}],"wp:term":[{"taxonomy":"product_cat","embeddable":true,"href":"https:\/\/bekleidungscenter.com\/index.php?rest_route=%2Fwp%2Fv2%2Fproduct_cat&post=14393"},{"taxonomy":"product_tag","embeddable":true,"href":"https:\/\/bekleidungscenter.com\/index.php?rest_route=%2Fwp%2Fv2%2Fproduct_tag&post=14393"}],"curies":[{"name":"wp","href":"https:\/\/api.w.org\/{rel}","templated":true}]}}