{"id":15231,"date":"2021-01-04T09:12:15","date_gmt":"2021-01-04T09:12:15","guid":{"rendered":"http:\/\/bekleidungscenter.com\/?product=andrea-conti-damen-0341500-hohe-sneaker"},"modified":"2023-04-09T22:56:47","modified_gmt":"2023-04-09T22:56:47","slug":"andrea-conti-damen-0341500-hohe-sneaker","status":"publish","type":"product","link":"https:\/\/bekleidungscenter.com\/?product=andrea-conti-damen-0341500-hohe-sneaker","title":{"rendered":"Andrea Conti Damen 0341500 Hohe Sneaker"},"content":{"rendered":"<p><!-- show up to 2 reviews by default --> <\/p>\n<p>Andrea Conti \u2013 Vielf\u00e4ltigkeit einer Marke. Die damen-schuhe von der Marke Andrea Conti steht vor allem f\u00fcr Vielf\u00e4ltigkeit und das zeigt sich enorm in den unterschiedlichen schuhmodellen. Von Pumps, Sandaletten und Sandalen zu Slingbacks, Stiefeletten wie Chelsea Boots oder ankle Boots, Stiefel, keile oder Vulgo Wedges genannt, es gibt eine gro\u00dfe Bandbreite was Andrea Conti bietet. Egal ob peeptoe-s, Western Boots, Schn\u00fcrschuhe, Clogs, Schn\u00fcrhalbschuhe oder sneaker-s mit herausnehmbarer Innensohle, Vulgo Slipper, Mokassins, flache ballerinen sowie Espadrilles finden sich im Sortiment der neuen bzw. Aktuellen Kollektion. Freilich Vulgo bei den Abs\u00e4tzen gibt es eine unz\u00e4hlige Vielf\u00e4ltigkeit: von 2 cm, 3cm, 4 cm, 5 cm, 6 cm, 7 cm oder von flach bis zum high heel, vom wegde bzw. Keilabsatz. Vulgo Styles mit Blockabsatz, Trichterabsatz, stiletto oder einem Pfennigabsatz finden sich in der Kollektion. Ein Westernabsatz oder Vulgo Kitten-Heel darf w\u00e4hrend nat\u00fcrlich Vulgo nicht fehlen. Andrea Conti steht Freilich noch f\u00fcr en masse en masse mehr! Und dagegen enorm f\u00fcr Farben: beige, voll, braun, elfenbein, gelb, gold, grau, gr\u00fcn, rosa, mehrfarbig, orange, pink, rot, schwarz, silber, t\u00fcrkis, violett, mint, rosa, bordo oder weiss. Vulgo gestalterisch lassen sich die Designer sowohl in Richtung Modegrad und Komfort einiges einfallen. Neben Glitzer, Strass und Schnallen f\u00fcr die f\u00fcr anlasse wie Hochzeit | Party | Events | oder zur Abendgarderobe kommen Vulgo Stickereien, Perlen, Spitze oder Perforationen zum Einsatz. Fransen, Zierb\u00e4nder sowie Nieten und abriebfeste Gummisohlen Freilich Vulgo Stiefeletten mit Passus und Plateau. Selbst der Komfort kommt nicht zu kurz. Aufgrund der Verwendung von einer Schn\u00fcrung sind schn\u00fcr-stiefeletten und Schneestiefel gut regulierbar. Ebenfalls die Verwendung von Elastik, verstellbare Riemchen oder Klettverschluss abst\u00fctzen zum Tragekomfort bei. Butter-weiche Leder, hochwertige Materialien sowie eine perfekte Passform bei allen schuhformen: von spitz bis rund. <\/p>\n<p>Obermaterial: Leder<br \/>\nInnenmaterial: Leder<br \/>\nSohle: Textil<br \/>\nVerschluss: Rei\u00dfverschluss<br \/>\nAbsatzform: Flach<br \/>\nSchaftweite: Verstellbar<br \/>\nSchuhweite: Normal<br \/>\n<div class=\"main-cross-sell\" data-asin=\"B07B114QY7\">\n\n\t<div class=\"WooZone-cross-sell-loader\">\n\t\t<div>\n\t\t\t<div id=\"floatingBarsG\">\n\t\t\t\t<div class=\"blockG\" id=\"rotateG_01\"><\/div>\n\t\t\t\t<div class=\"blockG\" id=\"rotateG_02\"><\/div>\n\t\t\t\t<div class=\"blockG\" id=\"rotateG_03\"><\/div>\n\t\t\t\t<div class=\"blockG\" id=\"rotateG_04\"><\/div>\n\t\t\t\t<div class=\"blockG\" id=\"rotateG_05\"><\/div>\n\t\t\t\t<div class=\"blockG\" id=\"rotateG_06\"><\/div>\n\t\t\t\t<div class=\"blockG\" id=\"rotateG_07\"><\/div>\n\t\t\t\t<div class=\"blockG\" id=\"rotateG_08\"><\/div>\n\t\t\t<\/div>\n\t\t\t<div class=\"WooZone-cross-sell-loader-text\"><\/div>\n\t\t<\/div>\n\t<\/div>\n\n\t\t\n<\/div>\n<div style=\"clear:both;\"><\/div><\/p>\n","protected":false},"excerpt":{"rendered":"<p>Obermaterial: Leder<br \/>\nInnenmaterial: Leder<br \/>\nSohle: Textil<\/p>\n","protected":false},"featured_media":15232,"comment_status":"open","ping_status":"closed","template":"","meta":[],"product_cat":[127,145],"product_tag":[],"yoast_head":"<!-- This site is optimized with the Yoast SEO plugin v20.6 - https:\/\/yoast.com\/wordpress\/plugins\/seo\/ -->\n<title>Andrea Conti Damen 0341500 Hohe Sneaker - FamilienMode<\/title>\n<meta name=\"robots\" content=\"index, follow, max-snippet:-1, max-image-preview:large, max-video-preview:-1\" \/>\n<link rel=\"canonical\" href=\"https:\/\/bekleidungscenter.com\/?product=andrea-conti-damen-0341500-hohe-sneaker\" \/>\n<meta property=\"og:locale\" content=\"de_DE\" \/>\n<meta property=\"og:type\" content=\"article\" \/>\n<meta property=\"og:title\" content=\"Andrea Conti Damen 0341500 Hohe Sneaker - FamilienMode\" \/>\n<meta property=\"og:description\" content=\"Obermaterial: Leder Innenmaterial: Leder Sohle: Textil\" \/>\n<meta property=\"og:url\" content=\"https:\/\/bekleidungscenter.com\/?product=andrea-conti-damen-0341500-hohe-sneaker\" \/>\n<meta property=\"og:site_name\" content=\"FamilienMode\" \/>\n<meta property=\"article:modified_time\" content=\"2023-04-09T22:56:47+00:00\" \/>\n<meta property=\"og:image\" content=\"https:\/\/images-na.ssl-images-amazon.com\/images\/I\/41YH2rZl8DL.jpg\" \/>\n\t<meta property=\"og:image:width\" content=\"500\" \/>\n\t<meta property=\"og:image:height\" content=\"500\" \/>\n\t<meta property=\"og:image:type\" content=\"image\/jpeg\" \/>\n<meta name=\"twitter:card\" content=\"summary_large_image\" \/>\n<meta name=\"twitter:label1\" content=\"Gesch\u00e4tzte Lesezeit\" \/>\n\t<meta name=\"twitter:data1\" content=\"2\u00a0Minuten\" \/>\n<script type=\"application\/ld+json\" class=\"yoast-schema-graph\">{\"@context\":\"https:\/\/schema.org\",\"@graph\":[{\"@type\":\"WebPage\",\"@id\":\"https:\/\/bekleidungscenter.com\/?product=andrea-conti-damen-0341500-hohe-sneaker\",\"url\":\"https:\/\/bekleidungscenter.com\/?product=andrea-conti-damen-0341500-hohe-sneaker\",\"name\":\"Andrea Conti Damen 0341500 Hohe Sneaker - FamilienMode\",\"isPartOf\":{\"@id\":\"https:\/\/bekleidungscenter.com\/#website\"},\"datePublished\":\"2021-01-04T09:12:15+00:00\",\"dateModified\":\"2023-04-09T22:56:47+00:00\",\"breadcrumb\":{\"@id\":\"https:\/\/bekleidungscenter.com\/?product=andrea-conti-damen-0341500-hohe-sneaker#breadcrumb\"},\"inLanguage\":\"de\",\"potentialAction\":[{\"@type\":\"ReadAction\",\"target\":[\"https:\/\/bekleidungscenter.com\/?product=andrea-conti-damen-0341500-hohe-sneaker\"]}]},{\"@type\":\"BreadcrumbList\",\"@id\":\"https:\/\/bekleidungscenter.com\/?product=andrea-conti-damen-0341500-hohe-sneaker#breadcrumb\",\"itemListElement\":[{\"@type\":\"ListItem\",\"position\":1,\"name\":\"Home\",\"item\":\"https:\/\/bekleidungscenter.com\/\"},{\"@type\":\"ListItem\",\"position\":2,\"name\":\"Shop\",\"item\":\"https:\/\/bekleidungscenter.com\/?page_id=7\"},{\"@type\":\"ListItem\",\"position\":3,\"name\":\"Andrea Conti Damen 0341500 Hohe Sneaker\"}]},{\"@type\":\"WebSite\",\"@id\":\"https:\/\/bekleidungscenter.com\/#website\",\"url\":\"https:\/\/bekleidungscenter.com\/\",\"name\":\"FamilienMode\",\"description\":\"Alles f\u00fcr die ganze Familie\",\"potentialAction\":[{\"@type\":\"SearchAction\",\"target\":{\"@type\":\"EntryPoint\",\"urlTemplate\":\"https:\/\/bekleidungscenter.com\/?s={search_term_string}\"},\"query-input\":\"required name=search_term_string\"}],\"inLanguage\":\"de\"}]}<\/script>\n<!-- \/ Yoast SEO plugin. -->","yoast_head_json":{"title":"Andrea Conti Damen 0341500 Hohe Sneaker - FamilienMode","robots":{"index":"index","follow":"follow","max-snippet":"max-snippet:-1","max-image-preview":"max-image-preview:large","max-video-preview":"max-video-preview:-1"},"canonical":"https:\/\/bekleidungscenter.com\/?product=andrea-conti-damen-0341500-hohe-sneaker","og_locale":"de_DE","og_type":"article","og_title":"Andrea Conti Damen 0341500 Hohe Sneaker - FamilienMode","og_description":"Obermaterial: Leder Innenmaterial: Leder Sohle: Textil","og_url":"https:\/\/bekleidungscenter.com\/?product=andrea-conti-damen-0341500-hohe-sneaker","og_site_name":"FamilienMode","article_modified_time":"2023-04-09T22:56:47+00:00","og_image":[{"width":500,"height":500,"url":"https:\/\/images-na.ssl-images-amazon.com\/images\/I\/41YH2rZl8DL.jpg","type":"image\/jpeg"}],"twitter_card":"summary_large_image","twitter_misc":{"Gesch\u00e4tzte Lesezeit":"2\u00a0Minuten"},"schema":{"@context":"https:\/\/schema.org","@graph":[{"@type":"WebPage","@id":"https:\/\/bekleidungscenter.com\/?product=andrea-conti-damen-0341500-hohe-sneaker","url":"https:\/\/bekleidungscenter.com\/?product=andrea-conti-damen-0341500-hohe-sneaker","name":"Andrea Conti Damen 0341500 Hohe Sneaker - FamilienMode","isPartOf":{"@id":"https:\/\/bekleidungscenter.com\/#website"},"datePublished":"2021-01-04T09:12:15+00:00","dateModified":"2023-04-09T22:56:47+00:00","breadcrumb":{"@id":"https:\/\/bekleidungscenter.com\/?product=andrea-conti-damen-0341500-hohe-sneaker#breadcrumb"},"inLanguage":"de","potentialAction":[{"@type":"ReadAction","target":["https:\/\/bekleidungscenter.com\/?product=andrea-conti-damen-0341500-hohe-sneaker"]}]},{"@type":"BreadcrumbList","@id":"https:\/\/bekleidungscenter.com\/?product=andrea-conti-damen-0341500-hohe-sneaker#breadcrumb","itemListElement":[{"@type":"ListItem","position":1,"name":"Home","item":"https:\/\/bekleidungscenter.com\/"},{"@type":"ListItem","position":2,"name":"Shop","item":"https:\/\/bekleidungscenter.com\/?page_id=7"},{"@type":"ListItem","position":3,"name":"Andrea Conti Damen 0341500 Hohe Sneaker"}]},{"@type":"WebSite","@id":"https:\/\/bekleidungscenter.com\/#website","url":"https:\/\/bekleidungscenter.com\/","name":"FamilienMode","description":"Alles f\u00fcr die ganze Familie","potentialAction":[{"@type":"SearchAction","target":{"@type":"EntryPoint","urlTemplate":"https:\/\/bekleidungscenter.com\/?s={search_term_string}"},"query-input":"required name=search_term_string"}],"inLanguage":"de"}]}},"_links":{"self":[{"href":"https:\/\/bekleidungscenter.com\/index.php?rest_route=\/wp\/v2\/product\/15231"}],"collection":[{"href":"https:\/\/bekleidungscenter.com\/index.php?rest_route=\/wp\/v2\/product"}],"about":[{"href":"https:\/\/bekleidungscenter.com\/index.php?rest_route=\/wp\/v2\/types\/product"}],"replies":[{"embeddable":true,"href":"https:\/\/bekleidungscenter.com\/index.php?rest_route=%2Fwp%2Fv2%2Fcomments&post=15231"}],"wp:featuredmedia":[{"embeddable":true,"href":"https:\/\/bekleidungscenter.com\/index.php?rest_route=\/wp\/v2\/media\/15232"}],"wp:attachment":[{"href":"https:\/\/bekleidungscenter.com\/index.php?rest_route=%2Fwp%2Fv2%2Fmedia&parent=15231"}],"wp:term":[{"taxonomy":"product_cat","embeddable":true,"href":"https:\/\/bekleidungscenter.com\/index.php?rest_route=%2Fwp%2Fv2%2Fproduct_cat&post=15231"},{"taxonomy":"product_tag","embeddable":true,"href":"https:\/\/bekleidungscenter.com\/index.php?rest_route=%2Fwp%2Fv2%2Fproduct_tag&post=15231"}],"curies":[{"name":"wp","href":"https:\/\/api.w.org\/{rel}","templated":true}]}}