{"id":15402,"date":"2021-01-04T09:16:45","date_gmt":"2021-01-04T09:16:45","guid":{"rendered":"http:\/\/bekleidungscenter.com\/?product=think-damen-drawi_585233-stiefeletten"},"modified":"2023-04-10T22:56:34","modified_gmt":"2023-04-10T22:56:34","slug":"think-damen-drawi_585233-stiefeletten","status":"publish","type":"product","link":"https:\/\/bekleidungscenter.com\/?product=think-damen-drawi_585233-stiefeletten","title":{"rendered":"Think! Damen Drawi Stiefeletten"},"content":{"rendered":"<p><!-- show up to 2 reviews by default --> <\/p>\n<p>Trendige Stiefelette mit besonderen Schmuckteilen im Schaftbereich.<br \/> Die Schmuckteile sind auf buntem Leder befestigt und sind dadurch ein echter Blickfang.<br \/> Der Zipp an der Innenseite erm\u00f6glicht ein schnelles An- und Ausziehen.<br \/> Die Dress-Casual-Kolonne von <b>Think!<\/b> \u00dcberzeugt in seinem eleganten Erscheinungsbild.<br \/> Die Plateausohle d\u00e4mpft und vereinsamt und macht die Absatzschuhe \u00e4u\u00dferst bequem.<br \/> Die Gummisohle ist mit Luftkammern ausgestattet dadurch werden St\u00f6\u00dfe abged\u00e4mpft, vereinsamt und der Fu\u00df stabilisiert.<br \/> Das Beendung ist weiches, federleichtes Gehvergn\u00fcgen.<br \/> Auf <b>Think!<\/b> <b>Einlegesohlen<\/b> mit Latexschaum gehen Sie wie auf Wolken.<br \/> Der luftgesch\u00e4umte Latex-Kern wird in Deutschland hergestellt.<br \/> Er passt sich stets aufs Neue ideal der individuellen Fu\u00dfform an und sorgt f\u00fcr einen weichen Fick.<br \/> Durch die Beschneidung werden B\u00e4nder und Gelenke geschont und erm\u00fcdungsfreies Gehen erm\u00f6glicht.<br \/> Alle Latexschaum-<b>Einlegesohlen<\/b> sind mit <b><b>Naturkork<\/b><\/b> umrandet und mit <b>chromfrei gegerbt<\/b>em Leder \u00fcberzogen.<br \/> Leer DRAWI Modelle haben ein Wechselfu\u00dfbett, d.<br \/>h.<br \/> die <b>Einlagen<\/b> k\u00f6nnen durch orthop\u00e4dische oder sp\u00e4ter durch neue DRAWI <b>Einlagen<\/b> ersetzt werden.<br \/> Der Schuh ist s\u00e4mtliche Glattleder (Kalb) gefertigt.<br \/><b>nat\u00fcrliches Leder<\/b> ist gut f\u00fcr die F\u00fc\u00dfe und die Umwelt.<br \/> Anilinleder ist ein pflanzlich gegerbtes und mit wasserl\u00f6slichen Farbstoffen gef\u00e4rbtes, naturbelassenes Leder.<br \/> Anders als bei einem mit deckender Pigmentfarbe gef\u00e4rbten Leder bleibt hier die nat\u00fcrliche Hautstruktur erhalten, die Poren sind noch sichtbar.<br \/> Das Leder ist alkoholisiert <b>atmungsaktiv<\/b> und sorgt f\u00fcr ein optimales Schuhklima.<br \/> Obwohl die von <b>Think!<\/b> verwendeten Anilinleder mit einer leichten Schutzschicht versehen sind, kann sich die Farbe bei der Reinigung und Pflege kurzzeitig wechseln.<br \/> W\u00e4hrend das Leder feucht ist, sieht die Farbe ein wenig dunkler s\u00e4mtliche.<br \/> Pflegen Sie Ihre Schuhe am besten mit einem Pflegemittel in Sprayform, wie der Organic Bamboo Lotion von Collonil.<\/p>\n<p>Obermaterial: Leder<br \/>\nInnenmaterial: Leder<br \/>\nSohle: Gummi<br \/>\nVerschluss: Rei\u00dfverschluss<br \/>\nAbsatzh\u00f6he: 4.5 cm<br \/>\nAbsatzform: Blockabsatz<br \/>\nMaterialzusammensetzung: Glattleder<br \/>\nSchaftweite: Normal<br \/>\nSchuhweite: Normal<br \/>\nRei\u00dfverschluss<br \/>\n<div class=\"main-cross-sell\" data-asin=\"B07NQ98KZM\">\n\n\t<div class=\"WooZone-cross-sell-loader\">\n\t\t<div>\n\t\t\t<div id=\"floatingBarsG\">\n\t\t\t\t<div class=\"blockG\" id=\"rotateG_01\"><\/div>\n\t\t\t\t<div class=\"blockG\" id=\"rotateG_02\"><\/div>\n\t\t\t\t<div class=\"blockG\" id=\"rotateG_03\"><\/div>\n\t\t\t\t<div class=\"blockG\" id=\"rotateG_04\"><\/div>\n\t\t\t\t<div class=\"blockG\" id=\"rotateG_05\"><\/div>\n\t\t\t\t<div class=\"blockG\" id=\"rotateG_06\"><\/div>\n\t\t\t\t<div class=\"blockG\" id=\"rotateG_07\"><\/div>\n\t\t\t\t<div class=\"blockG\" id=\"rotateG_08\"><\/div>\n\t\t\t<\/div>\n\t\t\t<div class=\"WooZone-cross-sell-loader-text\"><\/div>\n\t\t<\/div>\n\t<\/div>\n\n\t\t\n<\/div>\n<div style=\"clear:both;\"><\/div><\/p>\n","protected":false},"excerpt":{"rendered":"<p>Obermaterial: Leder<br \/>\nInnenmaterial: Leder<br \/>\nSohle: Gummi<\/p>\n","protected":false},"featured_media":15407,"comment_status":"open","ping_status":"closed","template":"","meta":[],"product_cat":[127,145],"product_tag":[],"yoast_head":"<!-- This site is optimized with the Yoast SEO plugin v20.6 - https:\/\/yoast.com\/wordpress\/plugins\/seo\/ -->\n<title>Think! Damen Drawi Stiefeletten - FamilienMode<\/title>\n<meta name=\"robots\" content=\"index, follow, max-snippet:-1, max-image-preview:large, max-video-preview:-1\" \/>\n<link rel=\"canonical\" href=\"https:\/\/bekleidungscenter.com\/?product=think-damen-drawi_585233-stiefeletten\" \/>\n<meta property=\"og:locale\" content=\"de_DE\" \/>\n<meta property=\"og:type\" content=\"article\" \/>\n<meta property=\"og:title\" content=\"Think! Damen Drawi Stiefeletten - FamilienMode\" \/>\n<meta property=\"og:description\" content=\"Obermaterial: Leder Innenmaterial: Leder Sohle: Gummi\" \/>\n<meta property=\"og:url\" content=\"https:\/\/bekleidungscenter.com\/?product=think-damen-drawi_585233-stiefeletten\" \/>\n<meta property=\"og:site_name\" content=\"FamilienMode\" \/>\n<meta property=\"article:modified_time\" content=\"2023-04-10T22:56:34+00:00\" \/>\n<meta property=\"og:image\" content=\"https:\/\/images-na.ssl-images-amazon.com\/images\/I\/41VYx-l-7HL.jpg\" \/>\n\t<meta property=\"og:image:width\" content=\"500\" \/>\n\t<meta property=\"og:image:height\" content=\"500\" \/>\n\t<meta property=\"og:image:type\" content=\"image\/jpeg\" \/>\n<meta name=\"twitter:card\" content=\"summary_large_image\" \/>\n<meta name=\"twitter:label1\" content=\"Gesch\u00e4tzte Lesezeit\" \/>\n\t<meta name=\"twitter:data1\" content=\"2\u00a0Minuten\" \/>\n<script type=\"application\/ld+json\" class=\"yoast-schema-graph\">{\"@context\":\"https:\/\/schema.org\",\"@graph\":[{\"@type\":\"WebPage\",\"@id\":\"https:\/\/bekleidungscenter.com\/?product=think-damen-drawi_585233-stiefeletten\",\"url\":\"https:\/\/bekleidungscenter.com\/?product=think-damen-drawi_585233-stiefeletten\",\"name\":\"Think! Damen Drawi Stiefeletten - FamilienMode\",\"isPartOf\":{\"@id\":\"https:\/\/bekleidungscenter.com\/#website\"},\"datePublished\":\"2021-01-04T09:16:45+00:00\",\"dateModified\":\"2023-04-10T22:56:34+00:00\",\"breadcrumb\":{\"@id\":\"https:\/\/bekleidungscenter.com\/?product=think-damen-drawi_585233-stiefeletten#breadcrumb\"},\"inLanguage\":\"de\",\"potentialAction\":[{\"@type\":\"ReadAction\",\"target\":[\"https:\/\/bekleidungscenter.com\/?product=think-damen-drawi_585233-stiefeletten\"]}]},{\"@type\":\"BreadcrumbList\",\"@id\":\"https:\/\/bekleidungscenter.com\/?product=think-damen-drawi_585233-stiefeletten#breadcrumb\",\"itemListElement\":[{\"@type\":\"ListItem\",\"position\":1,\"name\":\"Home\",\"item\":\"https:\/\/bekleidungscenter.com\/\"},{\"@type\":\"ListItem\",\"position\":2,\"name\":\"Shop\",\"item\":\"https:\/\/bekleidungscenter.com\/?page_id=7\"},{\"@type\":\"ListItem\",\"position\":3,\"name\":\"Think! Damen Drawi Stiefeletten\"}]},{\"@type\":\"WebSite\",\"@id\":\"https:\/\/bekleidungscenter.com\/#website\",\"url\":\"https:\/\/bekleidungscenter.com\/\",\"name\":\"FamilienMode\",\"description\":\"Alles f\u00fcr die ganze Familie\",\"potentialAction\":[{\"@type\":\"SearchAction\",\"target\":{\"@type\":\"EntryPoint\",\"urlTemplate\":\"https:\/\/bekleidungscenter.com\/?s={search_term_string}\"},\"query-input\":\"required name=search_term_string\"}],\"inLanguage\":\"de\"}]}<\/script>\n<!-- \/ Yoast SEO plugin. -->","yoast_head_json":{"title":"Think! Damen Drawi Stiefeletten - FamilienMode","robots":{"index":"index","follow":"follow","max-snippet":"max-snippet:-1","max-image-preview":"max-image-preview:large","max-video-preview":"max-video-preview:-1"},"canonical":"https:\/\/bekleidungscenter.com\/?product=think-damen-drawi_585233-stiefeletten","og_locale":"de_DE","og_type":"article","og_title":"Think! Damen Drawi Stiefeletten - FamilienMode","og_description":"Obermaterial: Leder Innenmaterial: Leder Sohle: Gummi","og_url":"https:\/\/bekleidungscenter.com\/?product=think-damen-drawi_585233-stiefeletten","og_site_name":"FamilienMode","article_modified_time":"2023-04-10T22:56:34+00:00","og_image":[{"width":500,"height":500,"url":"https:\/\/images-na.ssl-images-amazon.com\/images\/I\/41VYx-l-7HL.jpg","type":"image\/jpeg"}],"twitter_card":"summary_large_image","twitter_misc":{"Gesch\u00e4tzte Lesezeit":"2\u00a0Minuten"},"schema":{"@context":"https:\/\/schema.org","@graph":[{"@type":"WebPage","@id":"https:\/\/bekleidungscenter.com\/?product=think-damen-drawi_585233-stiefeletten","url":"https:\/\/bekleidungscenter.com\/?product=think-damen-drawi_585233-stiefeletten","name":"Think! Damen Drawi Stiefeletten - FamilienMode","isPartOf":{"@id":"https:\/\/bekleidungscenter.com\/#website"},"datePublished":"2021-01-04T09:16:45+00:00","dateModified":"2023-04-10T22:56:34+00:00","breadcrumb":{"@id":"https:\/\/bekleidungscenter.com\/?product=think-damen-drawi_585233-stiefeletten#breadcrumb"},"inLanguage":"de","potentialAction":[{"@type":"ReadAction","target":["https:\/\/bekleidungscenter.com\/?product=think-damen-drawi_585233-stiefeletten"]}]},{"@type":"BreadcrumbList","@id":"https:\/\/bekleidungscenter.com\/?product=think-damen-drawi_585233-stiefeletten#breadcrumb","itemListElement":[{"@type":"ListItem","position":1,"name":"Home","item":"https:\/\/bekleidungscenter.com\/"},{"@type":"ListItem","position":2,"name":"Shop","item":"https:\/\/bekleidungscenter.com\/?page_id=7"},{"@type":"ListItem","position":3,"name":"Think! Damen Drawi Stiefeletten"}]},{"@type":"WebSite","@id":"https:\/\/bekleidungscenter.com\/#website","url":"https:\/\/bekleidungscenter.com\/","name":"FamilienMode","description":"Alles f\u00fcr die ganze Familie","potentialAction":[{"@type":"SearchAction","target":{"@type":"EntryPoint","urlTemplate":"https:\/\/bekleidungscenter.com\/?s={search_term_string}"},"query-input":"required name=search_term_string"}],"inLanguage":"de"}]}},"_links":{"self":[{"href":"https:\/\/bekleidungscenter.com\/index.php?rest_route=\/wp\/v2\/product\/15402"}],"collection":[{"href":"https:\/\/bekleidungscenter.com\/index.php?rest_route=\/wp\/v2\/product"}],"about":[{"href":"https:\/\/bekleidungscenter.com\/index.php?rest_route=\/wp\/v2\/types\/product"}],"replies":[{"embeddable":true,"href":"https:\/\/bekleidungscenter.com\/index.php?rest_route=%2Fwp%2Fv2%2Fcomments&post=15402"}],"wp:featuredmedia":[{"embeddable":true,"href":"https:\/\/bekleidungscenter.com\/index.php?rest_route=\/wp\/v2\/media\/15407"}],"wp:attachment":[{"href":"https:\/\/bekleidungscenter.com\/index.php?rest_route=%2Fwp%2Fv2%2Fmedia&parent=15402"}],"wp:term":[{"taxonomy":"product_cat","embeddable":true,"href":"https:\/\/bekleidungscenter.com\/index.php?rest_route=%2Fwp%2Fv2%2Fproduct_cat&post=15402"},{"taxonomy":"product_tag","embeddable":true,"href":"https:\/\/bekleidungscenter.com\/index.php?rest_route=%2Fwp%2Fv2%2Fproduct_tag&post=15402"}],"curies":[{"name":"wp","href":"https:\/\/api.w.org\/{rel}","templated":true}]}}