{"id":16272,"date":"2021-01-04T09:39:26","date_gmt":"2021-01-04T09:39:26","guid":{"rendered":"http:\/\/bekleidungscenter.com\/?product=bruetting-jungen-ohio-low-trekking-wanderhalbschuhe"},"modified":"2023-04-08T22:37:31","modified_gmt":"2023-04-08T22:37:31","slug":"bruetting-jungen-ohio-low-trekking-wanderhalbschuhe","status":"publish","type":"product","link":"https:\/\/bekleidungscenter.com\/?product=bruetting-jungen-ohio-low-trekking-wanderhalbschuhe","title":{"rendered":"Br\u00fctting Unisex Kinder Ohio Low Trekking-&amp; Wanderhalbschuhe"},"content":{"rendered":"<p><!-- show up to 2 reviews by default --> <\/p>\n<p>-Wasserdichter Outdoorschuh sondern Kinder ansonsten Jugendliche per Schnellschn\u00fcrsystem -Obermaterial: Nylon per Synthetik-Bes\u00e4tzen -wasserdichte ansonsten atmungsaktive Comfortex-Klimamembrane -antiallergisches Textilfutter -auswechselbare Textileinlegesohle -stabile ansonsten rutschfeste Vibram-Laufsohle -Verschlussart: Schnellschn\u00fcrsystem -geschlecht: jungen, M\u00e4dchen -Farbt\u00f6ne: besoffen\/schwarz\/lemon sondern kleine outdoor-fans! die wasserdichte Comfortex-Klimamembrane sorgt daf\u00fcr, auf die Weise die F\u00fc\u00dfe beim spielen, Wandern ansonsten klettern geschmackvoll dr\u00f6ge bleiben. Sicheren Handgriff bietet die Vibram-Sohle neben allen Abenteuern der Kids. Ein echtes Allroundtalent &#8211; dieser Outdoorschuh von br\u00fctting. <\/p>\n<p>Obermaterial: Synthetik<br \/>\nInnenmaterial: Synthetik<br \/>\nSohle: Gummi<br \/>\nVerschluss: Schnellverschluss<br \/>\nAbsatzform: Flach<br \/>\nSchuhweite: Gemein<br \/>\nWasserabweisend<br \/>\n<div class=\"main-cross-sell\" data-asin=\"B01EBYG82O\">\n\n\t<div class=\"WooZone-cross-sell-loader\">\n\t\t<div>\n\t\t\t<div id=\"floatingBarsG\">\n\t\t\t\t<div class=\"blockG\" id=\"rotateG_01\"><\/div>\n\t\t\t\t<div class=\"blockG\" id=\"rotateG_02\"><\/div>\n\t\t\t\t<div class=\"blockG\" id=\"rotateG_03\"><\/div>\n\t\t\t\t<div class=\"blockG\" id=\"rotateG_04\"><\/div>\n\t\t\t\t<div class=\"blockG\" id=\"rotateG_05\"><\/div>\n\t\t\t\t<div class=\"blockG\" id=\"rotateG_06\"><\/div>\n\t\t\t\t<div class=\"blockG\" id=\"rotateG_07\"><\/div>\n\t\t\t\t<div class=\"blockG\" id=\"rotateG_08\"><\/div>\n\t\t\t<\/div>\n\t\t\t<div class=\"WooZone-cross-sell-loader-text\"><\/div>\n\t\t<\/div>\n\t<\/div>\n\n\t\t\n<\/div>\n<div style=\"clear:both;\"><\/div><\/p>\n","protected":false},"excerpt":{"rendered":"<p>Obermaterial: Synthetik<br \/>\nInnenmaterial: Synthetik<br \/>\nSohle: Gummi<\/p>\n","protected":false},"featured_media":16273,"comment_status":"open","ping_status":"closed","template":"","meta":[],"product_cat":[128,145],"product_tag":[],"yoast_head":"<!-- This site is optimized with the Yoast SEO plugin v20.6 - https:\/\/yoast.com\/wordpress\/plugins\/seo\/ -->\n<title>Br\u00fctting Unisex Kinder Ohio Low Trekking-&amp; Wanderhalbschuhe - FamilienMode<\/title>\n<meta name=\"robots\" content=\"index, follow, max-snippet:-1, max-image-preview:large, max-video-preview:-1\" \/>\n<link rel=\"canonical\" href=\"https:\/\/bekleidungscenter.com\/?product=bruetting-jungen-ohio-low-trekking-wanderhalbschuhe\" \/>\n<meta property=\"og:locale\" content=\"de_DE\" \/>\n<meta property=\"og:type\" content=\"article\" \/>\n<meta property=\"og:title\" content=\"Br\u00fctting Unisex Kinder Ohio Low Trekking-&amp; Wanderhalbschuhe - FamilienMode\" \/>\n<meta property=\"og:description\" content=\"Obermaterial: Synthetik Innenmaterial: Synthetik Sohle: Gummi\" \/>\n<meta property=\"og:url\" content=\"https:\/\/bekleidungscenter.com\/?product=bruetting-jungen-ohio-low-trekking-wanderhalbschuhe\" \/>\n<meta property=\"og:site_name\" content=\"FamilienMode\" \/>\n<meta property=\"article:modified_time\" content=\"2023-04-08T22:37:31+00:00\" \/>\n<meta property=\"og:image\" content=\"https:\/\/images-na.ssl-images-amazon.com\/images\/I\/4169up7-1JL.jpg\" \/>\n\t<meta property=\"og:image:width\" content=\"500\" \/>\n\t<meta property=\"og:image:height\" content=\"500\" \/>\n\t<meta property=\"og:image:type\" content=\"image\/jpeg\" \/>\n<meta name=\"twitter:card\" content=\"summary_large_image\" \/>\n<meta name=\"twitter:label1\" content=\"Gesch\u00e4tzte Lesezeit\" \/>\n\t<meta name=\"twitter:data1\" content=\"1\u00a0Minute\" \/>\n<script type=\"application\/ld+json\" class=\"yoast-schema-graph\">{\"@context\":\"https:\/\/schema.org\",\"@graph\":[{\"@type\":\"WebPage\",\"@id\":\"https:\/\/bekleidungscenter.com\/?product=bruetting-jungen-ohio-low-trekking-wanderhalbschuhe\",\"url\":\"https:\/\/bekleidungscenter.com\/?product=bruetting-jungen-ohio-low-trekking-wanderhalbschuhe\",\"name\":\"Br\u00fctting Unisex Kinder Ohio Low Trekking-&amp; Wanderhalbschuhe - FamilienMode\",\"isPartOf\":{\"@id\":\"https:\/\/bekleidungscenter.com\/#website\"},\"datePublished\":\"2021-01-04T09:39:26+00:00\",\"dateModified\":\"2023-04-08T22:37:31+00:00\",\"breadcrumb\":{\"@id\":\"https:\/\/bekleidungscenter.com\/?product=bruetting-jungen-ohio-low-trekking-wanderhalbschuhe#breadcrumb\"},\"inLanguage\":\"de\",\"potentialAction\":[{\"@type\":\"ReadAction\",\"target\":[\"https:\/\/bekleidungscenter.com\/?product=bruetting-jungen-ohio-low-trekking-wanderhalbschuhe\"]}]},{\"@type\":\"BreadcrumbList\",\"@id\":\"https:\/\/bekleidungscenter.com\/?product=bruetting-jungen-ohio-low-trekking-wanderhalbschuhe#breadcrumb\",\"itemListElement\":[{\"@type\":\"ListItem\",\"position\":1,\"name\":\"Home\",\"item\":\"https:\/\/bekleidungscenter.com\/\"},{\"@type\":\"ListItem\",\"position\":2,\"name\":\"Shop\",\"item\":\"https:\/\/bekleidungscenter.com\/?page_id=7\"},{\"@type\":\"ListItem\",\"position\":3,\"name\":\"Br\u00fctting Unisex Kinder Ohio Low Trekking-&amp; Wanderhalbschuhe\"}]},{\"@type\":\"WebSite\",\"@id\":\"https:\/\/bekleidungscenter.com\/#website\",\"url\":\"https:\/\/bekleidungscenter.com\/\",\"name\":\"FamilienMode\",\"description\":\"Alles f\u00fcr die ganze Familie\",\"potentialAction\":[{\"@type\":\"SearchAction\",\"target\":{\"@type\":\"EntryPoint\",\"urlTemplate\":\"https:\/\/bekleidungscenter.com\/?s={search_term_string}\"},\"query-input\":\"required name=search_term_string\"}],\"inLanguage\":\"de\"}]}<\/script>\n<!-- \/ Yoast SEO plugin. -->","yoast_head_json":{"title":"Br\u00fctting Unisex Kinder Ohio Low Trekking-&amp; Wanderhalbschuhe - FamilienMode","robots":{"index":"index","follow":"follow","max-snippet":"max-snippet:-1","max-image-preview":"max-image-preview:large","max-video-preview":"max-video-preview:-1"},"canonical":"https:\/\/bekleidungscenter.com\/?product=bruetting-jungen-ohio-low-trekking-wanderhalbschuhe","og_locale":"de_DE","og_type":"article","og_title":"Br\u00fctting Unisex Kinder Ohio Low Trekking-&amp; Wanderhalbschuhe - FamilienMode","og_description":"Obermaterial: Synthetik Innenmaterial: Synthetik Sohle: Gummi","og_url":"https:\/\/bekleidungscenter.com\/?product=bruetting-jungen-ohio-low-trekking-wanderhalbschuhe","og_site_name":"FamilienMode","article_modified_time":"2023-04-08T22:37:31+00:00","og_image":[{"width":500,"height":500,"url":"https:\/\/images-na.ssl-images-amazon.com\/images\/I\/4169up7-1JL.jpg","type":"image\/jpeg"}],"twitter_card":"summary_large_image","twitter_misc":{"Gesch\u00e4tzte Lesezeit":"1\u00a0Minute"},"schema":{"@context":"https:\/\/schema.org","@graph":[{"@type":"WebPage","@id":"https:\/\/bekleidungscenter.com\/?product=bruetting-jungen-ohio-low-trekking-wanderhalbschuhe","url":"https:\/\/bekleidungscenter.com\/?product=bruetting-jungen-ohio-low-trekking-wanderhalbschuhe","name":"Br\u00fctting Unisex Kinder Ohio Low Trekking-&amp; Wanderhalbschuhe - FamilienMode","isPartOf":{"@id":"https:\/\/bekleidungscenter.com\/#website"},"datePublished":"2021-01-04T09:39:26+00:00","dateModified":"2023-04-08T22:37:31+00:00","breadcrumb":{"@id":"https:\/\/bekleidungscenter.com\/?product=bruetting-jungen-ohio-low-trekking-wanderhalbschuhe#breadcrumb"},"inLanguage":"de","potentialAction":[{"@type":"ReadAction","target":["https:\/\/bekleidungscenter.com\/?product=bruetting-jungen-ohio-low-trekking-wanderhalbschuhe"]}]},{"@type":"BreadcrumbList","@id":"https:\/\/bekleidungscenter.com\/?product=bruetting-jungen-ohio-low-trekking-wanderhalbschuhe#breadcrumb","itemListElement":[{"@type":"ListItem","position":1,"name":"Home","item":"https:\/\/bekleidungscenter.com\/"},{"@type":"ListItem","position":2,"name":"Shop","item":"https:\/\/bekleidungscenter.com\/?page_id=7"},{"@type":"ListItem","position":3,"name":"Br\u00fctting Unisex Kinder Ohio Low Trekking-&amp; Wanderhalbschuhe"}]},{"@type":"WebSite","@id":"https:\/\/bekleidungscenter.com\/#website","url":"https:\/\/bekleidungscenter.com\/","name":"FamilienMode","description":"Alles f\u00fcr die ganze Familie","potentialAction":[{"@type":"SearchAction","target":{"@type":"EntryPoint","urlTemplate":"https:\/\/bekleidungscenter.com\/?s={search_term_string}"},"query-input":"required name=search_term_string"}],"inLanguage":"de"}]}},"_links":{"self":[{"href":"https:\/\/bekleidungscenter.com\/index.php?rest_route=\/wp\/v2\/product\/16272"}],"collection":[{"href":"https:\/\/bekleidungscenter.com\/index.php?rest_route=\/wp\/v2\/product"}],"about":[{"href":"https:\/\/bekleidungscenter.com\/index.php?rest_route=\/wp\/v2\/types\/product"}],"replies":[{"embeddable":true,"href":"https:\/\/bekleidungscenter.com\/index.php?rest_route=%2Fwp%2Fv2%2Fcomments&post=16272"}],"wp:featuredmedia":[{"embeddable":true,"href":"https:\/\/bekleidungscenter.com\/index.php?rest_route=\/wp\/v2\/media\/16273"}],"wp:attachment":[{"href":"https:\/\/bekleidungscenter.com\/index.php?rest_route=%2Fwp%2Fv2%2Fmedia&parent=16272"}],"wp:term":[{"taxonomy":"product_cat","embeddable":true,"href":"https:\/\/bekleidungscenter.com\/index.php?rest_route=%2Fwp%2Fv2%2Fproduct_cat&post=16272"},{"taxonomy":"product_tag","embeddable":true,"href":"https:\/\/bekleidungscenter.com\/index.php?rest_route=%2Fwp%2Fv2%2Fproduct_tag&post=16272"}],"curies":[{"name":"wp","href":"https:\/\/api.w.org\/{rel}","templated":true}]}}