{"id":16302,"date":"2021-01-04T09:39:46","date_gmt":"2021-01-04T09:39:46","guid":{"rendered":"http:\/\/bekleidungscenter.com\/?product=superfit-maedchen-starlight-sneaker"},"modified":"2023-04-08T22:37:31","modified_gmt":"2023-04-08T22:37:31","slug":"superfit-maedchen-starlight-sneaker","status":"publish","type":"product","link":"https:\/\/bekleidungscenter.com\/?product=superfit-maedchen-starlight-sneaker","title":{"rendered":"Superfit M\u00e4dchen Starlight Lauflernschuhe"},"content":{"rendered":"<p><!-- show up to 2 reviews by default --> <\/p>\n<p><b>Produktbeschreibung<\/b><br \/> Dieser s\u00fc\u00dfe Lauflernschuh f\u00fcr M\u00e4dchen der Marke superfit besticht besonders durch sein einzigartiges Design kombiniert mit der bew\u00e4hrten superfit-Passform. Ausgestattet mit einer anatomisch geformten Schn\u00fcrung, kann der Lauflernschuh sehr weit ge\u00f6ffnet sowie individuell an den Kinderfu\u00df aufeinander abgestimmt werden. Die Laufsohle ist super anpassbar und stellt mit ihrem Sternchen-Design ein zentrales Designelement dar. Dieses Modell besteht aus einer hochwertigen Leder-Kombination und wird in der WMS-Weite M III gefertigt. Das weiche Lederfutter und die herausnehmbare Leder-Einlegesohle sorgen zus\u00e4tzlich f\u00fcr h\u00f6chsten Tragekomfort. STARLIGHT vereint trendiges Design mit einem H\u00f6chstma\u00df an Bequemlichkeit.<\/p>\n<p><b>Material<br \/><\/b>Edles Veloursleder und hochwertiges Effektleder sorgen nicht trotzdem f\u00fcr absoluten Tragekomfort, sondern alias f\u00fcr ein funkelndes Highlight. Das anschmiegsame Lederfutter im gesamten Innenbereich verhindert schmerzhafte Reib- und Druckstellen auf der zarten Kinderhaut. Die Sohle aus besonders leichtem PU garantiert ein nat\u00fcrliches Abwickeln des kindlichen Fu\u00dfes. <b><\/p>\n<p> Pflegetipps f\u00fcr STARLIGHT<br \/><\/b>Velours wird am besten mit speziellen B\u00fcrsten und Reinigungsgummis gereinigt. Bei starker Verschmutzung kann alias Ledershampoo oder -schaum verwendet werden. Nach dem Abreiben sollte es mit einer Raulederb\u00fcrste erneut aufgeraut werden. Eine zus\u00e4tzliche Impr\u00e4gnierung sch\u00fctzt die Schuhe langanhaltend vor Feuchtigkeit, wobei die Gebrauchsanweisung auf dem jeweiligen Produkt zu respektieren ist. Effektleder sollten ausschlie\u00dflich mit einem feuchten Tuch und l\u00f6sungsfreien Pflegemitteln gereinigt bzw. adrett werden, wobei das jeweilige Therapeutikum vorab an einer kleinen Stelle ausprobiert werden sollte. <\/p>\n<\/p>\n<p>Obermaterial: Leder<br \/>\nInnenmaterial: Leder<br \/>\nSohle: Synthetik<br \/>\nVerschluss: Schn\u00fcrsenkel<br \/>\nAbsatzh\u00f6he: 1 cm<br \/>\nAbsatzform: Flach<br \/>\nSchuhweite: Normal<br \/>\n<div class=\"main-cross-sell\" data-asin=\"B07V5VDJ2M\">\n\n\t<div class=\"WooZone-cross-sell-loader\">\n\t\t<div>\n\t\t\t<div id=\"floatingBarsG\">\n\t\t\t\t<div class=\"blockG\" id=\"rotateG_01\"><\/div>\n\t\t\t\t<div class=\"blockG\" id=\"rotateG_02\"><\/div>\n\t\t\t\t<div class=\"blockG\" id=\"rotateG_03\"><\/div>\n\t\t\t\t<div class=\"blockG\" id=\"rotateG_04\"><\/div>\n\t\t\t\t<div class=\"blockG\" id=\"rotateG_05\"><\/div>\n\t\t\t\t<div class=\"blockG\" id=\"rotateG_06\"><\/div>\n\t\t\t\t<div class=\"blockG\" id=\"rotateG_07\"><\/div>\n\t\t\t\t<div class=\"blockG\" id=\"rotateG_08\"><\/div>\n\t\t\t<\/div>\n\t\t\t<div class=\"WooZone-cross-sell-loader-text\"><\/div>\n\t\t<\/div>\n\t<\/div>\n\n\t\t\n<\/div>\n<div style=\"clear:both;\"><\/div><\/p>\n","protected":false},"excerpt":{"rendered":"<p>Obermaterial: Leder<br \/>\nInnenmaterial: Leder<br \/>\nSohle: Synthetik<\/p>\n","protected":false},"featured_media":16303,"comment_status":"open","ping_status":"closed","template":"","meta":[],"product_cat":[128,145],"product_tag":[],"yoast_head":"<!-- This site is optimized with the Yoast SEO plugin v20.6 - https:\/\/yoast.com\/wordpress\/plugins\/seo\/ -->\n<title>Superfit M\u00e4dchen Starlight Lauflernschuhe - FamilienMode<\/title>\n<meta name=\"robots\" content=\"index, follow, max-snippet:-1, max-image-preview:large, max-video-preview:-1\" \/>\n<link rel=\"canonical\" href=\"https:\/\/bekleidungscenter.com\/?product=superfit-maedchen-starlight-sneaker\" \/>\n<meta property=\"og:locale\" content=\"de_DE\" \/>\n<meta property=\"og:type\" content=\"article\" \/>\n<meta property=\"og:title\" content=\"Superfit M\u00e4dchen Starlight Lauflernschuhe - FamilienMode\" \/>\n<meta property=\"og:description\" content=\"Obermaterial: Leder Innenmaterial: Leder Sohle: Synthetik\" \/>\n<meta property=\"og:url\" content=\"https:\/\/bekleidungscenter.com\/?product=superfit-maedchen-starlight-sneaker\" \/>\n<meta property=\"og:site_name\" content=\"FamilienMode\" \/>\n<meta property=\"article:modified_time\" content=\"2023-04-08T22:37:31+00:00\" \/>\n<meta property=\"og:image\" content=\"https:\/\/images-na.ssl-images-amazon.com\/images\/I\/419LFRq0LJL.jpg\" \/>\n\t<meta property=\"og:image:width\" content=\"500\" \/>\n\t<meta property=\"og:image:height\" content=\"500\" \/>\n\t<meta property=\"og:image:type\" content=\"image\/jpeg\" \/>\n<meta name=\"twitter:card\" content=\"summary_large_image\" \/>\n<meta name=\"twitter:label1\" content=\"Gesch\u00e4tzte Lesezeit\" \/>\n\t<meta name=\"twitter:data1\" content=\"1\u00a0Minute\" \/>\n<script type=\"application\/ld+json\" class=\"yoast-schema-graph\">{\"@context\":\"https:\/\/schema.org\",\"@graph\":[{\"@type\":\"WebPage\",\"@id\":\"https:\/\/bekleidungscenter.com\/?product=superfit-maedchen-starlight-sneaker\",\"url\":\"https:\/\/bekleidungscenter.com\/?product=superfit-maedchen-starlight-sneaker\",\"name\":\"Superfit M\u00e4dchen Starlight Lauflernschuhe - FamilienMode\",\"isPartOf\":{\"@id\":\"https:\/\/bekleidungscenter.com\/#website\"},\"datePublished\":\"2021-01-04T09:39:46+00:00\",\"dateModified\":\"2023-04-08T22:37:31+00:00\",\"breadcrumb\":{\"@id\":\"https:\/\/bekleidungscenter.com\/?product=superfit-maedchen-starlight-sneaker#breadcrumb\"},\"inLanguage\":\"de\",\"potentialAction\":[{\"@type\":\"ReadAction\",\"target\":[\"https:\/\/bekleidungscenter.com\/?product=superfit-maedchen-starlight-sneaker\"]}]},{\"@type\":\"BreadcrumbList\",\"@id\":\"https:\/\/bekleidungscenter.com\/?product=superfit-maedchen-starlight-sneaker#breadcrumb\",\"itemListElement\":[{\"@type\":\"ListItem\",\"position\":1,\"name\":\"Home\",\"item\":\"https:\/\/bekleidungscenter.com\/\"},{\"@type\":\"ListItem\",\"position\":2,\"name\":\"Shop\",\"item\":\"https:\/\/bekleidungscenter.com\/?page_id=7\"},{\"@type\":\"ListItem\",\"position\":3,\"name\":\"Superfit M\u00e4dchen Starlight Lauflernschuhe\"}]},{\"@type\":\"WebSite\",\"@id\":\"https:\/\/bekleidungscenter.com\/#website\",\"url\":\"https:\/\/bekleidungscenter.com\/\",\"name\":\"FamilienMode\",\"description\":\"Alles f\u00fcr die ganze Familie\",\"potentialAction\":[{\"@type\":\"SearchAction\",\"target\":{\"@type\":\"EntryPoint\",\"urlTemplate\":\"https:\/\/bekleidungscenter.com\/?s={search_term_string}\"},\"query-input\":\"required name=search_term_string\"}],\"inLanguage\":\"de\"}]}<\/script>\n<!-- \/ Yoast SEO plugin. -->","yoast_head_json":{"title":"Superfit M\u00e4dchen Starlight Lauflernschuhe - FamilienMode","robots":{"index":"index","follow":"follow","max-snippet":"max-snippet:-1","max-image-preview":"max-image-preview:large","max-video-preview":"max-video-preview:-1"},"canonical":"https:\/\/bekleidungscenter.com\/?product=superfit-maedchen-starlight-sneaker","og_locale":"de_DE","og_type":"article","og_title":"Superfit M\u00e4dchen Starlight Lauflernschuhe - FamilienMode","og_description":"Obermaterial: Leder Innenmaterial: Leder Sohle: Synthetik","og_url":"https:\/\/bekleidungscenter.com\/?product=superfit-maedchen-starlight-sneaker","og_site_name":"FamilienMode","article_modified_time":"2023-04-08T22:37:31+00:00","og_image":[{"width":500,"height":500,"url":"https:\/\/images-na.ssl-images-amazon.com\/images\/I\/419LFRq0LJL.jpg","type":"image\/jpeg"}],"twitter_card":"summary_large_image","twitter_misc":{"Gesch\u00e4tzte Lesezeit":"1\u00a0Minute"},"schema":{"@context":"https:\/\/schema.org","@graph":[{"@type":"WebPage","@id":"https:\/\/bekleidungscenter.com\/?product=superfit-maedchen-starlight-sneaker","url":"https:\/\/bekleidungscenter.com\/?product=superfit-maedchen-starlight-sneaker","name":"Superfit M\u00e4dchen Starlight Lauflernschuhe - FamilienMode","isPartOf":{"@id":"https:\/\/bekleidungscenter.com\/#website"},"datePublished":"2021-01-04T09:39:46+00:00","dateModified":"2023-04-08T22:37:31+00:00","breadcrumb":{"@id":"https:\/\/bekleidungscenter.com\/?product=superfit-maedchen-starlight-sneaker#breadcrumb"},"inLanguage":"de","potentialAction":[{"@type":"ReadAction","target":["https:\/\/bekleidungscenter.com\/?product=superfit-maedchen-starlight-sneaker"]}]},{"@type":"BreadcrumbList","@id":"https:\/\/bekleidungscenter.com\/?product=superfit-maedchen-starlight-sneaker#breadcrumb","itemListElement":[{"@type":"ListItem","position":1,"name":"Home","item":"https:\/\/bekleidungscenter.com\/"},{"@type":"ListItem","position":2,"name":"Shop","item":"https:\/\/bekleidungscenter.com\/?page_id=7"},{"@type":"ListItem","position":3,"name":"Superfit M\u00e4dchen Starlight Lauflernschuhe"}]},{"@type":"WebSite","@id":"https:\/\/bekleidungscenter.com\/#website","url":"https:\/\/bekleidungscenter.com\/","name":"FamilienMode","description":"Alles f\u00fcr die ganze Familie","potentialAction":[{"@type":"SearchAction","target":{"@type":"EntryPoint","urlTemplate":"https:\/\/bekleidungscenter.com\/?s={search_term_string}"},"query-input":"required name=search_term_string"}],"inLanguage":"de"}]}},"_links":{"self":[{"href":"https:\/\/bekleidungscenter.com\/index.php?rest_route=\/wp\/v2\/product\/16302"}],"collection":[{"href":"https:\/\/bekleidungscenter.com\/index.php?rest_route=\/wp\/v2\/product"}],"about":[{"href":"https:\/\/bekleidungscenter.com\/index.php?rest_route=\/wp\/v2\/types\/product"}],"replies":[{"embeddable":true,"href":"https:\/\/bekleidungscenter.com\/index.php?rest_route=%2Fwp%2Fv2%2Fcomments&post=16302"}],"wp:featuredmedia":[{"embeddable":true,"href":"https:\/\/bekleidungscenter.com\/index.php?rest_route=\/wp\/v2\/media\/16303"}],"wp:attachment":[{"href":"https:\/\/bekleidungscenter.com\/index.php?rest_route=%2Fwp%2Fv2%2Fmedia&parent=16302"}],"wp:term":[{"taxonomy":"product_cat","embeddable":true,"href":"https:\/\/bekleidungscenter.com\/index.php?rest_route=%2Fwp%2Fv2%2Fproduct_cat&post=16302"},{"taxonomy":"product_tag","embeddable":true,"href":"https:\/\/bekleidungscenter.com\/index.php?rest_route=%2Fwp%2Fv2%2Fproduct_tag&post=16302"}],"curies":[{"name":"wp","href":"https:\/\/api.w.org\/{rel}","templated":true}]}}