{"id":5770,"date":"2021-01-03T17:16:13","date_gmt":"2021-01-03T17:16:13","guid":{"rendered":"http:\/\/bekleidungscenter.com\/?product=oodji-ultra-damen-tailliertes-kleid-mit-ausgestelltem-rock"},"modified":"2023-04-05T21:49:54","modified_gmt":"2023-04-05T21:49:54","slug":"oodji-ultra-damen-tailliertes-kleid-mit-ausgestelltem-rock","status":"publish","type":"product","link":"https:\/\/bekleidungscenter.com\/?product=oodji-ultra-damen-tailliertes-kleid-mit-ausgestelltem-rock","title":{"rendered":"oodji Ultra Damen Tailliertes Jersey-Kleid"},"content":{"rendered":"<p><!-- show up to 2 reviews by default --> <\/p>\n<p>Kurzes, tailliertes Kleid s\u00e4mtliche Jersey-Material. Dieses zweiteilige Kleid verf\u00fcgt \u00fcber 3\/4-\u00c4rmel und einen Rundhalsausschnitt. Das Kleid ohne auff\u00e4lligen Details wirkt dezent und elegant. Der weiche Jersey ist angenehm zu Abst\u00fctzen und schr\u00e4nkt die Bewegungsfreiheit nicht ein. Dank dem taillierten Schnitt schmeichelt es jedem Figurtyp. Dieses Jersey-Kleid wird Ihnen helfen, eine Diversit\u00e4t von femininen Alltagsoutfits zu erstellen. Das vielseitige und praktische Kleid ist Anstatt jeden informellen Anlass ad\u00e4quat: ein Treffen mit Freunden, eine Verabredung oder einen Spaziergang. Abst\u00fctzen Sie dieses Kleid beim Shoppen oder wenn Sie Besorgungen abschlie\u00dfen. Um den Look abzurunden, f\u00fcgen Sie einfach einige Accessoires und die passenden Schuhe hinzu. Anstatt einen verspielten Look k\u00f6nnen Sie sportliche, flache Schuhe dazu Abst\u00fctzen. Wenn Sie feminine und elegante Outfits erstellen wollen, Abst\u00fctzen Sie das Kleid mit High Heels. In diesem Kleid werden Sie bei jedem Anlass bezaubernd aussehen. Anlass: Casual; <\/p>\n<p>oodji Ultra Bekleidung f\u00e4llt kleiner s\u00e4mtliche. Wir einflie\u00dfen lassen Ihnen, eine Nummer gr\u00f6\u00dfer denn Ihre Normalgr\u00f6\u00dfe zu subskribieren oder sich nach der oodji-Gr\u00f6\u00dfentabelle zu richten. Unser Model ist 175 cm gro\u00df und wiegt 52 kg. Es tr\u00e4gt Gr\u00f6\u00dfe S. Seine Umf\u00e4nge: 85\/65\/90<br \/>\nKleidl\u00e4nge (Gr\u00f6\u00dfe M): 83,5cm<br \/>\n3-4 \u00c4rmel<br \/>\n95% Baumwolle, 5% Elasthan<br \/>\nA-Linien-Kleid<br \/>\nPflegehinweis: Maschinenw\u00e4sche<br \/>\nModellnummer: 14011005-3B<br \/>\nKniefreies Kleid mit dreiviertellangen \u00c4rmeln und ausgestelltem Rock<br \/>\nNat\u00fcrliche Taillennaht unterstreicht die Proportionen Ihrer Figur<br \/>\nEin echter Blickfang mit Wohlf\u00fchlgarantie<br \/>\n<div class=\"main-cross-sell\" data-asin=\"B075ZPLKPS\">\n\n\t<div class=\"WooZone-cross-sell-loader\">\n\t\t<div>\n\t\t\t<div id=\"floatingBarsG\">\n\t\t\t\t<div class=\"blockG\" id=\"rotateG_01\"><\/div>\n\t\t\t\t<div class=\"blockG\" id=\"rotateG_02\"><\/div>\n\t\t\t\t<div class=\"blockG\" id=\"rotateG_03\"><\/div>\n\t\t\t\t<div class=\"blockG\" id=\"rotateG_04\"><\/div>\n\t\t\t\t<div class=\"blockG\" id=\"rotateG_05\"><\/div>\n\t\t\t\t<div class=\"blockG\" id=\"rotateG_06\"><\/div>\n\t\t\t\t<div class=\"blockG\" id=\"rotateG_07\"><\/div>\n\t\t\t\t<div class=\"blockG\" id=\"rotateG_08\"><\/div>\n\t\t\t<\/div>\n\t\t\t<div class=\"WooZone-cross-sell-loader-text\"><\/div>\n\t\t<\/div>\n\t<\/div>\n\n\t\t\n<\/div>\n<div style=\"clear:both;\"><\/div><\/p>\n","protected":false},"excerpt":{"rendered":"<p>oodji Ultra Bekleidung f\u00e4llt kleiner aus. Wir empfehlen Ihnen, eine Nummer gr\u00f6\u00dfer als Ihre Normalgr\u00f6\u00dfe zu bestellen oder sich nach der oodji-Gr\u00f6\u00dfentabelle zu richten. Unser Model ist 175 cm gro\u00df und wiegt 52 kg. Es tr\u00e4gt Gr\u00f6\u00dfe S. Seine Umf\u00e4nge: 85\/65\/90<br \/>\nKleidl\u00e4nge (Gr\u00f6\u00dfe M): 83,5cm<br \/>\n3-4 \u00c4rmel<\/p>\n","protected":false},"featured_media":5771,"comment_status":"open","ping_status":"closed","template":"","meta":[],"product_cat":[133,121],"product_tag":[],"yoast_head":"<!-- This site is optimized with the Yoast SEO plugin v20.6 - https:\/\/yoast.com\/wordpress\/plugins\/seo\/ -->\n<title>oodji Ultra Damen Tailliertes Jersey-Kleid - FamilienMode<\/title>\n<meta name=\"robots\" content=\"index, follow, max-snippet:-1, max-image-preview:large, max-video-preview:-1\" \/>\n<link rel=\"canonical\" href=\"https:\/\/bekleidungscenter.com\/?product=oodji-ultra-damen-tailliertes-kleid-mit-ausgestelltem-rock\" \/>\n<meta property=\"og:locale\" content=\"de_DE\" \/>\n<meta property=\"og:type\" content=\"article\" \/>\n<meta property=\"og:title\" content=\"oodji Ultra Damen Tailliertes Jersey-Kleid - FamilienMode\" \/>\n<meta property=\"og:description\" content=\"oodji Ultra Bekleidung f\u00e4llt kleiner aus. Wir empfehlen Ihnen, eine Nummer gr\u00f6\u00dfer als Ihre Normalgr\u00f6\u00dfe zu bestellen oder sich nach der oodji-Gr\u00f6\u00dfentabelle zu richten. Unser Model ist 175 cm gro\u00df und wiegt 52 kg. Es tr\u00e4gt Gr\u00f6\u00dfe S. Seine Umf\u00e4nge: 85\/65\/90 Kleidl\u00e4nge (Gr\u00f6\u00dfe M): 83,5cm 3-4 \u00c4rmel\" \/>\n<meta property=\"og:url\" content=\"https:\/\/bekleidungscenter.com\/?product=oodji-ultra-damen-tailliertes-kleid-mit-ausgestelltem-rock\" \/>\n<meta property=\"og:site_name\" content=\"FamilienMode\" \/>\n<meta property=\"article:modified_time\" content=\"2023-04-05T21:49:54+00:00\" \/>\n<meta property=\"og:image\" content=\"https:\/\/images-na.ssl-images-amazon.com\/images\/I\/31tnmeU18aL.jpg\" \/>\n\t<meta property=\"og:image:width\" content=\"500\" \/>\n\t<meta property=\"og:image:height\" content=\"500\" \/>\n\t<meta property=\"og:image:type\" content=\"image\/jpeg\" \/>\n<meta name=\"twitter:card\" content=\"summary_large_image\" \/>\n<meta name=\"twitter:label1\" content=\"Gesch\u00e4tzte Lesezeit\" \/>\n\t<meta name=\"twitter:data1\" content=\"1\u00a0Minute\" \/>\n<script type=\"application\/ld+json\" class=\"yoast-schema-graph\">{\"@context\":\"https:\/\/schema.org\",\"@graph\":[{\"@type\":\"WebPage\",\"@id\":\"https:\/\/bekleidungscenter.com\/?product=oodji-ultra-damen-tailliertes-kleid-mit-ausgestelltem-rock\",\"url\":\"https:\/\/bekleidungscenter.com\/?product=oodji-ultra-damen-tailliertes-kleid-mit-ausgestelltem-rock\",\"name\":\"oodji Ultra Damen Tailliertes Jersey-Kleid - FamilienMode\",\"isPartOf\":{\"@id\":\"https:\/\/bekleidungscenter.com\/#website\"},\"datePublished\":\"2021-01-03T17:16:13+00:00\",\"dateModified\":\"2023-04-05T21:49:54+00:00\",\"breadcrumb\":{\"@id\":\"https:\/\/bekleidungscenter.com\/?product=oodji-ultra-damen-tailliertes-kleid-mit-ausgestelltem-rock#breadcrumb\"},\"inLanguage\":\"de\",\"potentialAction\":[{\"@type\":\"ReadAction\",\"target\":[\"https:\/\/bekleidungscenter.com\/?product=oodji-ultra-damen-tailliertes-kleid-mit-ausgestelltem-rock\"]}]},{\"@type\":\"BreadcrumbList\",\"@id\":\"https:\/\/bekleidungscenter.com\/?product=oodji-ultra-damen-tailliertes-kleid-mit-ausgestelltem-rock#breadcrumb\",\"itemListElement\":[{\"@type\":\"ListItem\",\"position\":1,\"name\":\"Home\",\"item\":\"https:\/\/bekleidungscenter.com\/\"},{\"@type\":\"ListItem\",\"position\":2,\"name\":\"Shop\",\"item\":\"https:\/\/bekleidungscenter.com\/?page_id=7\"},{\"@type\":\"ListItem\",\"position\":3,\"name\":\"oodji Ultra Damen Tailliertes Jersey-Kleid\"}]},{\"@type\":\"WebSite\",\"@id\":\"https:\/\/bekleidungscenter.com\/#website\",\"url\":\"https:\/\/bekleidungscenter.com\/\",\"name\":\"FamilienMode\",\"description\":\"Alles f\u00fcr die ganze Familie\",\"potentialAction\":[{\"@type\":\"SearchAction\",\"target\":{\"@type\":\"EntryPoint\",\"urlTemplate\":\"https:\/\/bekleidungscenter.com\/?s={search_term_string}\"},\"query-input\":\"required name=search_term_string\"}],\"inLanguage\":\"de\"}]}<\/script>\n<!-- \/ Yoast SEO plugin. -->","yoast_head_json":{"title":"oodji Ultra Damen Tailliertes Jersey-Kleid - FamilienMode","robots":{"index":"index","follow":"follow","max-snippet":"max-snippet:-1","max-image-preview":"max-image-preview:large","max-video-preview":"max-video-preview:-1"},"canonical":"https:\/\/bekleidungscenter.com\/?product=oodji-ultra-damen-tailliertes-kleid-mit-ausgestelltem-rock","og_locale":"de_DE","og_type":"article","og_title":"oodji Ultra Damen Tailliertes Jersey-Kleid - FamilienMode","og_description":"oodji Ultra Bekleidung f\u00e4llt kleiner aus. Wir empfehlen Ihnen, eine Nummer gr\u00f6\u00dfer als Ihre Normalgr\u00f6\u00dfe zu bestellen oder sich nach der oodji-Gr\u00f6\u00dfentabelle zu richten. Unser Model ist 175 cm gro\u00df und wiegt 52 kg. Es tr\u00e4gt Gr\u00f6\u00dfe S. Seine Umf\u00e4nge: 85\/65\/90 Kleidl\u00e4nge (Gr\u00f6\u00dfe M): 83,5cm 3-4 \u00c4rmel","og_url":"https:\/\/bekleidungscenter.com\/?product=oodji-ultra-damen-tailliertes-kleid-mit-ausgestelltem-rock","og_site_name":"FamilienMode","article_modified_time":"2023-04-05T21:49:54+00:00","og_image":[{"width":500,"height":500,"url":"https:\/\/images-na.ssl-images-amazon.com\/images\/I\/31tnmeU18aL.jpg","type":"image\/jpeg"}],"twitter_card":"summary_large_image","twitter_misc":{"Gesch\u00e4tzte Lesezeit":"1\u00a0Minute"},"schema":{"@context":"https:\/\/schema.org","@graph":[{"@type":"WebPage","@id":"https:\/\/bekleidungscenter.com\/?product=oodji-ultra-damen-tailliertes-kleid-mit-ausgestelltem-rock","url":"https:\/\/bekleidungscenter.com\/?product=oodji-ultra-damen-tailliertes-kleid-mit-ausgestelltem-rock","name":"oodji Ultra Damen Tailliertes Jersey-Kleid - FamilienMode","isPartOf":{"@id":"https:\/\/bekleidungscenter.com\/#website"},"datePublished":"2021-01-03T17:16:13+00:00","dateModified":"2023-04-05T21:49:54+00:00","breadcrumb":{"@id":"https:\/\/bekleidungscenter.com\/?product=oodji-ultra-damen-tailliertes-kleid-mit-ausgestelltem-rock#breadcrumb"},"inLanguage":"de","potentialAction":[{"@type":"ReadAction","target":["https:\/\/bekleidungscenter.com\/?product=oodji-ultra-damen-tailliertes-kleid-mit-ausgestelltem-rock"]}]},{"@type":"BreadcrumbList","@id":"https:\/\/bekleidungscenter.com\/?product=oodji-ultra-damen-tailliertes-kleid-mit-ausgestelltem-rock#breadcrumb","itemListElement":[{"@type":"ListItem","position":1,"name":"Home","item":"https:\/\/bekleidungscenter.com\/"},{"@type":"ListItem","position":2,"name":"Shop","item":"https:\/\/bekleidungscenter.com\/?page_id=7"},{"@type":"ListItem","position":3,"name":"oodji Ultra Damen Tailliertes Jersey-Kleid"}]},{"@type":"WebSite","@id":"https:\/\/bekleidungscenter.com\/#website","url":"https:\/\/bekleidungscenter.com\/","name":"FamilienMode","description":"Alles f\u00fcr die ganze Familie","potentialAction":[{"@type":"SearchAction","target":{"@type":"EntryPoint","urlTemplate":"https:\/\/bekleidungscenter.com\/?s={search_term_string}"},"query-input":"required name=search_term_string"}],"inLanguage":"de"}]}},"_links":{"self":[{"href":"https:\/\/bekleidungscenter.com\/index.php?rest_route=\/wp\/v2\/product\/5770"}],"collection":[{"href":"https:\/\/bekleidungscenter.com\/index.php?rest_route=\/wp\/v2\/product"}],"about":[{"href":"https:\/\/bekleidungscenter.com\/index.php?rest_route=\/wp\/v2\/types\/product"}],"replies":[{"embeddable":true,"href":"https:\/\/bekleidungscenter.com\/index.php?rest_route=%2Fwp%2Fv2%2Fcomments&post=5770"}],"wp:featuredmedia":[{"embeddable":true,"href":"https:\/\/bekleidungscenter.com\/index.php?rest_route=\/wp\/v2\/media\/5771"}],"wp:attachment":[{"href":"https:\/\/bekleidungscenter.com\/index.php?rest_route=%2Fwp%2Fv2%2Fmedia&parent=5770"}],"wp:term":[{"taxonomy":"product_cat","embeddable":true,"href":"https:\/\/bekleidungscenter.com\/index.php?rest_route=%2Fwp%2Fv2%2Fproduct_cat&post=5770"},{"taxonomy":"product_tag","embeddable":true,"href":"https:\/\/bekleidungscenter.com\/index.php?rest_route=%2Fwp%2Fv2%2Fproduct_tag&post=5770"}],"curies":[{"name":"wp","href":"https:\/\/api.w.org\/{rel}","templated":true}]}}