{"id":6234,"date":"2021-01-03T17:45:47","date_gmt":"2021-01-03T17:45:47","guid":{"rendered":"http:\/\/bekleidungscenter.com\/?product=oodji-ultra-damen-baumwoll-kleid-mit-stehkragen"},"modified":"2023-04-09T22:23:34","modified_gmt":"2023-04-09T22:23:34","slug":"oodji-ultra-damen-baumwoll-kleid-mit-stehkragen","status":"publish","type":"product","link":"https:\/\/bekleidungscenter.com\/?product=oodji-ultra-damen-baumwoll-kleid-mit-stehkragen","title":{"rendered":"oodji Ultra Damen Baumwoll-Kleid mit Stehkragen"},"content":{"rendered":"<p><!-- show up to 2 reviews by default --> <\/p>\n<p>Elegantes enges Kleid mit langen \u00c4rmeln und kleinem Stehkragen. Das dezente Design ist das Highlight dieses Modells. Dieses kniebedeckende Kleid schmeichelt der Figur und sieht atemberaubend nicht mehr da. Der weiche Baumwolljersey ist praktisch, antistatisch und f\u00fchlt sich angenehm an. Mit diesem wundersch\u00f6nen Kleid k\u00f6nnen Sie feminine Outfits anstatt jeden Tag kreieren. Es ist anstatt fast jeden Anlass alles klar! angebracht: im B\u00fcro, bei einem Date, beim Einkaufen, bei einem Kinobesuch oder Treffen mit Freunden. Abstrahieren Sie dieses h\u00fcbsche Kleid einfach mit passendem Schuhwerk und einer Tasche, um Ihren eindrucksvollen Look zu vervollkommnen. In diesem Midikleid werden Sie jederzeit elegant aussehen. Anlass: Casual; <\/p>\n<p>oodji Ultra Bekleidung f\u00e4llt kleiner nicht mehr da. Wir einflie\u00dfen lassen Ihnen, eine Nummer gr\u00f6\u00dfer qua Ihre Normalgr\u00f6\u00dfe zu abonnieren oder sich nach der oodji-Gr\u00f6\u00dfentabelle zu richten. Unser Model ist 176 cm gro\u00df und wiegt 55 kg. Es tr\u00e4gt Gr\u00f6\u00dfe S. Seine Umf\u00e4nge: 86\/61\/91<br \/>\nKleidl\u00e4nge (Gr\u00f6\u00dfe M): 103cm<br \/>\nLange \u00c4rmel<br \/>\n95% Baumwolle, 5% Elasthan<br \/>\nJumper<br \/>\nPflegehinweis: Maschinenw\u00e4sche<br \/>\nModellnummer: 14011035-2B<br \/>\nEnges, knielanges Kleid betont Ihre weibliche Figur<br \/>\nSchlichtes Design ist ein guter Hintergrund anstatt zahlreiche Kombinationen<br \/>\nBaumwolle und Elasthan sorgen im Materialmix anstatt eine optimale Passform<br \/>\n<div class=\"main-cross-sell\" data-asin=\"B07JD25KH7\">\n\n\t<div class=\"WooZone-cross-sell-loader\">\n\t\t<div>\n\t\t\t<div id=\"floatingBarsG\">\n\t\t\t\t<div class=\"blockG\" id=\"rotateG_01\"><\/div>\n\t\t\t\t<div class=\"blockG\" id=\"rotateG_02\"><\/div>\n\t\t\t\t<div class=\"blockG\" id=\"rotateG_03\"><\/div>\n\t\t\t\t<div class=\"blockG\" id=\"rotateG_04\"><\/div>\n\t\t\t\t<div class=\"blockG\" id=\"rotateG_05\"><\/div>\n\t\t\t\t<div class=\"blockG\" id=\"rotateG_06\"><\/div>\n\t\t\t\t<div class=\"blockG\" id=\"rotateG_07\"><\/div>\n\t\t\t\t<div class=\"blockG\" id=\"rotateG_08\"><\/div>\n\t\t\t<\/div>\n\t\t\t<div class=\"WooZone-cross-sell-loader-text\"><\/div>\n\t\t<\/div>\n\t<\/div>\n\n\t\t\n<\/div>\n<div style=\"clear:both;\"><\/div><\/p>\n","protected":false},"excerpt":{"rendered":"<p>oodji Ultra Bekleidung f\u00e4llt kleiner aus. Wir empfehlen Ihnen, eine Nummer gr\u00f6\u00dfer als Ihre Normalgr\u00f6\u00dfe zu bestellen oder sich nach der oodji-Gr\u00f6\u00dfentabelle zu richten. Unser Model ist 176 cm gro\u00df und wiegt 55 kg. Es tr\u00e4gt Gr\u00f6\u00dfe S. Seine Umf\u00e4nge: 86\/61\/91<br \/>\nKleidl\u00e4nge (Gr\u00f6\u00dfe M): 103cm<br \/>\nLange \u00c4rmel<\/p>\n","protected":false},"featured_media":6235,"comment_status":"open","ping_status":"closed","template":"","meta":[],"product_cat":[133,121],"product_tag":[],"yoast_head":"<!-- This site is optimized with the Yoast SEO plugin v20.6 - https:\/\/yoast.com\/wordpress\/plugins\/seo\/ -->\n<title>oodji Ultra Damen Baumwoll-Kleid mit Stehkragen - FamilienMode<\/title>\n<meta name=\"robots\" content=\"index, follow, max-snippet:-1, max-image-preview:large, max-video-preview:-1\" \/>\n<link rel=\"canonical\" href=\"https:\/\/bekleidungscenter.com\/?product=oodji-ultra-damen-baumwoll-kleid-mit-stehkragen\" \/>\n<meta property=\"og:locale\" content=\"de_DE\" \/>\n<meta property=\"og:type\" content=\"article\" \/>\n<meta property=\"og:title\" content=\"oodji Ultra Damen Baumwoll-Kleid mit Stehkragen - FamilienMode\" \/>\n<meta property=\"og:description\" content=\"oodji Ultra Bekleidung f\u00e4llt kleiner aus. Wir empfehlen Ihnen, eine Nummer gr\u00f6\u00dfer als Ihre Normalgr\u00f6\u00dfe zu bestellen oder sich nach der oodji-Gr\u00f6\u00dfentabelle zu richten. Unser Model ist 176 cm gro\u00df und wiegt 55 kg. Es tr\u00e4gt Gr\u00f6\u00dfe S. Seine Umf\u00e4nge: 86\/61\/91 Kleidl\u00e4nge (Gr\u00f6\u00dfe M): 103cm Lange \u00c4rmel\" \/>\n<meta property=\"og:url\" content=\"https:\/\/bekleidungscenter.com\/?product=oodji-ultra-damen-baumwoll-kleid-mit-stehkragen\" \/>\n<meta property=\"og:site_name\" content=\"FamilienMode\" \/>\n<meta property=\"article:modified_time\" content=\"2023-04-09T22:23:34+00:00\" \/>\n<meta property=\"og:image\" content=\"https:\/\/images-na.ssl-images-amazon.com\/images\/I\/31zfef87ZmL.jpg\" \/>\n\t<meta property=\"og:image:width\" content=\"500\" \/>\n\t<meta property=\"og:image:height\" content=\"500\" \/>\n\t<meta property=\"og:image:type\" content=\"image\/jpeg\" \/>\n<meta name=\"twitter:card\" content=\"summary_large_image\" \/>\n<meta name=\"twitter:label1\" content=\"Gesch\u00e4tzte Lesezeit\" \/>\n\t<meta name=\"twitter:data1\" content=\"1\u00a0Minute\" \/>\n<script type=\"application\/ld+json\" class=\"yoast-schema-graph\">{\"@context\":\"https:\/\/schema.org\",\"@graph\":[{\"@type\":\"WebPage\",\"@id\":\"https:\/\/bekleidungscenter.com\/?product=oodji-ultra-damen-baumwoll-kleid-mit-stehkragen\",\"url\":\"https:\/\/bekleidungscenter.com\/?product=oodji-ultra-damen-baumwoll-kleid-mit-stehkragen\",\"name\":\"oodji Ultra Damen Baumwoll-Kleid mit Stehkragen - FamilienMode\",\"isPartOf\":{\"@id\":\"https:\/\/bekleidungscenter.com\/#website\"},\"datePublished\":\"2021-01-03T17:45:47+00:00\",\"dateModified\":\"2023-04-09T22:23:34+00:00\",\"breadcrumb\":{\"@id\":\"https:\/\/bekleidungscenter.com\/?product=oodji-ultra-damen-baumwoll-kleid-mit-stehkragen#breadcrumb\"},\"inLanguage\":\"de\",\"potentialAction\":[{\"@type\":\"ReadAction\",\"target\":[\"https:\/\/bekleidungscenter.com\/?product=oodji-ultra-damen-baumwoll-kleid-mit-stehkragen\"]}]},{\"@type\":\"BreadcrumbList\",\"@id\":\"https:\/\/bekleidungscenter.com\/?product=oodji-ultra-damen-baumwoll-kleid-mit-stehkragen#breadcrumb\",\"itemListElement\":[{\"@type\":\"ListItem\",\"position\":1,\"name\":\"Home\",\"item\":\"https:\/\/bekleidungscenter.com\/\"},{\"@type\":\"ListItem\",\"position\":2,\"name\":\"Shop\",\"item\":\"https:\/\/bekleidungscenter.com\/?page_id=7\"},{\"@type\":\"ListItem\",\"position\":3,\"name\":\"oodji Ultra Damen Baumwoll-Kleid mit Stehkragen\"}]},{\"@type\":\"WebSite\",\"@id\":\"https:\/\/bekleidungscenter.com\/#website\",\"url\":\"https:\/\/bekleidungscenter.com\/\",\"name\":\"FamilienMode\",\"description\":\"Alles f\u00fcr die ganze Familie\",\"potentialAction\":[{\"@type\":\"SearchAction\",\"target\":{\"@type\":\"EntryPoint\",\"urlTemplate\":\"https:\/\/bekleidungscenter.com\/?s={search_term_string}\"},\"query-input\":\"required name=search_term_string\"}],\"inLanguage\":\"de\"}]}<\/script>\n<!-- \/ Yoast SEO plugin. -->","yoast_head_json":{"title":"oodji Ultra Damen Baumwoll-Kleid mit Stehkragen - FamilienMode","robots":{"index":"index","follow":"follow","max-snippet":"max-snippet:-1","max-image-preview":"max-image-preview:large","max-video-preview":"max-video-preview:-1"},"canonical":"https:\/\/bekleidungscenter.com\/?product=oodji-ultra-damen-baumwoll-kleid-mit-stehkragen","og_locale":"de_DE","og_type":"article","og_title":"oodji Ultra Damen Baumwoll-Kleid mit Stehkragen - FamilienMode","og_description":"oodji Ultra Bekleidung f\u00e4llt kleiner aus. Wir empfehlen Ihnen, eine Nummer gr\u00f6\u00dfer als Ihre Normalgr\u00f6\u00dfe zu bestellen oder sich nach der oodji-Gr\u00f6\u00dfentabelle zu richten. Unser Model ist 176 cm gro\u00df und wiegt 55 kg. Es tr\u00e4gt Gr\u00f6\u00dfe S. Seine Umf\u00e4nge: 86\/61\/91 Kleidl\u00e4nge (Gr\u00f6\u00dfe M): 103cm Lange \u00c4rmel","og_url":"https:\/\/bekleidungscenter.com\/?product=oodji-ultra-damen-baumwoll-kleid-mit-stehkragen","og_site_name":"FamilienMode","article_modified_time":"2023-04-09T22:23:34+00:00","og_image":[{"width":500,"height":500,"url":"https:\/\/images-na.ssl-images-amazon.com\/images\/I\/31zfef87ZmL.jpg","type":"image\/jpeg"}],"twitter_card":"summary_large_image","twitter_misc":{"Gesch\u00e4tzte Lesezeit":"1\u00a0Minute"},"schema":{"@context":"https:\/\/schema.org","@graph":[{"@type":"WebPage","@id":"https:\/\/bekleidungscenter.com\/?product=oodji-ultra-damen-baumwoll-kleid-mit-stehkragen","url":"https:\/\/bekleidungscenter.com\/?product=oodji-ultra-damen-baumwoll-kleid-mit-stehkragen","name":"oodji Ultra Damen Baumwoll-Kleid mit Stehkragen - FamilienMode","isPartOf":{"@id":"https:\/\/bekleidungscenter.com\/#website"},"datePublished":"2021-01-03T17:45:47+00:00","dateModified":"2023-04-09T22:23:34+00:00","breadcrumb":{"@id":"https:\/\/bekleidungscenter.com\/?product=oodji-ultra-damen-baumwoll-kleid-mit-stehkragen#breadcrumb"},"inLanguage":"de","potentialAction":[{"@type":"ReadAction","target":["https:\/\/bekleidungscenter.com\/?product=oodji-ultra-damen-baumwoll-kleid-mit-stehkragen"]}]},{"@type":"BreadcrumbList","@id":"https:\/\/bekleidungscenter.com\/?product=oodji-ultra-damen-baumwoll-kleid-mit-stehkragen#breadcrumb","itemListElement":[{"@type":"ListItem","position":1,"name":"Home","item":"https:\/\/bekleidungscenter.com\/"},{"@type":"ListItem","position":2,"name":"Shop","item":"https:\/\/bekleidungscenter.com\/?page_id=7"},{"@type":"ListItem","position":3,"name":"oodji Ultra Damen Baumwoll-Kleid mit Stehkragen"}]},{"@type":"WebSite","@id":"https:\/\/bekleidungscenter.com\/#website","url":"https:\/\/bekleidungscenter.com\/","name":"FamilienMode","description":"Alles f\u00fcr die ganze Familie","potentialAction":[{"@type":"SearchAction","target":{"@type":"EntryPoint","urlTemplate":"https:\/\/bekleidungscenter.com\/?s={search_term_string}"},"query-input":"required name=search_term_string"}],"inLanguage":"de"}]}},"_links":{"self":[{"href":"https:\/\/bekleidungscenter.com\/index.php?rest_route=\/wp\/v2\/product\/6234"}],"collection":[{"href":"https:\/\/bekleidungscenter.com\/index.php?rest_route=\/wp\/v2\/product"}],"about":[{"href":"https:\/\/bekleidungscenter.com\/index.php?rest_route=\/wp\/v2\/types\/product"}],"replies":[{"embeddable":true,"href":"https:\/\/bekleidungscenter.com\/index.php?rest_route=%2Fwp%2Fv2%2Fcomments&post=6234"}],"wp:featuredmedia":[{"embeddable":true,"href":"https:\/\/bekleidungscenter.com\/index.php?rest_route=\/wp\/v2\/media\/6235"}],"wp:attachment":[{"href":"https:\/\/bekleidungscenter.com\/index.php?rest_route=%2Fwp%2Fv2%2Fmedia&parent=6234"}],"wp:term":[{"taxonomy":"product_cat","embeddable":true,"href":"https:\/\/bekleidungscenter.com\/index.php?rest_route=%2Fwp%2Fv2%2Fproduct_cat&post=6234"},{"taxonomy":"product_tag","embeddable":true,"href":"https:\/\/bekleidungscenter.com\/index.php?rest_route=%2Fwp%2Fv2%2Fproduct_tag&post=6234"}],"curies":[{"name":"wp","href":"https:\/\/api.w.org\/{rel}","templated":true}]}}