{"id":6650,"date":"2021-01-03T18:00:14","date_gmt":"2021-01-03T18:00:14","guid":{"rendered":"http:\/\/bekleidungscenter.com\/?product=eight2nine-damen-steppmantel-letn-039-lange-stepp-jacke-mit-kapuze"},"modified":"2023-04-10T22:37:05","modified_gmt":"2023-04-10T22:37:05","slug":"eight2nine-damen-steppmantel-letn-039-lange-stepp-jacke-mit-kapuze","status":"publish","type":"product","link":"https:\/\/bekleidungscenter.com\/?product=eight2nine-damen-steppmantel-letn-039-lange-stepp-jacke-mit-kapuze","title":{"rendered":"Eight2Nine Damen Steppmantel LETN-039 Lange Stepp-Jacke mit Kapuze"},"content":{"rendered":"<p><!-- show up to 2 reviews by default --> <\/p>\n<p> gesteppter Damenparka statt dessen die \u00dcbergangs- im \u00dcbrigen Winterzeit<br \/>ein topmoderner Beitrag statt dessen jede Gelegenheit<br \/>leicht kombinierbar<br \/>antailliert geschnitten<br \/>knielang<br \/>2-Wege-Frontzipper anhand Kinnschutz<br \/>zwei seitliche Einschubtaschen<br \/>1 Innentasche<br \/>hoher Kragen anhand fixierter Kapuze<br \/>elastischer Rippstrick an den Armenden<br \/>abgerundeter Saum hinten<br \/>gleichm\u00e4\u00dfige Quersteppung<br \/>unifarben<br \/>R\u00fcckenl\u00e4nge (ohne Kapuze) anliegend Gr. M: 100cm<br \/>Maschinenw\u00e4sche anliegend 30\u00b0C<br \/>Material: Oberstoff: 100% Polyester, Futter\/Wattierung: 100% Polyester <\/p>\n<p>knielanger, gesteppter Kurzmantel in cleanem, angesagtem Design<br \/>\nanhand dieser langen Damenjacke kommst Du auf Grund der Tatsache Herbst im \u00dcbrigen Winter im \u00dcbrigen bist fortlaufend top gestylt<br \/>\nKragenform: Stehkragen<br \/>\nOberstoff: 100% Polyester, Futter\/Wattierung: 100% Polyester<br \/>\ngro\u00dfe Kapuze, klassischer, schlichter Style, schmaler, antaillierter Mittelma\u00df, hochschlie\u00dfender Rei\u00dfverschluss<br \/>\nsuper Aufwand-Leistungsverh\u00e4ltnis, praktischer, w\u00e4rmender Parka im modernen Look &amp; zum allgemeing\u00fcltig fairen Aufwand<br \/>\n<div class=\"main-cross-sell\" data-asin=\"B07YCMWGBN\">\n\n\t<div class=\"WooZone-cross-sell-loader\">\n\t\t<div>\n\t\t\t<div id=\"floatingBarsG\">\n\t\t\t\t<div class=\"blockG\" id=\"rotateG_01\"><\/div>\n\t\t\t\t<div class=\"blockG\" id=\"rotateG_02\"><\/div>\n\t\t\t\t<div class=\"blockG\" id=\"rotateG_03\"><\/div>\n\t\t\t\t<div class=\"blockG\" id=\"rotateG_04\"><\/div>\n\t\t\t\t<div class=\"blockG\" id=\"rotateG_05\"><\/div>\n\t\t\t\t<div class=\"blockG\" id=\"rotateG_06\"><\/div>\n\t\t\t\t<div class=\"blockG\" id=\"rotateG_07\"><\/div>\n\t\t\t\t<div class=\"blockG\" id=\"rotateG_08\"><\/div>\n\t\t\t<\/div>\n\t\t\t<div class=\"WooZone-cross-sell-loader-text\"><\/div>\n\t\t<\/div>\n\t<\/div>\n\n\t\t\n<\/div>\n<div style=\"clear:both;\"><\/div><\/p>\n","protected":false},"excerpt":{"rendered":"<p>knielanger, gesteppter Kurzmantel in cleanem, angesagtem Design<br \/>\nmit dieser langen Damenjacke kommst Du durch Herbst und Winter und bist immer top gestylt<br \/>\nKragenform: Stehkragen<\/p>\n","protected":false},"featured_media":6651,"comment_status":"open","ping_status":"closed","template":"","meta":[],"product_cat":[133,119],"product_tag":[],"yoast_head":"<!-- This site is optimized with the Yoast SEO plugin v20.6 - https:\/\/yoast.com\/wordpress\/plugins\/seo\/ -->\n<title>Eight2Nine Damen Steppmantel LETN-039 Lange Stepp-Jacke mit Kapuze - FamilienMode<\/title>\n<meta name=\"robots\" content=\"index, follow, max-snippet:-1, max-image-preview:large, max-video-preview:-1\" \/>\n<link rel=\"canonical\" href=\"https:\/\/bekleidungscenter.com\/?product=eight2nine-damen-steppmantel-letn-039-lange-stepp-jacke-mit-kapuze\" \/>\n<meta property=\"og:locale\" content=\"de_DE\" \/>\n<meta property=\"og:type\" content=\"article\" \/>\n<meta property=\"og:title\" content=\"Eight2Nine Damen Steppmantel LETN-039 Lange Stepp-Jacke mit Kapuze - FamilienMode\" \/>\n<meta property=\"og:description\" content=\"knielanger, gesteppter Kurzmantel in cleanem, angesagtem Design mit dieser langen Damenjacke kommst Du durch Herbst und Winter und bist immer top gestylt Kragenform: Stehkragen\" \/>\n<meta property=\"og:url\" content=\"https:\/\/bekleidungscenter.com\/?product=eight2nine-damen-steppmantel-letn-039-lange-stepp-jacke-mit-kapuze\" \/>\n<meta property=\"og:site_name\" content=\"FamilienMode\" \/>\n<meta property=\"article:modified_time\" content=\"2023-04-10T22:37:05+00:00\" \/>\n<meta property=\"og:image\" content=\"https:\/\/images-na.ssl-images-amazon.com\/images\/I\/41whoyoOv9L.jpg\" \/>\n\t<meta property=\"og:image:width\" content=\"500\" \/>\n\t<meta property=\"og:image:height\" content=\"500\" \/>\n\t<meta property=\"og:image:type\" content=\"image\/jpeg\" \/>\n<meta name=\"twitter:card\" content=\"summary_large_image\" \/>\n<meta name=\"twitter:label1\" content=\"Gesch\u00e4tzte Lesezeit\" \/>\n\t<meta name=\"twitter:data1\" content=\"1\u00a0Minute\" \/>\n<script type=\"application\/ld+json\" class=\"yoast-schema-graph\">{\"@context\":\"https:\/\/schema.org\",\"@graph\":[{\"@type\":\"WebPage\",\"@id\":\"https:\/\/bekleidungscenter.com\/?product=eight2nine-damen-steppmantel-letn-039-lange-stepp-jacke-mit-kapuze\",\"url\":\"https:\/\/bekleidungscenter.com\/?product=eight2nine-damen-steppmantel-letn-039-lange-stepp-jacke-mit-kapuze\",\"name\":\"Eight2Nine Damen Steppmantel LETN-039 Lange Stepp-Jacke mit Kapuze - FamilienMode\",\"isPartOf\":{\"@id\":\"https:\/\/bekleidungscenter.com\/#website\"},\"datePublished\":\"2021-01-03T18:00:14+00:00\",\"dateModified\":\"2023-04-10T22:37:05+00:00\",\"breadcrumb\":{\"@id\":\"https:\/\/bekleidungscenter.com\/?product=eight2nine-damen-steppmantel-letn-039-lange-stepp-jacke-mit-kapuze#breadcrumb\"},\"inLanguage\":\"de\",\"potentialAction\":[{\"@type\":\"ReadAction\",\"target\":[\"https:\/\/bekleidungscenter.com\/?product=eight2nine-damen-steppmantel-letn-039-lange-stepp-jacke-mit-kapuze\"]}]},{\"@type\":\"BreadcrumbList\",\"@id\":\"https:\/\/bekleidungscenter.com\/?product=eight2nine-damen-steppmantel-letn-039-lange-stepp-jacke-mit-kapuze#breadcrumb\",\"itemListElement\":[{\"@type\":\"ListItem\",\"position\":1,\"name\":\"Home\",\"item\":\"https:\/\/bekleidungscenter.com\/\"},{\"@type\":\"ListItem\",\"position\":2,\"name\":\"Shop\",\"item\":\"https:\/\/bekleidungscenter.com\/?page_id=7\"},{\"@type\":\"ListItem\",\"position\":3,\"name\":\"Eight2Nine Damen Steppmantel LETN-039 Lange Stepp-Jacke mit Kapuze\"}]},{\"@type\":\"WebSite\",\"@id\":\"https:\/\/bekleidungscenter.com\/#website\",\"url\":\"https:\/\/bekleidungscenter.com\/\",\"name\":\"FamilienMode\",\"description\":\"Alles f\u00fcr die ganze Familie\",\"potentialAction\":[{\"@type\":\"SearchAction\",\"target\":{\"@type\":\"EntryPoint\",\"urlTemplate\":\"https:\/\/bekleidungscenter.com\/?s={search_term_string}\"},\"query-input\":\"required name=search_term_string\"}],\"inLanguage\":\"de\"}]}<\/script>\n<!-- \/ Yoast SEO plugin. -->","yoast_head_json":{"title":"Eight2Nine Damen Steppmantel LETN-039 Lange Stepp-Jacke mit Kapuze - FamilienMode","robots":{"index":"index","follow":"follow","max-snippet":"max-snippet:-1","max-image-preview":"max-image-preview:large","max-video-preview":"max-video-preview:-1"},"canonical":"https:\/\/bekleidungscenter.com\/?product=eight2nine-damen-steppmantel-letn-039-lange-stepp-jacke-mit-kapuze","og_locale":"de_DE","og_type":"article","og_title":"Eight2Nine Damen Steppmantel LETN-039 Lange Stepp-Jacke mit Kapuze - FamilienMode","og_description":"knielanger, gesteppter Kurzmantel in cleanem, angesagtem Design mit dieser langen Damenjacke kommst Du durch Herbst und Winter und bist immer top gestylt Kragenform: Stehkragen","og_url":"https:\/\/bekleidungscenter.com\/?product=eight2nine-damen-steppmantel-letn-039-lange-stepp-jacke-mit-kapuze","og_site_name":"FamilienMode","article_modified_time":"2023-04-10T22:37:05+00:00","og_image":[{"width":500,"height":500,"url":"https:\/\/images-na.ssl-images-amazon.com\/images\/I\/41whoyoOv9L.jpg","type":"image\/jpeg"}],"twitter_card":"summary_large_image","twitter_misc":{"Gesch\u00e4tzte Lesezeit":"1\u00a0Minute"},"schema":{"@context":"https:\/\/schema.org","@graph":[{"@type":"WebPage","@id":"https:\/\/bekleidungscenter.com\/?product=eight2nine-damen-steppmantel-letn-039-lange-stepp-jacke-mit-kapuze","url":"https:\/\/bekleidungscenter.com\/?product=eight2nine-damen-steppmantel-letn-039-lange-stepp-jacke-mit-kapuze","name":"Eight2Nine Damen Steppmantel LETN-039 Lange Stepp-Jacke mit Kapuze - FamilienMode","isPartOf":{"@id":"https:\/\/bekleidungscenter.com\/#website"},"datePublished":"2021-01-03T18:00:14+00:00","dateModified":"2023-04-10T22:37:05+00:00","breadcrumb":{"@id":"https:\/\/bekleidungscenter.com\/?product=eight2nine-damen-steppmantel-letn-039-lange-stepp-jacke-mit-kapuze#breadcrumb"},"inLanguage":"de","potentialAction":[{"@type":"ReadAction","target":["https:\/\/bekleidungscenter.com\/?product=eight2nine-damen-steppmantel-letn-039-lange-stepp-jacke-mit-kapuze"]}]},{"@type":"BreadcrumbList","@id":"https:\/\/bekleidungscenter.com\/?product=eight2nine-damen-steppmantel-letn-039-lange-stepp-jacke-mit-kapuze#breadcrumb","itemListElement":[{"@type":"ListItem","position":1,"name":"Home","item":"https:\/\/bekleidungscenter.com\/"},{"@type":"ListItem","position":2,"name":"Shop","item":"https:\/\/bekleidungscenter.com\/?page_id=7"},{"@type":"ListItem","position":3,"name":"Eight2Nine Damen Steppmantel LETN-039 Lange Stepp-Jacke mit Kapuze"}]},{"@type":"WebSite","@id":"https:\/\/bekleidungscenter.com\/#website","url":"https:\/\/bekleidungscenter.com\/","name":"FamilienMode","description":"Alles f\u00fcr die ganze Familie","potentialAction":[{"@type":"SearchAction","target":{"@type":"EntryPoint","urlTemplate":"https:\/\/bekleidungscenter.com\/?s={search_term_string}"},"query-input":"required name=search_term_string"}],"inLanguage":"de"}]}},"_links":{"self":[{"href":"https:\/\/bekleidungscenter.com\/index.php?rest_route=\/wp\/v2\/product\/6650"}],"collection":[{"href":"https:\/\/bekleidungscenter.com\/index.php?rest_route=\/wp\/v2\/product"}],"about":[{"href":"https:\/\/bekleidungscenter.com\/index.php?rest_route=\/wp\/v2\/types\/product"}],"replies":[{"embeddable":true,"href":"https:\/\/bekleidungscenter.com\/index.php?rest_route=%2Fwp%2Fv2%2Fcomments&post=6650"}],"wp:featuredmedia":[{"embeddable":true,"href":"https:\/\/bekleidungscenter.com\/index.php?rest_route=\/wp\/v2\/media\/6651"}],"wp:attachment":[{"href":"https:\/\/bekleidungscenter.com\/index.php?rest_route=%2Fwp%2Fv2%2Fmedia&parent=6650"}],"wp:term":[{"taxonomy":"product_cat","embeddable":true,"href":"https:\/\/bekleidungscenter.com\/index.php?rest_route=%2Fwp%2Fv2%2Fproduct_cat&post=6650"},{"taxonomy":"product_tag","embeddable":true,"href":"https:\/\/bekleidungscenter.com\/index.php?rest_route=%2Fwp%2Fv2%2Fproduct_tag&post=6650"}],"curies":[{"name":"wp","href":"https:\/\/api.w.org\/{rel}","templated":true}]}}