{"id":6746,"date":"2021-01-03T18:01:38","date_gmt":"2021-01-03T18:01:38","guid":{"rendered":"http:\/\/bekleidungscenter.com\/?product=rock-creek-damen-softshell-jacke-windbreaker-d-402"},"modified":"2023-04-10T22:37:07","modified_gmt":"2023-04-10T22:37:07","slug":"rock-creek-damen-softshell-jacke-windbreaker-d-402","status":"publish","type":"product","link":"https:\/\/bekleidungscenter.com\/?product=rock-creek-damen-softshell-jacke-windbreaker-d-402","title":{"rendered":"Rock Creek Damen Softshell Jacke Windbreaker D-402"},"content":{"rendered":"<p>ROCK CREEK DAMEN SOFTSHELL JACKE \/ D-402 \/ Sie sind gern in der freien Natur und gehen hier Ihren Freizeitaktivit\u00e4ten nach?. Folglich muss vulgo Ihre \u00dcbergangsjacke einiges mitmachen k\u00f6nnen, so denn Softshell Windbreaker Regenjacken von Rock-Creek. Die Damen Jacken \u00fcberzeugen durch Top-Qualit\u00e4t und eine hochwertige Abarbeitung. Sie sind wasserdicht, winddicht, w\u00e4rmeisolierend und zugleich atmungsaktiv.<br \/>\nVerschiedene einverstanden durchdachte Details denn etwa die Rei\u00dfverschl\u00fcsse jeder wasserabweisendem Material machen sie zum idealen Begleiter vulgo bei widrigen Witterungsverh\u00e4ltnissen. Die Softshelljacke \u00fcberzeugt durch: Top Qualit\u00e4t und hochwertige Abarbeitung \/ Hightechqualit\u00e4t mit exzellentem Tragekomfort \/ Wasserdicht, Winddicht, Atmungsaktiv \/ Hoch schlie\u00dfender Kragen sch\u00fctzt vor Wind &amp; K\u00e4lte<br \/>\nKragenform: Stehkragen<br \/>\nLangarm<br \/>\nObermaterial: 94% Polyester 6% Elasthan \/ Innenmaterial: 100% Polyester<br \/>\nSoftshell<br \/>\nModellnummer: D-402<br \/>\nW\u00e4rmeisolierend ideal f\u00fcr die \u00dcbergangszeit \/ Kapuze \u00fcber Rei\u00dfverschluss abnehmbar \/ Kapuze mit Kordelzug verstellbar \/ Zwei seitliche Taschen mit Rei\u00dfverschluss \/ Eine gro\u00dfe Brusttasche mit Rei\u00dfverschluss \/ Eine Innentasche mit Rei\u00dfverschluss \/ Innentasche mit Kabel-T\u00e4tigung f\u00fcr Kopfh\u00f6rer \/ Zwei Armtasche mit Rei\u00dfverschluss<br \/>\nReflektierender Aufdruck f\u00fcr mehr Sichtbarkeit vulgo bei wenig Licht bei den Farben: Dunkelblau, Schwarz, Violett \/ Rei\u00dfverschl\u00fcsse mit Wasserabweisendem Material Abgekapselt \/ Innenstoff jeder Fleece und Netzstoff Kombiniert \/ Klettverschluss Armb\u00fcndchen<br \/>\nVerstellbare Daumenschlaufen am Armabschluss \/ Durchgehender Rei\u00dfverschluss \/ Ideal f\u00fcr nicht mehr da arten von Freizeit und Outdoor Aktivit\u00e4ten \/ Gummi-Logo Patch am Oberarm \/ In sechs verschiedenen Gr\u00f6\u00dfe von S bis XXXXL \/ Entspricht den Gr\u00f6\u00dfenangaben &#8211; bitte Ma\u00dftabelle w\u00fcrdigen<br \/>\n<div class=\"main-cross-sell\" data-asin=\"B07KYPQMHB\">\n\n\t<div class=\"WooZone-cross-sell-loader\">\n\t\t<div>\n\t\t\t<div id=\"floatingBarsG\">\n\t\t\t\t<div class=\"blockG\" id=\"rotateG_01\"><\/div>\n\t\t\t\t<div class=\"blockG\" id=\"rotateG_02\"><\/div>\n\t\t\t\t<div class=\"blockG\" id=\"rotateG_03\"><\/div>\n\t\t\t\t<div class=\"blockG\" id=\"rotateG_04\"><\/div>\n\t\t\t\t<div class=\"blockG\" id=\"rotateG_05\"><\/div>\n\t\t\t\t<div class=\"blockG\" id=\"rotateG_06\"><\/div>\n\t\t\t\t<div class=\"blockG\" id=\"rotateG_07\"><\/div>\n\t\t\t\t<div class=\"blockG\" id=\"rotateG_08\"><\/div>\n\t\t\t<\/div>\n\t\t\t<div class=\"WooZone-cross-sell-loader-text\"><\/div>\n\t\t<\/div>\n\t<\/div>\n\n\t\t\n<\/div>\n<div style=\"clear:both;\"><\/div><\/p>\n","protected":false},"excerpt":{"rendered":"<p>ROCK CREEK DAMEN SOFTSHELL JACKE \/ D-402 \/ Sie sind gern in der freien Natur und gehen hier Ihren Freizeitaktivit\u00e4ten nach?. Dann muss auch Ihre \u00dcbergangsjacke einiges mitmachen k\u00f6nnen, so wie Softshell Windbreaker Regenjacken von Rock-Creek. Die Damen Jacken \u00fcberzeugen durch Top-Qualit\u00e4t und eine hochwertige Verarbeitung. Sie sind wasserdicht, winddicht, w\u00e4rmeisolierend und zugleich atmungsaktiv.<br \/>\nVerschiedene gut durchdachte Details wie etwa die Rei\u00dfverschl\u00fcsse aus wasserabweisendem Material machen sie zum idealen Begleiter auch bei widrigen Witterungsverh\u00e4ltnissen. Die Softshelljacke \u00fcberzeugt durch: Top Qualit\u00e4t und hochwertige Verarbeitung \/ Hightechqualit\u00e4t mit exzellentem Tragekomfort \/ Wasserdicht, Winddicht, Atmungsaktiv \/ Hoch schlie\u00dfender Kragen sch\u00fctzt vor Wind &amp; K\u00e4lte<br \/>\nKragenform: Stehkragen<\/p>\n","protected":false},"featured_media":6747,"comment_status":"open","ping_status":"closed","template":"","meta":[],"product_cat":[133,119],"product_tag":[],"yoast_head":"<!-- This site is optimized with the Yoast SEO plugin v20.6 - https:\/\/yoast.com\/wordpress\/plugins\/seo\/ -->\n<title>Rock Creek Damen Softshell Jacke Windbreaker D-402 - FamilienMode<\/title>\n<meta name=\"robots\" content=\"index, follow, max-snippet:-1, max-image-preview:large, max-video-preview:-1\" \/>\n<link rel=\"canonical\" href=\"https:\/\/bekleidungscenter.com\/?product=rock-creek-damen-softshell-jacke-windbreaker-d-402\" \/>\n<meta property=\"og:locale\" content=\"de_DE\" \/>\n<meta property=\"og:type\" content=\"article\" \/>\n<meta property=\"og:title\" content=\"Rock Creek Damen Softshell Jacke Windbreaker D-402 - FamilienMode\" \/>\n<meta property=\"og:description\" content=\"ROCK CREEK DAMEN SOFTSHELL JACKE \/ D-402 \/ Sie sind gern in der freien Natur und gehen hier Ihren Freizeitaktivit\u00e4ten nach?. Dann muss auch Ihre \u00dcbergangsjacke einiges mitmachen k\u00f6nnen, so wie Softshell Windbreaker Regenjacken von Rock-Creek. Die Damen Jacken \u00fcberzeugen durch Top-Qualit\u00e4t und eine hochwertige Verarbeitung. Sie sind wasserdicht, winddicht, w\u00e4rmeisolierend und zugleich atmungsaktiv. Verschiedene gut durchdachte Details wie etwa die Rei\u00dfverschl\u00fcsse aus wasserabweisendem Material machen sie zum idealen Begleiter auch bei widrigen Witterungsverh\u00e4ltnissen. Die Softshelljacke \u00fcberzeugt durch: Top Qualit\u00e4t und hochwertige Verarbeitung \/ Hightechqualit\u00e4t mit exzellentem Tragekomfort \/ Wasserdicht, Winddicht, Atmungsaktiv \/ Hoch schlie\u00dfender Kragen sch\u00fctzt vor Wind &amp; K\u00e4lte Kragenform: Stehkragen\" \/>\n<meta property=\"og:url\" content=\"https:\/\/bekleidungscenter.com\/?product=rock-creek-damen-softshell-jacke-windbreaker-d-402\" \/>\n<meta property=\"og:site_name\" content=\"FamilienMode\" \/>\n<meta property=\"article:modified_time\" content=\"2023-04-10T22:37:07+00:00\" \/>\n<meta property=\"og:image\" content=\"https:\/\/images-na.ssl-images-amazon.com\/images\/I\/41%2BY1gYANRL.jpg\" \/>\n\t<meta property=\"og:image:width\" content=\"500\" \/>\n\t<meta property=\"og:image:height\" content=\"500\" \/>\n\t<meta property=\"og:image:type\" content=\"image\/jpeg\" \/>\n<meta name=\"twitter:card\" content=\"summary_large_image\" \/>\n<meta name=\"twitter:label1\" content=\"Gesch\u00e4tzte Lesezeit\" \/>\n\t<meta name=\"twitter:data1\" content=\"1\u00a0Minute\" \/>\n<script type=\"application\/ld+json\" class=\"yoast-schema-graph\">{\"@context\":\"https:\/\/schema.org\",\"@graph\":[{\"@type\":\"WebPage\",\"@id\":\"https:\/\/bekleidungscenter.com\/?product=rock-creek-damen-softshell-jacke-windbreaker-d-402\",\"url\":\"https:\/\/bekleidungscenter.com\/?product=rock-creek-damen-softshell-jacke-windbreaker-d-402\",\"name\":\"Rock Creek Damen Softshell Jacke Windbreaker D-402 - FamilienMode\",\"isPartOf\":{\"@id\":\"https:\/\/bekleidungscenter.com\/#website\"},\"datePublished\":\"2021-01-03T18:01:38+00:00\",\"dateModified\":\"2023-04-10T22:37:07+00:00\",\"breadcrumb\":{\"@id\":\"https:\/\/bekleidungscenter.com\/?product=rock-creek-damen-softshell-jacke-windbreaker-d-402#breadcrumb\"},\"inLanguage\":\"de\",\"potentialAction\":[{\"@type\":\"ReadAction\",\"target\":[\"https:\/\/bekleidungscenter.com\/?product=rock-creek-damen-softshell-jacke-windbreaker-d-402\"]}]},{\"@type\":\"BreadcrumbList\",\"@id\":\"https:\/\/bekleidungscenter.com\/?product=rock-creek-damen-softshell-jacke-windbreaker-d-402#breadcrumb\",\"itemListElement\":[{\"@type\":\"ListItem\",\"position\":1,\"name\":\"Home\",\"item\":\"https:\/\/bekleidungscenter.com\/\"},{\"@type\":\"ListItem\",\"position\":2,\"name\":\"Shop\",\"item\":\"https:\/\/bekleidungscenter.com\/?page_id=7\"},{\"@type\":\"ListItem\",\"position\":3,\"name\":\"Rock Creek Damen Softshell Jacke Windbreaker D-402\"}]},{\"@type\":\"WebSite\",\"@id\":\"https:\/\/bekleidungscenter.com\/#website\",\"url\":\"https:\/\/bekleidungscenter.com\/\",\"name\":\"FamilienMode\",\"description\":\"Alles f\u00fcr die ganze Familie\",\"potentialAction\":[{\"@type\":\"SearchAction\",\"target\":{\"@type\":\"EntryPoint\",\"urlTemplate\":\"https:\/\/bekleidungscenter.com\/?s={search_term_string}\"},\"query-input\":\"required name=search_term_string\"}],\"inLanguage\":\"de\"}]}<\/script>\n<!-- \/ Yoast SEO plugin. -->","yoast_head_json":{"title":"Rock Creek Damen Softshell Jacke Windbreaker D-402 - FamilienMode","robots":{"index":"index","follow":"follow","max-snippet":"max-snippet:-1","max-image-preview":"max-image-preview:large","max-video-preview":"max-video-preview:-1"},"canonical":"https:\/\/bekleidungscenter.com\/?product=rock-creek-damen-softshell-jacke-windbreaker-d-402","og_locale":"de_DE","og_type":"article","og_title":"Rock Creek Damen Softshell Jacke Windbreaker D-402 - FamilienMode","og_description":"ROCK CREEK DAMEN SOFTSHELL JACKE \/ D-402 \/ Sie sind gern in der freien Natur und gehen hier Ihren Freizeitaktivit\u00e4ten nach?. Dann muss auch Ihre \u00dcbergangsjacke einiges mitmachen k\u00f6nnen, so wie Softshell Windbreaker Regenjacken von Rock-Creek. Die Damen Jacken \u00fcberzeugen durch Top-Qualit\u00e4t und eine hochwertige Verarbeitung. Sie sind wasserdicht, winddicht, w\u00e4rmeisolierend und zugleich atmungsaktiv. Verschiedene gut durchdachte Details wie etwa die Rei\u00dfverschl\u00fcsse aus wasserabweisendem Material machen sie zum idealen Begleiter auch bei widrigen Witterungsverh\u00e4ltnissen. Die Softshelljacke \u00fcberzeugt durch: Top Qualit\u00e4t und hochwertige Verarbeitung \/ Hightechqualit\u00e4t mit exzellentem Tragekomfort \/ Wasserdicht, Winddicht, Atmungsaktiv \/ Hoch schlie\u00dfender Kragen sch\u00fctzt vor Wind &amp; K\u00e4lte Kragenform: Stehkragen","og_url":"https:\/\/bekleidungscenter.com\/?product=rock-creek-damen-softshell-jacke-windbreaker-d-402","og_site_name":"FamilienMode","article_modified_time":"2023-04-10T22:37:07+00:00","og_image":[{"width":500,"height":500,"url":"https:\/\/images-na.ssl-images-amazon.com\/images\/I\/41%2BY1gYANRL.jpg","type":"image\/jpeg"}],"twitter_card":"summary_large_image","twitter_misc":{"Gesch\u00e4tzte Lesezeit":"1\u00a0Minute"},"schema":{"@context":"https:\/\/schema.org","@graph":[{"@type":"WebPage","@id":"https:\/\/bekleidungscenter.com\/?product=rock-creek-damen-softshell-jacke-windbreaker-d-402","url":"https:\/\/bekleidungscenter.com\/?product=rock-creek-damen-softshell-jacke-windbreaker-d-402","name":"Rock Creek Damen Softshell Jacke Windbreaker D-402 - FamilienMode","isPartOf":{"@id":"https:\/\/bekleidungscenter.com\/#website"},"datePublished":"2021-01-03T18:01:38+00:00","dateModified":"2023-04-10T22:37:07+00:00","breadcrumb":{"@id":"https:\/\/bekleidungscenter.com\/?product=rock-creek-damen-softshell-jacke-windbreaker-d-402#breadcrumb"},"inLanguage":"de","potentialAction":[{"@type":"ReadAction","target":["https:\/\/bekleidungscenter.com\/?product=rock-creek-damen-softshell-jacke-windbreaker-d-402"]}]},{"@type":"BreadcrumbList","@id":"https:\/\/bekleidungscenter.com\/?product=rock-creek-damen-softshell-jacke-windbreaker-d-402#breadcrumb","itemListElement":[{"@type":"ListItem","position":1,"name":"Home","item":"https:\/\/bekleidungscenter.com\/"},{"@type":"ListItem","position":2,"name":"Shop","item":"https:\/\/bekleidungscenter.com\/?page_id=7"},{"@type":"ListItem","position":3,"name":"Rock Creek Damen Softshell Jacke Windbreaker D-402"}]},{"@type":"WebSite","@id":"https:\/\/bekleidungscenter.com\/#website","url":"https:\/\/bekleidungscenter.com\/","name":"FamilienMode","description":"Alles f\u00fcr die ganze Familie","potentialAction":[{"@type":"SearchAction","target":{"@type":"EntryPoint","urlTemplate":"https:\/\/bekleidungscenter.com\/?s={search_term_string}"},"query-input":"required name=search_term_string"}],"inLanguage":"de"}]}},"_links":{"self":[{"href":"https:\/\/bekleidungscenter.com\/index.php?rest_route=\/wp\/v2\/product\/6746"}],"collection":[{"href":"https:\/\/bekleidungscenter.com\/index.php?rest_route=\/wp\/v2\/product"}],"about":[{"href":"https:\/\/bekleidungscenter.com\/index.php?rest_route=\/wp\/v2\/types\/product"}],"replies":[{"embeddable":true,"href":"https:\/\/bekleidungscenter.com\/index.php?rest_route=%2Fwp%2Fv2%2Fcomments&post=6746"}],"wp:featuredmedia":[{"embeddable":true,"href":"https:\/\/bekleidungscenter.com\/index.php?rest_route=\/wp\/v2\/media\/6747"}],"wp:attachment":[{"href":"https:\/\/bekleidungscenter.com\/index.php?rest_route=%2Fwp%2Fv2%2Fmedia&parent=6746"}],"wp:term":[{"taxonomy":"product_cat","embeddable":true,"href":"https:\/\/bekleidungscenter.com\/index.php?rest_route=%2Fwp%2Fv2%2Fproduct_cat&post=6746"},{"taxonomy":"product_tag","embeddable":true,"href":"https:\/\/bekleidungscenter.com\/index.php?rest_route=%2Fwp%2Fv2%2Fproduct_tag&post=6746"}],"curies":[{"name":"wp","href":"https:\/\/api.w.org\/{rel}","templated":true}]}}