{"id":6792,"date":"2021-01-03T18:09:20","date_gmt":"2021-01-03T18:09:20","guid":{"rendered":"http:\/\/bekleidungscenter.com\/?product=cmp-damen-jacke"},"modified":"2023-04-10T22:37:08","modified_gmt":"2023-04-10T22:37:08","slug":"cmp-damen-jacke","status":"publish","type":"product","link":"https:\/\/bekleidungscenter.com\/?product=cmp-damen-jacke","title":{"rendered":"CMP Damen Jacke Jacke"},"content":{"rendered":"<p><!-- show up to 2 reviews by default --> <\/p>\n<p>Diese Daunen Jacke ist ein absolutes Highlight. Die Jacke ist allesamt einem wind- und wasserabweisenden Obermaterial und h\u00e4lt alles drum und dran entgegengesetzt. Daf\u00fcr sorgt die Einsamkeit allesamt Daune, die in Anbetracht die abgesteppten Kammern nicht verrutscht. Zudem verf\u00fcgt die Jacke \u00fcber zwei seitliche Rei\u00dfverschlusstaschen,einen hohen Kragen und eine Kapuze. Au\u00dfergew\u00f6hnlich das gl\u00e4nzende Obermaterial macht die Daunen Jacke in diesem Jahr zu einem absoluten trendigen Hingucker. Schnurz ob zum Spazierengehen, im M\u00fchle oder statt dessen schickere Anl\u00e4sse, diese Jacke passt allzeit. <\/p>\n<p>PFC freier Daunen Mantel<br \/>\nWind- und Wetterschutz<br \/>\nAussenmaterial: 50% Polyamid, 40% Polyester, 10% Wolle; Inner: 100% Polyamid<br \/>\nJacke<br \/>\nModellnummer: 38K2776<br \/>\nH\u00e4lt super entgegengesetzt 90% Daune 10% Federn<br \/>\nZwei Rei\u00dfverschlusstaschen<br \/>\nSuper Passform, tolle Schnittform und geniale Optik<br \/>\n<div class=\"main-cross-sell\" data-asin=\"B07G4SZ2LL\">\n\n\t<div class=\"WooZone-cross-sell-loader\">\n\t\t<div>\n\t\t\t<div id=\"floatingBarsG\">\n\t\t\t\t<div class=\"blockG\" id=\"rotateG_01\"><\/div>\n\t\t\t\t<div class=\"blockG\" id=\"rotateG_02\"><\/div>\n\t\t\t\t<div class=\"blockG\" id=\"rotateG_03\"><\/div>\n\t\t\t\t<div class=\"blockG\" id=\"rotateG_04\"><\/div>\n\t\t\t\t<div class=\"blockG\" id=\"rotateG_05\"><\/div>\n\t\t\t\t<div class=\"blockG\" id=\"rotateG_06\"><\/div>\n\t\t\t\t<div class=\"blockG\" id=\"rotateG_07\"><\/div>\n\t\t\t\t<div class=\"blockG\" id=\"rotateG_08\"><\/div>\n\t\t\t<\/div>\n\t\t\t<div class=\"WooZone-cross-sell-loader-text\"><\/div>\n\t\t<\/div>\n\t<\/div>\n\n\t\t\n<\/div>\n<div style=\"clear:both;\"><\/div><\/p>\n","protected":false},"excerpt":{"rendered":"<p>PFC freier Daunen Mantel<br \/>\nWind- und Wetterschutz<br \/>\nAussenmaterial: 50% Polyamid, 40% Polyester, 10% Wolle; Inner: 100% Polyamid<\/p>\n","protected":false},"featured_media":6793,"comment_status":"open","ping_status":"closed","template":"","meta":[],"product_cat":[133,119],"product_tag":[],"yoast_head":"<!-- This site is optimized with the Yoast SEO plugin v20.6 - https:\/\/yoast.com\/wordpress\/plugins\/seo\/ -->\n<title>CMP Damen Jacke Jacke - FamilienMode<\/title>\n<meta name=\"robots\" content=\"index, follow, max-snippet:-1, max-image-preview:large, max-video-preview:-1\" \/>\n<link rel=\"canonical\" href=\"https:\/\/bekleidungscenter.com\/?product=cmp-damen-jacke\" \/>\n<meta property=\"og:locale\" content=\"de_DE\" \/>\n<meta property=\"og:type\" content=\"article\" \/>\n<meta property=\"og:title\" content=\"CMP Damen Jacke Jacke - FamilienMode\" \/>\n<meta property=\"og:description\" content=\"PFC freier Daunen Mantel Wind- und Wetterschutz Aussenmaterial: 50% Polyamid, 40% Polyester, 10% Wolle; Inner: 100% Polyamid\" \/>\n<meta property=\"og:url\" content=\"https:\/\/bekleidungscenter.com\/?product=cmp-damen-jacke\" \/>\n<meta property=\"og:site_name\" content=\"FamilienMode\" \/>\n<meta property=\"article:modified_time\" content=\"2023-04-10T22:37:08+00:00\" \/>\n<meta property=\"og:image\" content=\"https:\/\/images-na.ssl-images-amazon.com\/images\/I\/415nYdO2s1L.jpg\" \/>\n\t<meta property=\"og:image:width\" content=\"500\" \/>\n\t<meta property=\"og:image:height\" content=\"500\" \/>\n\t<meta property=\"og:image:type\" content=\"image\/jpeg\" \/>\n<meta name=\"twitter:card\" content=\"summary_large_image\" \/>\n<meta name=\"twitter:label1\" content=\"Gesch\u00e4tzte Lesezeit\" \/>\n\t<meta name=\"twitter:data1\" content=\"1\u00a0Minute\" \/>\n<script type=\"application\/ld+json\" class=\"yoast-schema-graph\">{\"@context\":\"https:\/\/schema.org\",\"@graph\":[{\"@type\":\"WebPage\",\"@id\":\"https:\/\/bekleidungscenter.com\/?product=cmp-damen-jacke\",\"url\":\"https:\/\/bekleidungscenter.com\/?product=cmp-damen-jacke\",\"name\":\"CMP Damen Jacke Jacke - FamilienMode\",\"isPartOf\":{\"@id\":\"https:\/\/bekleidungscenter.com\/#website\"},\"datePublished\":\"2021-01-03T18:09:20+00:00\",\"dateModified\":\"2023-04-10T22:37:08+00:00\",\"breadcrumb\":{\"@id\":\"https:\/\/bekleidungscenter.com\/?product=cmp-damen-jacke#breadcrumb\"},\"inLanguage\":\"de\",\"potentialAction\":[{\"@type\":\"ReadAction\",\"target\":[\"https:\/\/bekleidungscenter.com\/?product=cmp-damen-jacke\"]}]},{\"@type\":\"BreadcrumbList\",\"@id\":\"https:\/\/bekleidungscenter.com\/?product=cmp-damen-jacke#breadcrumb\",\"itemListElement\":[{\"@type\":\"ListItem\",\"position\":1,\"name\":\"Home\",\"item\":\"https:\/\/bekleidungscenter.com\/\"},{\"@type\":\"ListItem\",\"position\":2,\"name\":\"Shop\",\"item\":\"https:\/\/bekleidungscenter.com\/?page_id=7\"},{\"@type\":\"ListItem\",\"position\":3,\"name\":\"CMP Damen Jacke Jacke\"}]},{\"@type\":\"WebSite\",\"@id\":\"https:\/\/bekleidungscenter.com\/#website\",\"url\":\"https:\/\/bekleidungscenter.com\/\",\"name\":\"FamilienMode\",\"description\":\"Alles f\u00fcr die ganze Familie\",\"potentialAction\":[{\"@type\":\"SearchAction\",\"target\":{\"@type\":\"EntryPoint\",\"urlTemplate\":\"https:\/\/bekleidungscenter.com\/?s={search_term_string}\"},\"query-input\":\"required name=search_term_string\"}],\"inLanguage\":\"de\"}]}<\/script>\n<!-- \/ Yoast SEO plugin. -->","yoast_head_json":{"title":"CMP Damen Jacke Jacke - FamilienMode","robots":{"index":"index","follow":"follow","max-snippet":"max-snippet:-1","max-image-preview":"max-image-preview:large","max-video-preview":"max-video-preview:-1"},"canonical":"https:\/\/bekleidungscenter.com\/?product=cmp-damen-jacke","og_locale":"de_DE","og_type":"article","og_title":"CMP Damen Jacke Jacke - FamilienMode","og_description":"PFC freier Daunen Mantel Wind- und Wetterschutz Aussenmaterial: 50% Polyamid, 40% Polyester, 10% Wolle; Inner: 100% Polyamid","og_url":"https:\/\/bekleidungscenter.com\/?product=cmp-damen-jacke","og_site_name":"FamilienMode","article_modified_time":"2023-04-10T22:37:08+00:00","og_image":[{"width":500,"height":500,"url":"https:\/\/images-na.ssl-images-amazon.com\/images\/I\/415nYdO2s1L.jpg","type":"image\/jpeg"}],"twitter_card":"summary_large_image","twitter_misc":{"Gesch\u00e4tzte Lesezeit":"1\u00a0Minute"},"schema":{"@context":"https:\/\/schema.org","@graph":[{"@type":"WebPage","@id":"https:\/\/bekleidungscenter.com\/?product=cmp-damen-jacke","url":"https:\/\/bekleidungscenter.com\/?product=cmp-damen-jacke","name":"CMP Damen Jacke Jacke - FamilienMode","isPartOf":{"@id":"https:\/\/bekleidungscenter.com\/#website"},"datePublished":"2021-01-03T18:09:20+00:00","dateModified":"2023-04-10T22:37:08+00:00","breadcrumb":{"@id":"https:\/\/bekleidungscenter.com\/?product=cmp-damen-jacke#breadcrumb"},"inLanguage":"de","potentialAction":[{"@type":"ReadAction","target":["https:\/\/bekleidungscenter.com\/?product=cmp-damen-jacke"]}]},{"@type":"BreadcrumbList","@id":"https:\/\/bekleidungscenter.com\/?product=cmp-damen-jacke#breadcrumb","itemListElement":[{"@type":"ListItem","position":1,"name":"Home","item":"https:\/\/bekleidungscenter.com\/"},{"@type":"ListItem","position":2,"name":"Shop","item":"https:\/\/bekleidungscenter.com\/?page_id=7"},{"@type":"ListItem","position":3,"name":"CMP Damen Jacke Jacke"}]},{"@type":"WebSite","@id":"https:\/\/bekleidungscenter.com\/#website","url":"https:\/\/bekleidungscenter.com\/","name":"FamilienMode","description":"Alles f\u00fcr die ganze Familie","potentialAction":[{"@type":"SearchAction","target":{"@type":"EntryPoint","urlTemplate":"https:\/\/bekleidungscenter.com\/?s={search_term_string}"},"query-input":"required name=search_term_string"}],"inLanguage":"de"}]}},"_links":{"self":[{"href":"https:\/\/bekleidungscenter.com\/index.php?rest_route=\/wp\/v2\/product\/6792"}],"collection":[{"href":"https:\/\/bekleidungscenter.com\/index.php?rest_route=\/wp\/v2\/product"}],"about":[{"href":"https:\/\/bekleidungscenter.com\/index.php?rest_route=\/wp\/v2\/types\/product"}],"replies":[{"embeddable":true,"href":"https:\/\/bekleidungscenter.com\/index.php?rest_route=%2Fwp%2Fv2%2Fcomments&post=6792"}],"wp:featuredmedia":[{"embeddable":true,"href":"https:\/\/bekleidungscenter.com\/index.php?rest_route=\/wp\/v2\/media\/6793"}],"wp:attachment":[{"href":"https:\/\/bekleidungscenter.com\/index.php?rest_route=%2Fwp%2Fv2%2Fmedia&parent=6792"}],"wp:term":[{"taxonomy":"product_cat","embeddable":true,"href":"https:\/\/bekleidungscenter.com\/index.php?rest_route=%2Fwp%2Fv2%2Fproduct_cat&post=6792"},{"taxonomy":"product_tag","embeddable":true,"href":"https:\/\/bekleidungscenter.com\/index.php?rest_route=%2Fwp%2Fv2%2Fproduct_tag&post=6792"}],"curies":[{"name":"wp","href":"https:\/\/api.w.org\/{rel}","templated":true}]}}