{"id":7144,"date":"2021-01-03T18:17:00","date_gmt":"2021-01-03T18:17:00","guid":{"rendered":"http:\/\/bekleidungscenter.com\/?product=vaude-damen-womens-tinshan-coat-iii-jacke"},"modified":"2023-04-05T21:52:31","modified_gmt":"2023-04-05T21:52:31","slug":"vaude-damen-womens-tinshan-coat-iii-jacke","status":"publish","type":"product","link":"https:\/\/bekleidungscenter.com\/?product=vaude-damen-womens-tinshan-coat-iii-jacke","title":{"rendered":"VAUDE Women&#8217;s Tinshan Coat III &#8211; Damenmantel"},"content":{"rendered":"<p><!-- show up to 2 reviews by default --> <\/p>\n<p>Schicker, pflegeleichter Wollmix per weichem Fleece-Innenfutter, optimal sondern \u00dcbergangszeiten. Was Sie an diesem alles erlaubend geschnittenen Mantel z\u00e4h bemerken werden, sind die integrierte Kapuze und die breiten B\u00fcndchen an den \u00c4rmeln und am unteren Saum. Der Zwei-Wege-Frontrei\u00dfverschluss bietet einfachen Einsicht auf Ihre Hosentaschen, zwei Einschubtaschen halten Ihre H\u00e4nde homosexuell. Das weiche, umweltfreundliche Material bietet au\u00dfergew\u00f6hnlichen Tragekomfort und ein warmes und angenehmes Gef\u00fchlsausbruch an kalten Tagen. Das VAUDE Green Shape Label steht sondern umweltfreundliche, funktionale Produkte leer nachhaltigen Materialien. <\/p>\n<p>\u00dcbergangsmantel leer Wollmix sondern den modernen Tretm\u00fchle: homosexuell<br \/>\nModerner Mantel sondern Frauen: Auff\u00e4llig an diesem alles erlaubend geschnittenen Mantel sind die angesetzte Kapuze und der breite Bundabschluss an \u00c4rmel und Saum<br \/>\nAussenseite: 56% Polyester, 31% Wolle, 13% Polyamid; Innenseite: 100% Polyester<br \/>\nTinshan III<br \/>\nModellnummer: 41083<br \/>\nPraktische Details: Der Zwei-Wege-Frontrei\u00dfverschluss erm\u00f6glicht seiner Tr\u00e4gerin schnellen Einsicht auf die in der Tiefe befindlichen Hosentaschen, zwei Eingrifftaschen vorn w\u00e4rmen kalte Finger<br \/>\nKuschelig homosexuell: Das weiche, umweltfreundliche Material bietet einen hohen Tragekomfort und ein wohliges Gef\u00fchlsausbruch an k\u00fchlen Tagen<br \/>\nGreen Shape-Label: Das VAUDE Green Shape-Label steht sondern ein umweltfreundliches, funktionelles Produkt leer nachhaltigen Materialien<br \/>\n<div class=\"main-cross-sell\" data-asin=\"B085V6VLP4\">\n\n\t<div class=\"WooZone-cross-sell-loader\">\n\t\t<div>\n\t\t\t<div id=\"floatingBarsG\">\n\t\t\t\t<div class=\"blockG\" id=\"rotateG_01\"><\/div>\n\t\t\t\t<div class=\"blockG\" id=\"rotateG_02\"><\/div>\n\t\t\t\t<div class=\"blockG\" id=\"rotateG_03\"><\/div>\n\t\t\t\t<div class=\"blockG\" id=\"rotateG_04\"><\/div>\n\t\t\t\t<div class=\"blockG\" id=\"rotateG_05\"><\/div>\n\t\t\t\t<div class=\"blockG\" id=\"rotateG_06\"><\/div>\n\t\t\t\t<div class=\"blockG\" id=\"rotateG_07\"><\/div>\n\t\t\t\t<div class=\"blockG\" id=\"rotateG_08\"><\/div>\n\t\t\t<\/div>\n\t\t\t<div class=\"WooZone-cross-sell-loader-text\"><\/div>\n\t\t<\/div>\n\t<\/div>\n\n\t\t\n<\/div>\n<div style=\"clear:both;\"><\/div><\/p>\n","protected":false},"excerpt":{"rendered":"<p>\u00dcbergangsmantel aus Wollmix f\u00fcr den modernen Alltag: warm<br \/>\nModerner Mantel f\u00fcr Frauen: Auff\u00e4llig an diesem gro\u00dfz\u00fcgig geschnittenen Mantel sind die angesetzte Kapuze und der breite Bundabschluss an \u00c4rmel und Saum<br \/>\nAussenseite: 56% Polyester, 31% Wolle, 13% Polyamid; Innenseite: 100% Polyester<\/p>\n","protected":false},"featured_media":7145,"comment_status":"open","ping_status":"closed","template":"","meta":[],"product_cat":[133,119],"product_tag":[],"yoast_head":"<!-- This site is optimized with the Yoast SEO plugin v20.6 - https:\/\/yoast.com\/wordpress\/plugins\/seo\/ -->\n<title>VAUDE Women&#039;s Tinshan Coat III - Damenmantel - FamilienMode<\/title>\n<meta name=\"robots\" content=\"index, follow, max-snippet:-1, max-image-preview:large, max-video-preview:-1\" \/>\n<link rel=\"canonical\" href=\"https:\/\/bekleidungscenter.com\/?product=vaude-damen-womens-tinshan-coat-iii-jacke\" \/>\n<meta property=\"og:locale\" content=\"de_DE\" \/>\n<meta property=\"og:type\" content=\"article\" \/>\n<meta property=\"og:title\" content=\"VAUDE Women&#039;s Tinshan Coat III - Damenmantel - FamilienMode\" \/>\n<meta property=\"og:description\" content=\"\u00dcbergangsmantel aus Wollmix f\u00fcr den modernen Alltag: warm Moderner Mantel f\u00fcr Frauen: Auff\u00e4llig an diesem gro\u00dfz\u00fcgig geschnittenen Mantel sind die angesetzte Kapuze und der breite Bundabschluss an \u00c4rmel und Saum Aussenseite: 56% Polyester, 31% Wolle, 13% Polyamid; Innenseite: 100% Polyester\" \/>\n<meta property=\"og:url\" content=\"https:\/\/bekleidungscenter.com\/?product=vaude-damen-womens-tinshan-coat-iii-jacke\" \/>\n<meta property=\"og:site_name\" content=\"FamilienMode\" \/>\n<meta property=\"article:modified_time\" content=\"2023-04-05T21:52:31+00:00\" \/>\n<meta property=\"og:image\" content=\"https:\/\/images-na.ssl-images-amazon.com\/images\/I\/41LkchE9QXL.jpg\" \/>\n\t<meta property=\"og:image:width\" content=\"500\" \/>\n\t<meta property=\"og:image:height\" content=\"500\" \/>\n\t<meta property=\"og:image:type\" content=\"image\/jpeg\" \/>\n<meta name=\"twitter:card\" content=\"summary_large_image\" \/>\n<meta name=\"twitter:label1\" content=\"Gesch\u00e4tzte Lesezeit\" \/>\n\t<meta name=\"twitter:data1\" content=\"1\u00a0Minute\" \/>\n<script type=\"application\/ld+json\" class=\"yoast-schema-graph\">{\"@context\":\"https:\/\/schema.org\",\"@graph\":[{\"@type\":\"WebPage\",\"@id\":\"https:\/\/bekleidungscenter.com\/?product=vaude-damen-womens-tinshan-coat-iii-jacke\",\"url\":\"https:\/\/bekleidungscenter.com\/?product=vaude-damen-womens-tinshan-coat-iii-jacke\",\"name\":\"VAUDE Women's Tinshan Coat III - Damenmantel - FamilienMode\",\"isPartOf\":{\"@id\":\"https:\/\/bekleidungscenter.com\/#website\"},\"datePublished\":\"2021-01-03T18:17:00+00:00\",\"dateModified\":\"2023-04-05T21:52:31+00:00\",\"breadcrumb\":{\"@id\":\"https:\/\/bekleidungscenter.com\/?product=vaude-damen-womens-tinshan-coat-iii-jacke#breadcrumb\"},\"inLanguage\":\"de\",\"potentialAction\":[{\"@type\":\"ReadAction\",\"target\":[\"https:\/\/bekleidungscenter.com\/?product=vaude-damen-womens-tinshan-coat-iii-jacke\"]}]},{\"@type\":\"BreadcrumbList\",\"@id\":\"https:\/\/bekleidungscenter.com\/?product=vaude-damen-womens-tinshan-coat-iii-jacke#breadcrumb\",\"itemListElement\":[{\"@type\":\"ListItem\",\"position\":1,\"name\":\"Home\",\"item\":\"https:\/\/bekleidungscenter.com\/\"},{\"@type\":\"ListItem\",\"position\":2,\"name\":\"Shop\",\"item\":\"https:\/\/bekleidungscenter.com\/?page_id=7\"},{\"@type\":\"ListItem\",\"position\":3,\"name\":\"VAUDE Women&#8217;s Tinshan Coat III &#8211; Damenmantel\"}]},{\"@type\":\"WebSite\",\"@id\":\"https:\/\/bekleidungscenter.com\/#website\",\"url\":\"https:\/\/bekleidungscenter.com\/\",\"name\":\"FamilienMode\",\"description\":\"Alles f\u00fcr die ganze Familie\",\"potentialAction\":[{\"@type\":\"SearchAction\",\"target\":{\"@type\":\"EntryPoint\",\"urlTemplate\":\"https:\/\/bekleidungscenter.com\/?s={search_term_string}\"},\"query-input\":\"required name=search_term_string\"}],\"inLanguage\":\"de\"}]}<\/script>\n<!-- \/ Yoast SEO plugin. -->","yoast_head_json":{"title":"VAUDE Women's Tinshan Coat III - Damenmantel - FamilienMode","robots":{"index":"index","follow":"follow","max-snippet":"max-snippet:-1","max-image-preview":"max-image-preview:large","max-video-preview":"max-video-preview:-1"},"canonical":"https:\/\/bekleidungscenter.com\/?product=vaude-damen-womens-tinshan-coat-iii-jacke","og_locale":"de_DE","og_type":"article","og_title":"VAUDE Women's Tinshan Coat III - Damenmantel - FamilienMode","og_description":"\u00dcbergangsmantel aus Wollmix f\u00fcr den modernen Alltag: warm Moderner Mantel f\u00fcr Frauen: Auff\u00e4llig an diesem gro\u00dfz\u00fcgig geschnittenen Mantel sind die angesetzte Kapuze und der breite Bundabschluss an \u00c4rmel und Saum Aussenseite: 56% Polyester, 31% Wolle, 13% Polyamid; Innenseite: 100% Polyester","og_url":"https:\/\/bekleidungscenter.com\/?product=vaude-damen-womens-tinshan-coat-iii-jacke","og_site_name":"FamilienMode","article_modified_time":"2023-04-05T21:52:31+00:00","og_image":[{"width":500,"height":500,"url":"https:\/\/images-na.ssl-images-amazon.com\/images\/I\/41LkchE9QXL.jpg","type":"image\/jpeg"}],"twitter_card":"summary_large_image","twitter_misc":{"Gesch\u00e4tzte Lesezeit":"1\u00a0Minute"},"schema":{"@context":"https:\/\/schema.org","@graph":[{"@type":"WebPage","@id":"https:\/\/bekleidungscenter.com\/?product=vaude-damen-womens-tinshan-coat-iii-jacke","url":"https:\/\/bekleidungscenter.com\/?product=vaude-damen-womens-tinshan-coat-iii-jacke","name":"VAUDE Women's Tinshan Coat III - Damenmantel - FamilienMode","isPartOf":{"@id":"https:\/\/bekleidungscenter.com\/#website"},"datePublished":"2021-01-03T18:17:00+00:00","dateModified":"2023-04-05T21:52:31+00:00","breadcrumb":{"@id":"https:\/\/bekleidungscenter.com\/?product=vaude-damen-womens-tinshan-coat-iii-jacke#breadcrumb"},"inLanguage":"de","potentialAction":[{"@type":"ReadAction","target":["https:\/\/bekleidungscenter.com\/?product=vaude-damen-womens-tinshan-coat-iii-jacke"]}]},{"@type":"BreadcrumbList","@id":"https:\/\/bekleidungscenter.com\/?product=vaude-damen-womens-tinshan-coat-iii-jacke#breadcrumb","itemListElement":[{"@type":"ListItem","position":1,"name":"Home","item":"https:\/\/bekleidungscenter.com\/"},{"@type":"ListItem","position":2,"name":"Shop","item":"https:\/\/bekleidungscenter.com\/?page_id=7"},{"@type":"ListItem","position":3,"name":"VAUDE Women&#8217;s Tinshan Coat III &#8211; Damenmantel"}]},{"@type":"WebSite","@id":"https:\/\/bekleidungscenter.com\/#website","url":"https:\/\/bekleidungscenter.com\/","name":"FamilienMode","description":"Alles f\u00fcr die ganze Familie","potentialAction":[{"@type":"SearchAction","target":{"@type":"EntryPoint","urlTemplate":"https:\/\/bekleidungscenter.com\/?s={search_term_string}"},"query-input":"required name=search_term_string"}],"inLanguage":"de"}]}},"_links":{"self":[{"href":"https:\/\/bekleidungscenter.com\/index.php?rest_route=\/wp\/v2\/product\/7144"}],"collection":[{"href":"https:\/\/bekleidungscenter.com\/index.php?rest_route=\/wp\/v2\/product"}],"about":[{"href":"https:\/\/bekleidungscenter.com\/index.php?rest_route=\/wp\/v2\/types\/product"}],"replies":[{"embeddable":true,"href":"https:\/\/bekleidungscenter.com\/index.php?rest_route=%2Fwp%2Fv2%2Fcomments&post=7144"}],"wp:featuredmedia":[{"embeddable":true,"href":"https:\/\/bekleidungscenter.com\/index.php?rest_route=\/wp\/v2\/media\/7145"}],"wp:attachment":[{"href":"https:\/\/bekleidungscenter.com\/index.php?rest_route=%2Fwp%2Fv2%2Fmedia&parent=7144"}],"wp:term":[{"taxonomy":"product_cat","embeddable":true,"href":"https:\/\/bekleidungscenter.com\/index.php?rest_route=%2Fwp%2Fv2%2Fproduct_cat&post=7144"},{"taxonomy":"product_tag","embeddable":true,"href":"https:\/\/bekleidungscenter.com\/index.php?rest_route=%2Fwp%2Fv2%2Fproduct_tag&post=7144"}],"curies":[{"name":"wp","href":"https:\/\/api.w.org\/{rel}","templated":true}]}}