{"id":7337,"date":"2021-01-03T18:44:50","date_gmt":"2021-01-03T18:44:50","guid":{"rendered":"http:\/\/bekleidungscenter.com\/?product=urban-surface-damen-chino-stoff-hose-mit-flecht-guertel"},"modified":"2023-04-05T21:52:36","modified_gmt":"2023-04-05T21:52:36","slug":"urban-surface-damen-chino-stoff-hose-mit-flecht-guertel","status":"publish","type":"product","link":"https:\/\/bekleidungscenter.com\/?product=urban-surface-damen-chino-stoff-hose-mit-flecht-guertel","title":{"rendered":"Urban Surface Damen Chino Stoff-Hose mit Flecht-G\u00fcrtel"},"content":{"rendered":"<p>SCHNITT: Die Hose f\u00e4llt etwas gr\u00f6\u00dfer aufgebraucht &#8211; Bitte eine Nummer kleiner subskribieren !<br \/>\nSTYLE: Im angesagten Chino Style ist diese Hose ausgesprochen bequem. Zudem kannst du Sie Casual sowie Elegant konkludieren. Den entsenden Flechtg\u00fcrtel gibt&#8217;s gratis dazu<br \/>\nNormaler Staatenbund<br \/>\nVerschluss: Rei\u00dfverschluss<br \/>\n98% Baumwolle, 2% Elasthan<br \/>\nChino<br \/>\nModellnummer: 90271811<br \/>\nPASSFORM: Das Material ist recht abgezehrt und locker. Dann ist es bekannt als an hei\u00dfen Tagen noch ausgesprochen angenehm zu verstreben. Die Slim Fit Form macht bei jedem eine super Figur. Das Model ist 1,77 m gro\u00df und tr\u00e4gt Gr\u00f6\u00dfe M.<br \/>\nDETAILS: Flechtg\u00fcrtel &#x2714; in 3 Farben erh\u00e4ltlich &#x2714; Ziern\u00e4hte &#x2714; Bundfalten &#x2714;<br \/>\nInnenbeinl\u00e4nge: ca. 80 cm bei Gr\u00f6\u00dfe M<br \/>\n<div class=\"main-cross-sell\" data-asin=\"B01CWFMVWA\">\n\n\t<div class=\"WooZone-cross-sell-loader\">\n\t\t<div>\n\t\t\t<div id=\"floatingBarsG\">\n\t\t\t\t<div class=\"blockG\" id=\"rotateG_01\"><\/div>\n\t\t\t\t<div class=\"blockG\" id=\"rotateG_02\"><\/div>\n\t\t\t\t<div class=\"blockG\" id=\"rotateG_03\"><\/div>\n\t\t\t\t<div class=\"blockG\" id=\"rotateG_04\"><\/div>\n\t\t\t\t<div class=\"blockG\" id=\"rotateG_05\"><\/div>\n\t\t\t\t<div class=\"blockG\" id=\"rotateG_06\"><\/div>\n\t\t\t\t<div class=\"blockG\" id=\"rotateG_07\"><\/div>\n\t\t\t\t<div class=\"blockG\" id=\"rotateG_08\"><\/div>\n\t\t\t<\/div>\n\t\t\t<div class=\"WooZone-cross-sell-loader-text\"><\/div>\n\t\t<\/div>\n\t<\/div>\n\n\t\t\n<\/div>\n<div style=\"clear:both;\"><\/div><\/p>\n","protected":false},"excerpt":{"rendered":"<p>SCHNITT: Die Hose f\u00e4llt etwas gr\u00f6\u00dfer aus &#8211; Bitte eine Nummer kleiner bestellen !<br \/>\nSTYLE: Im angesagten Chino Style ist diese Hose sehr bequem. Zudem kannst du Sie Casual sowie Elegant kombinieren. Den schicken Flechtg\u00fcrtel gibt&#8217;s gratis dazu<br \/>\nNormaler Bund<\/p>\n","protected":false},"featured_media":7338,"comment_status":"open","ping_status":"closed","template":"","meta":[],"product_cat":[133,129],"product_tag":[],"yoast_head":"<!-- This site is optimized with the Yoast SEO plugin v20.6 - https:\/\/yoast.com\/wordpress\/plugins\/seo\/ -->\n<title>Urban Surface Damen Chino Stoff-Hose mit Flecht-G\u00fcrtel - FamilienMode<\/title>\n<meta name=\"robots\" content=\"index, follow, max-snippet:-1, max-image-preview:large, max-video-preview:-1\" \/>\n<link rel=\"canonical\" href=\"https:\/\/bekleidungscenter.com\/?product=urban-surface-damen-chino-stoff-hose-mit-flecht-guertel\" \/>\n<meta property=\"og:locale\" content=\"de_DE\" \/>\n<meta property=\"og:type\" content=\"article\" \/>\n<meta property=\"og:title\" content=\"Urban Surface Damen Chino Stoff-Hose mit Flecht-G\u00fcrtel - FamilienMode\" \/>\n<meta property=\"og:description\" content=\"SCHNITT: Die Hose f\u00e4llt etwas gr\u00f6\u00dfer aus - Bitte eine Nummer kleiner bestellen ! STYLE: Im angesagten Chino Style ist diese Hose sehr bequem. Zudem kannst du Sie Casual sowie Elegant kombinieren. Den schicken Flechtg\u00fcrtel gibt&#039;s gratis dazu Normaler Bund\" \/>\n<meta property=\"og:url\" content=\"https:\/\/bekleidungscenter.com\/?product=urban-surface-damen-chino-stoff-hose-mit-flecht-guertel\" \/>\n<meta property=\"og:site_name\" content=\"FamilienMode\" \/>\n<meta property=\"article:modified_time\" content=\"2023-04-05T21:52:36+00:00\" \/>\n<meta property=\"og:image\" content=\"https:\/\/images-na.ssl-images-amazon.com\/images\/I\/31x5D6g9H1L.jpg\" \/>\n\t<meta property=\"og:image:width\" content=\"500\" \/>\n\t<meta property=\"og:image:height\" content=\"500\" \/>\n\t<meta property=\"og:image:type\" content=\"image\/jpeg\" \/>\n<meta name=\"twitter:card\" content=\"summary_large_image\" \/>\n<meta name=\"twitter:label1\" content=\"Gesch\u00e4tzte Lesezeit\" \/>\n\t<meta name=\"twitter:data1\" content=\"1\u00a0Minute\" \/>\n<script type=\"application\/ld+json\" class=\"yoast-schema-graph\">{\"@context\":\"https:\/\/schema.org\",\"@graph\":[{\"@type\":\"WebPage\",\"@id\":\"https:\/\/bekleidungscenter.com\/?product=urban-surface-damen-chino-stoff-hose-mit-flecht-guertel\",\"url\":\"https:\/\/bekleidungscenter.com\/?product=urban-surface-damen-chino-stoff-hose-mit-flecht-guertel\",\"name\":\"Urban Surface Damen Chino Stoff-Hose mit Flecht-G\u00fcrtel - FamilienMode\",\"isPartOf\":{\"@id\":\"https:\/\/bekleidungscenter.com\/#website\"},\"datePublished\":\"2021-01-03T18:44:50+00:00\",\"dateModified\":\"2023-04-05T21:52:36+00:00\",\"breadcrumb\":{\"@id\":\"https:\/\/bekleidungscenter.com\/?product=urban-surface-damen-chino-stoff-hose-mit-flecht-guertel#breadcrumb\"},\"inLanguage\":\"de\",\"potentialAction\":[{\"@type\":\"ReadAction\",\"target\":[\"https:\/\/bekleidungscenter.com\/?product=urban-surface-damen-chino-stoff-hose-mit-flecht-guertel\"]}]},{\"@type\":\"BreadcrumbList\",\"@id\":\"https:\/\/bekleidungscenter.com\/?product=urban-surface-damen-chino-stoff-hose-mit-flecht-guertel#breadcrumb\",\"itemListElement\":[{\"@type\":\"ListItem\",\"position\":1,\"name\":\"Home\",\"item\":\"https:\/\/bekleidungscenter.com\/\"},{\"@type\":\"ListItem\",\"position\":2,\"name\":\"Shop\",\"item\":\"https:\/\/bekleidungscenter.com\/?page_id=7\"},{\"@type\":\"ListItem\",\"position\":3,\"name\":\"Urban Surface Damen Chino Stoff-Hose mit Flecht-G\u00fcrtel\"}]},{\"@type\":\"WebSite\",\"@id\":\"https:\/\/bekleidungscenter.com\/#website\",\"url\":\"https:\/\/bekleidungscenter.com\/\",\"name\":\"FamilienMode\",\"description\":\"Alles f\u00fcr die ganze Familie\",\"potentialAction\":[{\"@type\":\"SearchAction\",\"target\":{\"@type\":\"EntryPoint\",\"urlTemplate\":\"https:\/\/bekleidungscenter.com\/?s={search_term_string}\"},\"query-input\":\"required name=search_term_string\"}],\"inLanguage\":\"de\"}]}<\/script>\n<!-- \/ Yoast SEO plugin. -->","yoast_head_json":{"title":"Urban Surface Damen Chino Stoff-Hose mit Flecht-G\u00fcrtel - FamilienMode","robots":{"index":"index","follow":"follow","max-snippet":"max-snippet:-1","max-image-preview":"max-image-preview:large","max-video-preview":"max-video-preview:-1"},"canonical":"https:\/\/bekleidungscenter.com\/?product=urban-surface-damen-chino-stoff-hose-mit-flecht-guertel","og_locale":"de_DE","og_type":"article","og_title":"Urban Surface Damen Chino Stoff-Hose mit Flecht-G\u00fcrtel - FamilienMode","og_description":"SCHNITT: Die Hose f\u00e4llt etwas gr\u00f6\u00dfer aus - Bitte eine Nummer kleiner bestellen ! STYLE: Im angesagten Chino Style ist diese Hose sehr bequem. Zudem kannst du Sie Casual sowie Elegant kombinieren. Den schicken Flechtg\u00fcrtel gibt's gratis dazu Normaler Bund","og_url":"https:\/\/bekleidungscenter.com\/?product=urban-surface-damen-chino-stoff-hose-mit-flecht-guertel","og_site_name":"FamilienMode","article_modified_time":"2023-04-05T21:52:36+00:00","og_image":[{"width":500,"height":500,"url":"https:\/\/images-na.ssl-images-amazon.com\/images\/I\/31x5D6g9H1L.jpg","type":"image\/jpeg"}],"twitter_card":"summary_large_image","twitter_misc":{"Gesch\u00e4tzte Lesezeit":"1\u00a0Minute"},"schema":{"@context":"https:\/\/schema.org","@graph":[{"@type":"WebPage","@id":"https:\/\/bekleidungscenter.com\/?product=urban-surface-damen-chino-stoff-hose-mit-flecht-guertel","url":"https:\/\/bekleidungscenter.com\/?product=urban-surface-damen-chino-stoff-hose-mit-flecht-guertel","name":"Urban Surface Damen Chino Stoff-Hose mit Flecht-G\u00fcrtel - FamilienMode","isPartOf":{"@id":"https:\/\/bekleidungscenter.com\/#website"},"datePublished":"2021-01-03T18:44:50+00:00","dateModified":"2023-04-05T21:52:36+00:00","breadcrumb":{"@id":"https:\/\/bekleidungscenter.com\/?product=urban-surface-damen-chino-stoff-hose-mit-flecht-guertel#breadcrumb"},"inLanguage":"de","potentialAction":[{"@type":"ReadAction","target":["https:\/\/bekleidungscenter.com\/?product=urban-surface-damen-chino-stoff-hose-mit-flecht-guertel"]}]},{"@type":"BreadcrumbList","@id":"https:\/\/bekleidungscenter.com\/?product=urban-surface-damen-chino-stoff-hose-mit-flecht-guertel#breadcrumb","itemListElement":[{"@type":"ListItem","position":1,"name":"Home","item":"https:\/\/bekleidungscenter.com\/"},{"@type":"ListItem","position":2,"name":"Shop","item":"https:\/\/bekleidungscenter.com\/?page_id=7"},{"@type":"ListItem","position":3,"name":"Urban Surface Damen Chino Stoff-Hose mit Flecht-G\u00fcrtel"}]},{"@type":"WebSite","@id":"https:\/\/bekleidungscenter.com\/#website","url":"https:\/\/bekleidungscenter.com\/","name":"FamilienMode","description":"Alles f\u00fcr die ganze Familie","potentialAction":[{"@type":"SearchAction","target":{"@type":"EntryPoint","urlTemplate":"https:\/\/bekleidungscenter.com\/?s={search_term_string}"},"query-input":"required name=search_term_string"}],"inLanguage":"de"}]}},"_links":{"self":[{"href":"https:\/\/bekleidungscenter.com\/index.php?rest_route=\/wp\/v2\/product\/7337"}],"collection":[{"href":"https:\/\/bekleidungscenter.com\/index.php?rest_route=\/wp\/v2\/product"}],"about":[{"href":"https:\/\/bekleidungscenter.com\/index.php?rest_route=\/wp\/v2\/types\/product"}],"replies":[{"embeddable":true,"href":"https:\/\/bekleidungscenter.com\/index.php?rest_route=%2Fwp%2Fv2%2Fcomments&post=7337"}],"wp:featuredmedia":[{"embeddable":true,"href":"https:\/\/bekleidungscenter.com\/index.php?rest_route=\/wp\/v2\/media\/7338"}],"wp:attachment":[{"href":"https:\/\/bekleidungscenter.com\/index.php?rest_route=%2Fwp%2Fv2%2Fmedia&parent=7337"}],"wp:term":[{"taxonomy":"product_cat","embeddable":true,"href":"https:\/\/bekleidungscenter.com\/index.php?rest_route=%2Fwp%2Fv2%2Fproduct_cat&post=7337"},{"taxonomy":"product_tag","embeddable":true,"href":"https:\/\/bekleidungscenter.com\/index.php?rest_route=%2Fwp%2Fv2%2Fproduct_tag&post=7337"}],"curies":[{"name":"wp","href":"https:\/\/api.w.org\/{rel}","templated":true}]}}