{"id":7482,"date":"2021-01-03T18:47:22","date_gmt":"2021-01-03T18:47:22","guid":{"rendered":"http:\/\/bekleidungscenter.com\/?product=brax-damen-style-mary-straight-jeans"},"modified":"2023-04-10T22:39:06","modified_gmt":"2023-04-10T22:39:06","slug":"brax-damen-style-mary-straight-jeans","status":"publish","type":"product","link":"https:\/\/bekleidungscenter.com\/?product=brax-damen-style-mary-straight-jeans","title":{"rendered":"BRAX Damen Style Mary Five-Pocket Sportiven Details Jeans"},"content":{"rendered":"<p><!-- show up to 2 reviews by default --> <\/p>\n<p>Crystal Romance. Diese moderne Damenjeans ist ein perfekter Diverses die Gesamtheit Feminit\u00e4t und Authentizit\u00e4t. Eine Denim-Spezialentwicklung die Gesamtheit einem hochelastischen und strapazierf\u00e4higen Baumwollmix \u00fcberzeugt mit hervorragenden Trageeigenschaften. Die R\u00fccksprungswerte der Dual Core-Garne werden Sie genauso begeistern denn das softe Handfeel der schmalen Five-Pocket-Jeans. Der authentische Ringdenim gef\u00e4llt mit seinem sportiv-eleganten Look und einer tollen Passform. Geeignet zum Namen schm\u00fcckt eine edle Crystal Swarovski-Zierniete an der Coinpocket die modische Damenjeans. Das und alias die feinen Verarbeitungsdetails geben dieser Damenhose eine feminine Denkschrift. <\/p>\n<p>Tragekomfort und Qualit\u00e4t: Die exclusiven Dual Core-Garne dieser Denim-Spezialentwicklung mit hohen R\u00fccksprungswerten werden Sie genauso begeistern denn das softe Handfeel dieser Five-Pocket-Jeans<br \/>\nHochwertige Verarbeitungsdetails: Gepflegter Denim die Gesamtheit hautsympathischer, atmungsaktiver sowie strapazierf\u00e4higer Baumwolle<br \/>\nNormaler Koalition<br \/>\nVerschluss: Rei\u00dfverschluss<br \/>\n94% Baumwolle, 4% Polyester, 2% Elasthan<br \/>\nStraight<br \/>\nPflegehinweis: Maschinenw\u00e4sche<br \/>\nModellnummer: 70-5000 BX_MARY_2_W27\/L30 (36K)<br \/>\nComfort Fit: Die optimale Passform f\u00fcr den authentischen, l\u00e4ssigen Look &#8211; schmaler Beinverlauf und bequeme Weite in den Oberschenkeln<br \/>\nAuthentisch und feminin: Diese Jeans steht f\u00fcr einen l\u00e4ssigen und jedoch weiblichen Look &#8211; Details denn die Swarovski-Zierniete setzen besondere Akzente<br \/>\nStyling: Konkludieren Sie Mary Crystal Romance so dahin gesagt zu Sneaker und Shirt, die gekrempelten Beinabschl\u00fcsse setzen ein cooles Finish<br \/>\n<div class=\"main-cross-sell\" data-asin=\"B06WVGXD1R\">\n\n\t<div class=\"WooZone-cross-sell-loader\">\n\t\t<div>\n\t\t\t<div id=\"floatingBarsG\">\n\t\t\t\t<div class=\"blockG\" id=\"rotateG_01\"><\/div>\n\t\t\t\t<div class=\"blockG\" id=\"rotateG_02\"><\/div>\n\t\t\t\t<div class=\"blockG\" id=\"rotateG_03\"><\/div>\n\t\t\t\t<div class=\"blockG\" id=\"rotateG_04\"><\/div>\n\t\t\t\t<div class=\"blockG\" id=\"rotateG_05\"><\/div>\n\t\t\t\t<div class=\"blockG\" id=\"rotateG_06\"><\/div>\n\t\t\t\t<div class=\"blockG\" id=\"rotateG_07\"><\/div>\n\t\t\t\t<div class=\"blockG\" id=\"rotateG_08\"><\/div>\n\t\t\t<\/div>\n\t\t\t<div class=\"WooZone-cross-sell-loader-text\"><\/div>\n\t\t<\/div>\n\t<\/div>\n\n\t\t\n<\/div>\n<div style=\"clear:both;\"><\/div><\/p>\n","protected":false},"excerpt":{"rendered":"<p>Tragekomfort und Qualit\u00e4t: Die exclusiven Dual Core-Garne dieser Denim-Spezialentwicklung mit hohen R\u00fccksprungswerten werden Sie genauso begeistern wie das softe Handfeel dieser Five-Pocket-Jeans<br \/>\nHochwertige Verarbeitungsdetails: Gepflegter Denim aus hautsympathischer, atmungsaktiver sowie strapazierf\u00e4higer Baumwolle<br \/>\nNormaler Bund<\/p>\n","protected":false},"featured_media":7483,"comment_status":"open","ping_status":"closed","template":"","meta":[],"product_cat":[133,129],"product_tag":[],"yoast_head":"<!-- This site is optimized with the Yoast SEO plugin v20.6 - https:\/\/yoast.com\/wordpress\/plugins\/seo\/ -->\n<title>BRAX Damen Style Mary Five-Pocket Sportiven Details Jeans - FamilienMode<\/title>\n<meta name=\"robots\" content=\"index, follow, max-snippet:-1, max-image-preview:large, max-video-preview:-1\" \/>\n<link rel=\"canonical\" href=\"https:\/\/bekleidungscenter.com\/?product=brax-damen-style-mary-straight-jeans\" \/>\n<meta property=\"og:locale\" content=\"de_DE\" \/>\n<meta property=\"og:type\" content=\"article\" \/>\n<meta property=\"og:title\" content=\"BRAX Damen Style Mary Five-Pocket Sportiven Details Jeans - FamilienMode\" \/>\n<meta property=\"og:description\" content=\"Tragekomfort und Qualit\u00e4t: Die exclusiven Dual Core-Garne dieser Denim-Spezialentwicklung mit hohen R\u00fccksprungswerten werden Sie genauso begeistern wie das softe Handfeel dieser Five-Pocket-Jeans Hochwertige Verarbeitungsdetails: Gepflegter Denim aus hautsympathischer, atmungsaktiver sowie strapazierf\u00e4higer Baumwolle Normaler Bund\" \/>\n<meta property=\"og:url\" content=\"https:\/\/bekleidungscenter.com\/?product=brax-damen-style-mary-straight-jeans\" \/>\n<meta property=\"og:site_name\" content=\"FamilienMode\" \/>\n<meta property=\"article:modified_time\" content=\"2023-04-10T22:39:06+00:00\" \/>\n<meta property=\"og:image\" content=\"https:\/\/images-na.ssl-images-amazon.com\/images\/I\/314Pbn3t4WL.jpg\" \/>\n\t<meta property=\"og:image:width\" content=\"500\" \/>\n\t<meta property=\"og:image:height\" content=\"500\" \/>\n\t<meta property=\"og:image:type\" content=\"image\/jpeg\" \/>\n<meta name=\"twitter:card\" content=\"summary_large_image\" \/>\n<meta name=\"twitter:label1\" content=\"Gesch\u00e4tzte Lesezeit\" \/>\n\t<meta name=\"twitter:data1\" content=\"1\u00a0Minute\" \/>\n<script type=\"application\/ld+json\" class=\"yoast-schema-graph\">{\"@context\":\"https:\/\/schema.org\",\"@graph\":[{\"@type\":\"WebPage\",\"@id\":\"https:\/\/bekleidungscenter.com\/?product=brax-damen-style-mary-straight-jeans\",\"url\":\"https:\/\/bekleidungscenter.com\/?product=brax-damen-style-mary-straight-jeans\",\"name\":\"BRAX Damen Style Mary Five-Pocket Sportiven Details Jeans - FamilienMode\",\"isPartOf\":{\"@id\":\"https:\/\/bekleidungscenter.com\/#website\"},\"datePublished\":\"2021-01-03T18:47:22+00:00\",\"dateModified\":\"2023-04-10T22:39:06+00:00\",\"breadcrumb\":{\"@id\":\"https:\/\/bekleidungscenter.com\/?product=brax-damen-style-mary-straight-jeans#breadcrumb\"},\"inLanguage\":\"de\",\"potentialAction\":[{\"@type\":\"ReadAction\",\"target\":[\"https:\/\/bekleidungscenter.com\/?product=brax-damen-style-mary-straight-jeans\"]}]},{\"@type\":\"BreadcrumbList\",\"@id\":\"https:\/\/bekleidungscenter.com\/?product=brax-damen-style-mary-straight-jeans#breadcrumb\",\"itemListElement\":[{\"@type\":\"ListItem\",\"position\":1,\"name\":\"Home\",\"item\":\"https:\/\/bekleidungscenter.com\/\"},{\"@type\":\"ListItem\",\"position\":2,\"name\":\"Shop\",\"item\":\"https:\/\/bekleidungscenter.com\/?page_id=7\"},{\"@type\":\"ListItem\",\"position\":3,\"name\":\"BRAX Damen Style Mary Five-Pocket Sportiven Details Jeans\"}]},{\"@type\":\"WebSite\",\"@id\":\"https:\/\/bekleidungscenter.com\/#website\",\"url\":\"https:\/\/bekleidungscenter.com\/\",\"name\":\"FamilienMode\",\"description\":\"Alles f\u00fcr die ganze Familie\",\"potentialAction\":[{\"@type\":\"SearchAction\",\"target\":{\"@type\":\"EntryPoint\",\"urlTemplate\":\"https:\/\/bekleidungscenter.com\/?s={search_term_string}\"},\"query-input\":\"required name=search_term_string\"}],\"inLanguage\":\"de\"}]}<\/script>\n<!-- \/ Yoast SEO plugin. -->","yoast_head_json":{"title":"BRAX Damen Style Mary Five-Pocket Sportiven Details Jeans - FamilienMode","robots":{"index":"index","follow":"follow","max-snippet":"max-snippet:-1","max-image-preview":"max-image-preview:large","max-video-preview":"max-video-preview:-1"},"canonical":"https:\/\/bekleidungscenter.com\/?product=brax-damen-style-mary-straight-jeans","og_locale":"de_DE","og_type":"article","og_title":"BRAX Damen Style Mary Five-Pocket Sportiven Details Jeans - FamilienMode","og_description":"Tragekomfort und Qualit\u00e4t: Die exclusiven Dual Core-Garne dieser Denim-Spezialentwicklung mit hohen R\u00fccksprungswerten werden Sie genauso begeistern wie das softe Handfeel dieser Five-Pocket-Jeans Hochwertige Verarbeitungsdetails: Gepflegter Denim aus hautsympathischer, atmungsaktiver sowie strapazierf\u00e4higer Baumwolle Normaler Bund","og_url":"https:\/\/bekleidungscenter.com\/?product=brax-damen-style-mary-straight-jeans","og_site_name":"FamilienMode","article_modified_time":"2023-04-10T22:39:06+00:00","og_image":[{"width":500,"height":500,"url":"https:\/\/images-na.ssl-images-amazon.com\/images\/I\/314Pbn3t4WL.jpg","type":"image\/jpeg"}],"twitter_card":"summary_large_image","twitter_misc":{"Gesch\u00e4tzte Lesezeit":"1\u00a0Minute"},"schema":{"@context":"https:\/\/schema.org","@graph":[{"@type":"WebPage","@id":"https:\/\/bekleidungscenter.com\/?product=brax-damen-style-mary-straight-jeans","url":"https:\/\/bekleidungscenter.com\/?product=brax-damen-style-mary-straight-jeans","name":"BRAX Damen Style Mary Five-Pocket Sportiven Details Jeans - FamilienMode","isPartOf":{"@id":"https:\/\/bekleidungscenter.com\/#website"},"datePublished":"2021-01-03T18:47:22+00:00","dateModified":"2023-04-10T22:39:06+00:00","breadcrumb":{"@id":"https:\/\/bekleidungscenter.com\/?product=brax-damen-style-mary-straight-jeans#breadcrumb"},"inLanguage":"de","potentialAction":[{"@type":"ReadAction","target":["https:\/\/bekleidungscenter.com\/?product=brax-damen-style-mary-straight-jeans"]}]},{"@type":"BreadcrumbList","@id":"https:\/\/bekleidungscenter.com\/?product=brax-damen-style-mary-straight-jeans#breadcrumb","itemListElement":[{"@type":"ListItem","position":1,"name":"Home","item":"https:\/\/bekleidungscenter.com\/"},{"@type":"ListItem","position":2,"name":"Shop","item":"https:\/\/bekleidungscenter.com\/?page_id=7"},{"@type":"ListItem","position":3,"name":"BRAX Damen Style Mary Five-Pocket Sportiven Details Jeans"}]},{"@type":"WebSite","@id":"https:\/\/bekleidungscenter.com\/#website","url":"https:\/\/bekleidungscenter.com\/","name":"FamilienMode","description":"Alles f\u00fcr die ganze Familie","potentialAction":[{"@type":"SearchAction","target":{"@type":"EntryPoint","urlTemplate":"https:\/\/bekleidungscenter.com\/?s={search_term_string}"},"query-input":"required name=search_term_string"}],"inLanguage":"de"}]}},"_links":{"self":[{"href":"https:\/\/bekleidungscenter.com\/index.php?rest_route=\/wp\/v2\/product\/7482"}],"collection":[{"href":"https:\/\/bekleidungscenter.com\/index.php?rest_route=\/wp\/v2\/product"}],"about":[{"href":"https:\/\/bekleidungscenter.com\/index.php?rest_route=\/wp\/v2\/types\/product"}],"replies":[{"embeddable":true,"href":"https:\/\/bekleidungscenter.com\/index.php?rest_route=%2Fwp%2Fv2%2Fcomments&post=7482"}],"wp:featuredmedia":[{"embeddable":true,"href":"https:\/\/bekleidungscenter.com\/index.php?rest_route=\/wp\/v2\/media\/7483"}],"wp:attachment":[{"href":"https:\/\/bekleidungscenter.com\/index.php?rest_route=%2Fwp%2Fv2%2Fmedia&parent=7482"}],"wp:term":[{"taxonomy":"product_cat","embeddable":true,"href":"https:\/\/bekleidungscenter.com\/index.php?rest_route=%2Fwp%2Fv2%2Fproduct_cat&post=7482"},{"taxonomy":"product_tag","embeddable":true,"href":"https:\/\/bekleidungscenter.com\/index.php?rest_route=%2Fwp%2Fv2%2Fproduct_tag&post=7482"}],"curies":[{"name":"wp","href":"https:\/\/api.w.org\/{rel}","templated":true}]}}