{"id":7491,"date":"2021-01-03T18:47:34","date_gmt":"2021-01-03T18:47:34","guid":{"rendered":"http:\/\/bekleidungscenter.com\/?product=toplus-damen-sport-leggings-yogahosen-mit-2-taschen-schwarz-sporthose-yogahose-streetwear"},"modified":"2023-04-10T22:39:06","modified_gmt":"2023-04-10T22:39:06","slug":"toplus-damen-sport-leggings-yogahosen-mit-2-taschen-schwarz-sporthose-yogahose-streetwear","status":"publish","type":"product","link":"https:\/\/bekleidungscenter.com\/?product=toplus-damen-sport-leggings-yogahosen-mit-2-taschen-schwarz-sporthose-yogahose-streetwear","title":{"rendered":"TOPLUS Damen Sport Leggings Yogahosen mit 2 Taschen, Schwarz Sporthose Yogahose Streetwear"},"content":{"rendered":"<p>77% Polyester, 23% Elasthan-Material, der Stoff ist fantastisch und undurchl\u00e4ssig (bestandener Squat-Test) und sondern verschiedene Bewegungen entsprechend.<br \/>\nDie einseitige Schleifbehandlung verbessert die Weichheit der Hose, die gute Atmungsaktivit\u00e4t und das gute Handgef\u00fchl.<br \/>\n77% Polyester, 23% Elasthan<br \/>\nDas breite Taillendesign kann den Unterleib untersuchen und den Straffungseffekt erzielen. Stall Dreieck Auto Linie Design, maximieren Sie die freie Bewegung, vermindern Sie Pr\u00fcgel und Abrieb.<br \/>\nDas Cross-Line-Design der Beine zeigt perfekt die Linien der H\u00fcften und Beine. Es kann trainiert und zu Hause getragen werden.<br \/>\nSchlund Taschen auf beiden Seiten, Sie k\u00f6nnen Schl\u00fcssel oder Handys usw. anh\u00e4ngen. Bitte erlangen Sie sich auf die Gr\u00f6\u00dfentabelle, um die Gr\u00f6\u00dfe auszuw\u00e4hlen, die zu Ihnen passt.<br \/>\n<div class=\"main-cross-sell\" data-asin=\"B08J7GFZ7W\">\n\n\t<div class=\"WooZone-cross-sell-loader\">\n\t\t<div>\n\t\t\t<div id=\"floatingBarsG\">\n\t\t\t\t<div class=\"blockG\" id=\"rotateG_01\"><\/div>\n\t\t\t\t<div class=\"blockG\" id=\"rotateG_02\"><\/div>\n\t\t\t\t<div class=\"blockG\" id=\"rotateG_03\"><\/div>\n\t\t\t\t<div class=\"blockG\" id=\"rotateG_04\"><\/div>\n\t\t\t\t<div class=\"blockG\" id=\"rotateG_05\"><\/div>\n\t\t\t\t<div class=\"blockG\" id=\"rotateG_06\"><\/div>\n\t\t\t\t<div class=\"blockG\" id=\"rotateG_07\"><\/div>\n\t\t\t\t<div class=\"blockG\" id=\"rotateG_08\"><\/div>\n\t\t\t<\/div>\n\t\t\t<div class=\"WooZone-cross-sell-loader-text\"><\/div>\n\t\t<\/div>\n\t<\/div>\n\n\t\t\n<\/div>\n<div style=\"clear:both;\"><\/div><\/p>\n","protected":false},"excerpt":{"rendered":"<p>77% Polyester, 23% Elasthan-Material, der Stoff ist stark und undurchl\u00e4ssig (bestandener Squat-Test) und f\u00fcr verschiedene Bewegungen geeignet.<br \/>\nDie einseitige Schleifbehandlung verbessert die Weichheit der Hose, die gute Atmungsaktivit\u00e4t und das gute Handgef\u00fchl.<br \/>\n77% Polyester, 23% Elasthan<\/p>\n","protected":false},"featured_media":7492,"comment_status":"open","ping_status":"closed","template":"","meta":[],"product_cat":[133,129],"product_tag":[],"yoast_head":"<!-- This site is optimized with the Yoast SEO plugin v20.6 - https:\/\/yoast.com\/wordpress\/plugins\/seo\/ -->\n<title>TOPLUS Damen Sport Leggings Yogahosen mit 2 Taschen, Schwarz Sporthose Yogahose Streetwear - FamilienMode<\/title>\n<meta name=\"robots\" content=\"index, follow, max-snippet:-1, max-image-preview:large, max-video-preview:-1\" \/>\n<link rel=\"canonical\" href=\"https:\/\/bekleidungscenter.com\/?product=toplus-damen-sport-leggings-yogahosen-mit-2-taschen-schwarz-sporthose-yogahose-streetwear\" \/>\n<meta property=\"og:locale\" content=\"de_DE\" \/>\n<meta property=\"og:type\" content=\"article\" \/>\n<meta property=\"og:title\" content=\"TOPLUS Damen Sport Leggings Yogahosen mit 2 Taschen, Schwarz Sporthose Yogahose Streetwear - FamilienMode\" \/>\n<meta property=\"og:description\" content=\"77% Polyester, 23% Elasthan-Material, der Stoff ist stark und undurchl\u00e4ssig (bestandener Squat-Test) und f\u00fcr verschiedene Bewegungen geeignet. Die einseitige Schleifbehandlung verbessert die Weichheit der Hose, die gute Atmungsaktivit\u00e4t und das gute Handgef\u00fchl. 77% Polyester, 23% Elasthan\" \/>\n<meta property=\"og:url\" content=\"https:\/\/bekleidungscenter.com\/?product=toplus-damen-sport-leggings-yogahosen-mit-2-taschen-schwarz-sporthose-yogahose-streetwear\" \/>\n<meta property=\"og:site_name\" content=\"FamilienMode\" \/>\n<meta property=\"article:modified_time\" content=\"2023-04-10T22:39:06+00:00\" \/>\n<meta property=\"og:image\" content=\"https:\/\/images-na.ssl-images-amazon.com\/images\/I\/31hB1g2qm1L.jpg\" \/>\n\t<meta property=\"og:image:width\" content=\"500\" \/>\n\t<meta property=\"og:image:height\" content=\"500\" \/>\n\t<meta property=\"og:image:type\" content=\"image\/jpeg\" \/>\n<meta name=\"twitter:card\" content=\"summary_large_image\" \/>\n<meta name=\"twitter:label1\" content=\"Gesch\u00e4tzte Lesezeit\" \/>\n\t<meta name=\"twitter:data1\" content=\"1\u00a0Minute\" \/>\n<script type=\"application\/ld+json\" class=\"yoast-schema-graph\">{\"@context\":\"https:\/\/schema.org\",\"@graph\":[{\"@type\":\"WebPage\",\"@id\":\"https:\/\/bekleidungscenter.com\/?product=toplus-damen-sport-leggings-yogahosen-mit-2-taschen-schwarz-sporthose-yogahose-streetwear\",\"url\":\"https:\/\/bekleidungscenter.com\/?product=toplus-damen-sport-leggings-yogahosen-mit-2-taschen-schwarz-sporthose-yogahose-streetwear\",\"name\":\"TOPLUS Damen Sport Leggings Yogahosen mit 2 Taschen, Schwarz Sporthose Yogahose Streetwear - FamilienMode\",\"isPartOf\":{\"@id\":\"https:\/\/bekleidungscenter.com\/#website\"},\"datePublished\":\"2021-01-03T18:47:34+00:00\",\"dateModified\":\"2023-04-10T22:39:06+00:00\",\"breadcrumb\":{\"@id\":\"https:\/\/bekleidungscenter.com\/?product=toplus-damen-sport-leggings-yogahosen-mit-2-taschen-schwarz-sporthose-yogahose-streetwear#breadcrumb\"},\"inLanguage\":\"de\",\"potentialAction\":[{\"@type\":\"ReadAction\",\"target\":[\"https:\/\/bekleidungscenter.com\/?product=toplus-damen-sport-leggings-yogahosen-mit-2-taschen-schwarz-sporthose-yogahose-streetwear\"]}]},{\"@type\":\"BreadcrumbList\",\"@id\":\"https:\/\/bekleidungscenter.com\/?product=toplus-damen-sport-leggings-yogahosen-mit-2-taschen-schwarz-sporthose-yogahose-streetwear#breadcrumb\",\"itemListElement\":[{\"@type\":\"ListItem\",\"position\":1,\"name\":\"Home\",\"item\":\"https:\/\/bekleidungscenter.com\/\"},{\"@type\":\"ListItem\",\"position\":2,\"name\":\"Shop\",\"item\":\"https:\/\/bekleidungscenter.com\/?page_id=7\"},{\"@type\":\"ListItem\",\"position\":3,\"name\":\"TOPLUS Damen Sport Leggings Yogahosen mit 2 Taschen, Schwarz Sporthose Yogahose Streetwear\"}]},{\"@type\":\"WebSite\",\"@id\":\"https:\/\/bekleidungscenter.com\/#website\",\"url\":\"https:\/\/bekleidungscenter.com\/\",\"name\":\"FamilienMode\",\"description\":\"Alles f\u00fcr die ganze Familie\",\"potentialAction\":[{\"@type\":\"SearchAction\",\"target\":{\"@type\":\"EntryPoint\",\"urlTemplate\":\"https:\/\/bekleidungscenter.com\/?s={search_term_string}\"},\"query-input\":\"required name=search_term_string\"}],\"inLanguage\":\"de\"}]}<\/script>\n<!-- \/ Yoast SEO plugin. -->","yoast_head_json":{"title":"TOPLUS Damen Sport Leggings Yogahosen mit 2 Taschen, Schwarz Sporthose Yogahose Streetwear - FamilienMode","robots":{"index":"index","follow":"follow","max-snippet":"max-snippet:-1","max-image-preview":"max-image-preview:large","max-video-preview":"max-video-preview:-1"},"canonical":"https:\/\/bekleidungscenter.com\/?product=toplus-damen-sport-leggings-yogahosen-mit-2-taschen-schwarz-sporthose-yogahose-streetwear","og_locale":"de_DE","og_type":"article","og_title":"TOPLUS Damen Sport Leggings Yogahosen mit 2 Taschen, Schwarz Sporthose Yogahose Streetwear - FamilienMode","og_description":"77% Polyester, 23% Elasthan-Material, der Stoff ist stark und undurchl\u00e4ssig (bestandener Squat-Test) und f\u00fcr verschiedene Bewegungen geeignet. Die einseitige Schleifbehandlung verbessert die Weichheit der Hose, die gute Atmungsaktivit\u00e4t und das gute Handgef\u00fchl. 77% Polyester, 23% Elasthan","og_url":"https:\/\/bekleidungscenter.com\/?product=toplus-damen-sport-leggings-yogahosen-mit-2-taschen-schwarz-sporthose-yogahose-streetwear","og_site_name":"FamilienMode","article_modified_time":"2023-04-10T22:39:06+00:00","og_image":[{"width":500,"height":500,"url":"https:\/\/images-na.ssl-images-amazon.com\/images\/I\/31hB1g2qm1L.jpg","type":"image\/jpeg"}],"twitter_card":"summary_large_image","twitter_misc":{"Gesch\u00e4tzte Lesezeit":"1\u00a0Minute"},"schema":{"@context":"https:\/\/schema.org","@graph":[{"@type":"WebPage","@id":"https:\/\/bekleidungscenter.com\/?product=toplus-damen-sport-leggings-yogahosen-mit-2-taschen-schwarz-sporthose-yogahose-streetwear","url":"https:\/\/bekleidungscenter.com\/?product=toplus-damen-sport-leggings-yogahosen-mit-2-taschen-schwarz-sporthose-yogahose-streetwear","name":"TOPLUS Damen Sport Leggings Yogahosen mit 2 Taschen, Schwarz Sporthose Yogahose Streetwear - FamilienMode","isPartOf":{"@id":"https:\/\/bekleidungscenter.com\/#website"},"datePublished":"2021-01-03T18:47:34+00:00","dateModified":"2023-04-10T22:39:06+00:00","breadcrumb":{"@id":"https:\/\/bekleidungscenter.com\/?product=toplus-damen-sport-leggings-yogahosen-mit-2-taschen-schwarz-sporthose-yogahose-streetwear#breadcrumb"},"inLanguage":"de","potentialAction":[{"@type":"ReadAction","target":["https:\/\/bekleidungscenter.com\/?product=toplus-damen-sport-leggings-yogahosen-mit-2-taschen-schwarz-sporthose-yogahose-streetwear"]}]},{"@type":"BreadcrumbList","@id":"https:\/\/bekleidungscenter.com\/?product=toplus-damen-sport-leggings-yogahosen-mit-2-taschen-schwarz-sporthose-yogahose-streetwear#breadcrumb","itemListElement":[{"@type":"ListItem","position":1,"name":"Home","item":"https:\/\/bekleidungscenter.com\/"},{"@type":"ListItem","position":2,"name":"Shop","item":"https:\/\/bekleidungscenter.com\/?page_id=7"},{"@type":"ListItem","position":3,"name":"TOPLUS Damen Sport Leggings Yogahosen mit 2 Taschen, Schwarz Sporthose Yogahose Streetwear"}]},{"@type":"WebSite","@id":"https:\/\/bekleidungscenter.com\/#website","url":"https:\/\/bekleidungscenter.com\/","name":"FamilienMode","description":"Alles f\u00fcr die ganze Familie","potentialAction":[{"@type":"SearchAction","target":{"@type":"EntryPoint","urlTemplate":"https:\/\/bekleidungscenter.com\/?s={search_term_string}"},"query-input":"required name=search_term_string"}],"inLanguage":"de"}]}},"_links":{"self":[{"href":"https:\/\/bekleidungscenter.com\/index.php?rest_route=\/wp\/v2\/product\/7491"}],"collection":[{"href":"https:\/\/bekleidungscenter.com\/index.php?rest_route=\/wp\/v2\/product"}],"about":[{"href":"https:\/\/bekleidungscenter.com\/index.php?rest_route=\/wp\/v2\/types\/product"}],"replies":[{"embeddable":true,"href":"https:\/\/bekleidungscenter.com\/index.php?rest_route=%2Fwp%2Fv2%2Fcomments&post=7491"}],"wp:featuredmedia":[{"embeddable":true,"href":"https:\/\/bekleidungscenter.com\/index.php?rest_route=\/wp\/v2\/media\/7492"}],"wp:attachment":[{"href":"https:\/\/bekleidungscenter.com\/index.php?rest_route=%2Fwp%2Fv2%2Fmedia&parent=7491"}],"wp:term":[{"taxonomy":"product_cat","embeddable":true,"href":"https:\/\/bekleidungscenter.com\/index.php?rest_route=%2Fwp%2Fv2%2Fproduct_cat&post=7491"},{"taxonomy":"product_tag","embeddable":true,"href":"https:\/\/bekleidungscenter.com\/index.php?rest_route=%2Fwp%2Fv2%2Fproduct_tag&post=7491"}],"curies":[{"name":"wp","href":"https:\/\/api.w.org\/{rel}","templated":true}]}}