{"id":7534,"date":"2021-01-03T18:51:08","date_gmt":"2021-01-03T18:51:08","guid":{"rendered":"http:\/\/bekleidungscenter.com\/?product=greiff-damenhose-five-pocket-cuisine-basic-5319-regular-fit"},"modified":"2023-04-10T22:39:07","modified_gmt":"2023-04-10T22:39:07","slug":"greiff-damenhose-five-pocket-cuisine-basic-5319-regular-fit","status":"publish","type":"product","link":"https:\/\/bekleidungscenter.com\/?product=greiff-damenhose-five-pocket-cuisine-basic-5319-regular-fit","title":{"rendered":"GREIFF Damenhose Five Pocket Cuisine Basic 5319 Regular Fit"},"content":{"rendered":"<p><!-- show up to 2 reviews by default --> <\/p>\n<p><strong>GREIFF Damen-Hose &#8222;Five-Pocket&#8220; 5319 CUISINE BASIC<\/strong><\/p>\n<p>Hochwertige Zutaten, kreative Rezepte und eine meisterliche Erf\u00fcllung.<br \/> Wir d\u00fcrfen Ihnen darstellen, die Spezialit\u00e4t des Hauses:<br \/> GASTRO MODA von GREIFF.<\/p>\n<p>GREIFF Mode steht f\u00fcr Qualit\u00e4t und Stil \u2013 und das bereits seit \u00fcber 200 Jahren.<br \/> Wir sind ein modernes Unternehmen, das sich seit seinen Anf\u00e4ngen mit der<br \/> Herstellung hochwertiger Gastronomie- und Hotelleriebekleidung besch\u00e4ftigt.<\/p>\n<p>Der au\u00dferordentlich hohen Beanspruchung in K\u00fcche und Service begegnen wir mit<br \/> hochwertigen Materialien, einer optimalen Abarbeitung und einer besonderen<br \/> Langlebigkeit durch hervorragende Pflegeeigenschaften. Gleichzeitig bietet<br \/> Ihnen GASTRO MODA eine gro\u00dfe modische Diversit\u00e4t. Zahlreiche Modelle in<br \/> unterschiedlichen Farben und Qualit\u00e4ten garantieren unz\u00e4hlige Votum- und<br \/> Kombinationsm\u00f6glichkeiten.<\/p>\n<p>Wir servieren Ihnen ein sehr gro\u00dfes Lagerprogramm und damit<br \/> h\u00f6chste Anpassungsf\u00e4higkeit und besten Service. Mit unseren CUISINE- und SERVICE-<br \/> Kollektionen findet garantiert jede Location zu ihrem individuellen Look.<\/p>\n<ul>\n<li>Ideal f\u00fcr K\u00fcche, B\u00e4ckerei und Restaurant<\/li>\n<li>Gummibund (achteraus)<\/li>\n<li>Schrittl\u00e4nge 82 cm (in Gr\u00f6\u00dfe M)<\/li>\n<li>Hochwertige Verarbeitung<\/li>\n<li>In den Farben Schwarz, Gestreift und Pepita<\/li>\n<\/ul>\n<p><strong>Pflegehinweis:<\/strong><br \/>Maschinenw\u00e4sche bis 95\u00b0C, b\u00fcgeln bei mittlerer Temperatur<br \/>Farbe Schwarz nicht bleichen<\/p>\n<p><strong>Material:<br \/><\/strong>Schwarz: 65% Polyester, 35% Baumwolle, 210 g\/m\u00b2<br \/>Gestreift: 100% Baumwolle, 200 g\/m\u00b2<br \/>Pepita: 100% Baumwolle, 200 g\/m\u00b2<\/p>\n<\/p>\n<p>Die gesamte verwendete Baumwolle ist Fairtrade-zertifiziert und von Fairtrade-Produzenten angebaut<br \/>\nAngenehmer, atmungsaktiver Stoff mit Gummibund<br \/>\nNormaler Bund<br \/>\nVerschluss: Rei\u00dfverschluss<br \/>\n65% Polyester, 35% Baumwolle<br \/>\nPflegehinweis: Waschbar bis 95\u00b0C<br \/>\nModellnummer: 5319<br \/>\nMit 5 Taschen k\u00f6nnen sie fast die Gesamtheit verstauen was sie m\u00f6chten<br \/>\nSchrittl\u00e4nge 82 cm (in GR: M)<br \/>\nPflegehinweise befinden sich in der Beschreibung<br \/>\n<div class=\"main-cross-sell\" data-asin=\"B06XTDCHGC\">\n\n\t<div class=\"WooZone-cross-sell-loader\">\n\t\t<div>\n\t\t\t<div id=\"floatingBarsG\">\n\t\t\t\t<div class=\"blockG\" id=\"rotateG_01\"><\/div>\n\t\t\t\t<div class=\"blockG\" id=\"rotateG_02\"><\/div>\n\t\t\t\t<div class=\"blockG\" id=\"rotateG_03\"><\/div>\n\t\t\t\t<div class=\"blockG\" id=\"rotateG_04\"><\/div>\n\t\t\t\t<div class=\"blockG\" id=\"rotateG_05\"><\/div>\n\t\t\t\t<div class=\"blockG\" id=\"rotateG_06\"><\/div>\n\t\t\t\t<div class=\"blockG\" id=\"rotateG_07\"><\/div>\n\t\t\t\t<div class=\"blockG\" id=\"rotateG_08\"><\/div>\n\t\t\t<\/div>\n\t\t\t<div class=\"WooZone-cross-sell-loader-text\"><\/div>\n\t\t<\/div>\n\t<\/div>\n\n\t\t\n<\/div>\n<div style=\"clear:both;\"><\/div><\/p>\n","protected":false},"excerpt":{"rendered":"<p>Die gesamte verwendete Baumwolle ist Fairtrade-zertifiziert und von Fairtrade-Produzenten angebaut<br \/>\nAngenehmer, atmungsaktiver Stoff mit Gummibund<br \/>\nNormaler Bund<\/p>\n","protected":false},"featured_media":7535,"comment_status":"open","ping_status":"closed","template":"","meta":[],"product_cat":[133,129],"product_tag":[],"yoast_head":"<!-- This site is optimized with the Yoast SEO plugin v20.6 - https:\/\/yoast.com\/wordpress\/plugins\/seo\/ -->\n<title>GREIFF Damenhose Five Pocket Cuisine Basic 5319 Regular Fit - FamilienMode<\/title>\n<meta name=\"robots\" content=\"index, follow, max-snippet:-1, max-image-preview:large, max-video-preview:-1\" \/>\n<link rel=\"canonical\" href=\"https:\/\/bekleidungscenter.com\/?product=greiff-damenhose-five-pocket-cuisine-basic-5319-regular-fit\" \/>\n<meta property=\"og:locale\" content=\"de_DE\" \/>\n<meta property=\"og:type\" content=\"article\" \/>\n<meta property=\"og:title\" content=\"GREIFF Damenhose Five Pocket Cuisine Basic 5319 Regular Fit - FamilienMode\" \/>\n<meta property=\"og:description\" content=\"Die gesamte verwendete Baumwolle ist Fairtrade-zertifiziert und von Fairtrade-Produzenten angebaut Angenehmer, atmungsaktiver Stoff mit Gummibund Normaler Bund\" \/>\n<meta property=\"og:url\" content=\"https:\/\/bekleidungscenter.com\/?product=greiff-damenhose-five-pocket-cuisine-basic-5319-regular-fit\" \/>\n<meta property=\"og:site_name\" content=\"FamilienMode\" \/>\n<meta property=\"article:modified_time\" content=\"2023-04-10T22:39:07+00:00\" \/>\n<meta property=\"og:image\" content=\"https:\/\/images-na.ssl-images-amazon.com\/images\/I\/31dTxy4CfEL.jpg\" \/>\n\t<meta property=\"og:image:width\" content=\"500\" \/>\n\t<meta property=\"og:image:height\" content=\"500\" \/>\n\t<meta property=\"og:image:type\" content=\"image\/jpeg\" \/>\n<meta name=\"twitter:card\" content=\"summary_large_image\" \/>\n<meta name=\"twitter:label1\" content=\"Gesch\u00e4tzte Lesezeit\" \/>\n\t<meta name=\"twitter:data1\" content=\"1\u00a0Minute\" \/>\n<script type=\"application\/ld+json\" class=\"yoast-schema-graph\">{\"@context\":\"https:\/\/schema.org\",\"@graph\":[{\"@type\":\"WebPage\",\"@id\":\"https:\/\/bekleidungscenter.com\/?product=greiff-damenhose-five-pocket-cuisine-basic-5319-regular-fit\",\"url\":\"https:\/\/bekleidungscenter.com\/?product=greiff-damenhose-five-pocket-cuisine-basic-5319-regular-fit\",\"name\":\"GREIFF Damenhose Five Pocket Cuisine Basic 5319 Regular Fit - FamilienMode\",\"isPartOf\":{\"@id\":\"https:\/\/bekleidungscenter.com\/#website\"},\"datePublished\":\"2021-01-03T18:51:08+00:00\",\"dateModified\":\"2023-04-10T22:39:07+00:00\",\"breadcrumb\":{\"@id\":\"https:\/\/bekleidungscenter.com\/?product=greiff-damenhose-five-pocket-cuisine-basic-5319-regular-fit#breadcrumb\"},\"inLanguage\":\"de\",\"potentialAction\":[{\"@type\":\"ReadAction\",\"target\":[\"https:\/\/bekleidungscenter.com\/?product=greiff-damenhose-five-pocket-cuisine-basic-5319-regular-fit\"]}]},{\"@type\":\"BreadcrumbList\",\"@id\":\"https:\/\/bekleidungscenter.com\/?product=greiff-damenhose-five-pocket-cuisine-basic-5319-regular-fit#breadcrumb\",\"itemListElement\":[{\"@type\":\"ListItem\",\"position\":1,\"name\":\"Home\",\"item\":\"https:\/\/bekleidungscenter.com\/\"},{\"@type\":\"ListItem\",\"position\":2,\"name\":\"Shop\",\"item\":\"https:\/\/bekleidungscenter.com\/?page_id=7\"},{\"@type\":\"ListItem\",\"position\":3,\"name\":\"GREIFF Damenhose Five Pocket Cuisine Basic 5319 Regular Fit\"}]},{\"@type\":\"WebSite\",\"@id\":\"https:\/\/bekleidungscenter.com\/#website\",\"url\":\"https:\/\/bekleidungscenter.com\/\",\"name\":\"FamilienMode\",\"description\":\"Alles f\u00fcr die ganze Familie\",\"potentialAction\":[{\"@type\":\"SearchAction\",\"target\":{\"@type\":\"EntryPoint\",\"urlTemplate\":\"https:\/\/bekleidungscenter.com\/?s={search_term_string}\"},\"query-input\":\"required name=search_term_string\"}],\"inLanguage\":\"de\"}]}<\/script>\n<!-- \/ Yoast SEO plugin. -->","yoast_head_json":{"title":"GREIFF Damenhose Five Pocket Cuisine Basic 5319 Regular Fit - FamilienMode","robots":{"index":"index","follow":"follow","max-snippet":"max-snippet:-1","max-image-preview":"max-image-preview:large","max-video-preview":"max-video-preview:-1"},"canonical":"https:\/\/bekleidungscenter.com\/?product=greiff-damenhose-five-pocket-cuisine-basic-5319-regular-fit","og_locale":"de_DE","og_type":"article","og_title":"GREIFF Damenhose Five Pocket Cuisine Basic 5319 Regular Fit - FamilienMode","og_description":"Die gesamte verwendete Baumwolle ist Fairtrade-zertifiziert und von Fairtrade-Produzenten angebaut Angenehmer, atmungsaktiver Stoff mit Gummibund Normaler Bund","og_url":"https:\/\/bekleidungscenter.com\/?product=greiff-damenhose-five-pocket-cuisine-basic-5319-regular-fit","og_site_name":"FamilienMode","article_modified_time":"2023-04-10T22:39:07+00:00","og_image":[{"width":500,"height":500,"url":"https:\/\/images-na.ssl-images-amazon.com\/images\/I\/31dTxy4CfEL.jpg","type":"image\/jpeg"}],"twitter_card":"summary_large_image","twitter_misc":{"Gesch\u00e4tzte Lesezeit":"1\u00a0Minute"},"schema":{"@context":"https:\/\/schema.org","@graph":[{"@type":"WebPage","@id":"https:\/\/bekleidungscenter.com\/?product=greiff-damenhose-five-pocket-cuisine-basic-5319-regular-fit","url":"https:\/\/bekleidungscenter.com\/?product=greiff-damenhose-five-pocket-cuisine-basic-5319-regular-fit","name":"GREIFF Damenhose Five Pocket Cuisine Basic 5319 Regular Fit - FamilienMode","isPartOf":{"@id":"https:\/\/bekleidungscenter.com\/#website"},"datePublished":"2021-01-03T18:51:08+00:00","dateModified":"2023-04-10T22:39:07+00:00","breadcrumb":{"@id":"https:\/\/bekleidungscenter.com\/?product=greiff-damenhose-five-pocket-cuisine-basic-5319-regular-fit#breadcrumb"},"inLanguage":"de","potentialAction":[{"@type":"ReadAction","target":["https:\/\/bekleidungscenter.com\/?product=greiff-damenhose-five-pocket-cuisine-basic-5319-regular-fit"]}]},{"@type":"BreadcrumbList","@id":"https:\/\/bekleidungscenter.com\/?product=greiff-damenhose-five-pocket-cuisine-basic-5319-regular-fit#breadcrumb","itemListElement":[{"@type":"ListItem","position":1,"name":"Home","item":"https:\/\/bekleidungscenter.com\/"},{"@type":"ListItem","position":2,"name":"Shop","item":"https:\/\/bekleidungscenter.com\/?page_id=7"},{"@type":"ListItem","position":3,"name":"GREIFF Damenhose Five Pocket Cuisine Basic 5319 Regular Fit"}]},{"@type":"WebSite","@id":"https:\/\/bekleidungscenter.com\/#website","url":"https:\/\/bekleidungscenter.com\/","name":"FamilienMode","description":"Alles f\u00fcr die ganze Familie","potentialAction":[{"@type":"SearchAction","target":{"@type":"EntryPoint","urlTemplate":"https:\/\/bekleidungscenter.com\/?s={search_term_string}"},"query-input":"required name=search_term_string"}],"inLanguage":"de"}]}},"_links":{"self":[{"href":"https:\/\/bekleidungscenter.com\/index.php?rest_route=\/wp\/v2\/product\/7534"}],"collection":[{"href":"https:\/\/bekleidungscenter.com\/index.php?rest_route=\/wp\/v2\/product"}],"about":[{"href":"https:\/\/bekleidungscenter.com\/index.php?rest_route=\/wp\/v2\/types\/product"}],"replies":[{"embeddable":true,"href":"https:\/\/bekleidungscenter.com\/index.php?rest_route=%2Fwp%2Fv2%2Fcomments&post=7534"}],"wp:featuredmedia":[{"embeddable":true,"href":"https:\/\/bekleidungscenter.com\/index.php?rest_route=\/wp\/v2\/media\/7535"}],"wp:attachment":[{"href":"https:\/\/bekleidungscenter.com\/index.php?rest_route=%2Fwp%2Fv2%2Fmedia&parent=7534"}],"wp:term":[{"taxonomy":"product_cat","embeddable":true,"href":"https:\/\/bekleidungscenter.com\/index.php?rest_route=%2Fwp%2Fv2%2Fproduct_cat&post=7534"},{"taxonomy":"product_tag","embeddable":true,"href":"https:\/\/bekleidungscenter.com\/index.php?rest_route=%2Fwp%2Fv2%2Fproduct_tag&post=7534"}],"curies":[{"name":"wp","href":"https:\/\/api.w.org\/{rel}","templated":true}]}}