{"id":7775,"date":"2021-01-03T19:35:30","date_gmt":"2021-01-03T19:35:30","guid":{"rendered":"http:\/\/bekleidungscenter.com\/?product=jako-damen-classico-polyesterhose-9250d"},"modified":"2023-04-10T22:39:11","modified_gmt":"2023-04-10T22:39:11","slug":"jako-damen-classico-polyesterhose-9250d","status":"publish","type":"product","link":"https:\/\/bekleidungscenter.com\/?product=jako-damen-classico-polyesterhose-9250d","title":{"rendered":"JAKO Damen Polyesterhose Classico 9250D"},"content":{"rendered":"<p><!-- show up to 2 reviews by default --> <\/p>\n<p>Eine klassische Fu\u00dfballhose, im Design auf das Wesentliche fokussiert und mit allen Funktionen ausgestattet, die Du auf dem Platz ben\u00f6tigst. Das Textilmaterial jedweder Polyester ist leicht und trocknet schnell. Der Beinabschluss ist mit einem Rei\u00dfverschluss und Rippeinsatz ausgestattet: Dann l\u00e4sst sich die Hose einfach anziehen undliegt kommod am Bein. Der elastische Schulterschluss mit Kordelzug l\u00e4sst sich individuell eichen und verleiht so einen optimalen Sitz an der H\u00fcfte. Bei Forderung lassen sich in den Seitentaschen Alltagsgegenst\u00e4nde verstauen. Vulgo qualifiziert qua Stufe eines Jogginganzug. <\/p>\n<p>Seitentaschen<br \/>\nBeinabschluss mit Rei\u00dfverschluss und Ripp<br \/>\nElastischer Schulterschluss mit Kordelzug<br \/>\nDamenschnitt<br \/>\nSporttyp: Athletic Sports Apparel<br \/>\n<div class=\"main-cross-sell\" data-asin=\"B07HRDZ11L\">\n\n\t<div class=\"WooZone-cross-sell-loader\">\n\t\t<div>\n\t\t\t<div id=\"floatingBarsG\">\n\t\t\t\t<div class=\"blockG\" id=\"rotateG_01\"><\/div>\n\t\t\t\t<div class=\"blockG\" id=\"rotateG_02\"><\/div>\n\t\t\t\t<div class=\"blockG\" id=\"rotateG_03\"><\/div>\n\t\t\t\t<div class=\"blockG\" id=\"rotateG_04\"><\/div>\n\t\t\t\t<div class=\"blockG\" id=\"rotateG_05\"><\/div>\n\t\t\t\t<div class=\"blockG\" id=\"rotateG_06\"><\/div>\n\t\t\t\t<div class=\"blockG\" id=\"rotateG_07\"><\/div>\n\t\t\t\t<div class=\"blockG\" id=\"rotateG_08\"><\/div>\n\t\t\t<\/div>\n\t\t\t<div class=\"WooZone-cross-sell-loader-text\"><\/div>\n\t\t<\/div>\n\t<\/div>\n\n\t\t\n<\/div>\n<div style=\"clear:both;\"><\/div><\/p>\n","protected":false},"excerpt":{"rendered":"<p>Seitentaschen<br \/>\nBeinabschluss mit Rei\u00dfverschluss und Ripp<br \/>\nElastischer Bund mit Kordelzug<\/p>\n","protected":false},"featured_media":7776,"comment_status":"open","ping_status":"closed","template":"","meta":[],"product_cat":[133,129],"product_tag":[],"yoast_head":"<!-- This site is optimized with the Yoast SEO plugin v20.6 - https:\/\/yoast.com\/wordpress\/plugins\/seo\/ -->\n<title>JAKO Damen Polyesterhose Classico 9250D - FamilienMode<\/title>\n<meta name=\"robots\" content=\"index, follow, max-snippet:-1, max-image-preview:large, max-video-preview:-1\" \/>\n<link rel=\"canonical\" href=\"https:\/\/bekleidungscenter.com\/?product=jako-damen-classico-polyesterhose-9250d\" \/>\n<meta property=\"og:locale\" content=\"de_DE\" \/>\n<meta property=\"og:type\" content=\"article\" \/>\n<meta property=\"og:title\" content=\"JAKO Damen Polyesterhose Classico 9250D - FamilienMode\" \/>\n<meta property=\"og:description\" content=\"Seitentaschen Beinabschluss mit Rei\u00dfverschluss und Ripp Elastischer Bund mit Kordelzug\" \/>\n<meta property=\"og:url\" content=\"https:\/\/bekleidungscenter.com\/?product=jako-damen-classico-polyesterhose-9250d\" \/>\n<meta property=\"og:site_name\" content=\"FamilienMode\" \/>\n<meta property=\"article:modified_time\" content=\"2023-04-10T22:39:11+00:00\" \/>\n<meta property=\"og:image\" content=\"https:\/\/images-na.ssl-images-amazon.com\/images\/I\/31f07Xhi2pL.jpg\" \/>\n\t<meta property=\"og:image:width\" content=\"500\" \/>\n\t<meta property=\"og:image:height\" content=\"500\" \/>\n\t<meta property=\"og:image:type\" content=\"image\/jpeg\" \/>\n<meta name=\"twitter:card\" content=\"summary_large_image\" \/>\n<meta name=\"twitter:label1\" content=\"Gesch\u00e4tzte Lesezeit\" \/>\n\t<meta name=\"twitter:data1\" content=\"1\u00a0Minute\" \/>\n<script type=\"application\/ld+json\" class=\"yoast-schema-graph\">{\"@context\":\"https:\/\/schema.org\",\"@graph\":[{\"@type\":\"WebPage\",\"@id\":\"https:\/\/bekleidungscenter.com\/?product=jako-damen-classico-polyesterhose-9250d\",\"url\":\"https:\/\/bekleidungscenter.com\/?product=jako-damen-classico-polyesterhose-9250d\",\"name\":\"JAKO Damen Polyesterhose Classico 9250D - FamilienMode\",\"isPartOf\":{\"@id\":\"https:\/\/bekleidungscenter.com\/#website\"},\"datePublished\":\"2021-01-03T19:35:30+00:00\",\"dateModified\":\"2023-04-10T22:39:11+00:00\",\"breadcrumb\":{\"@id\":\"https:\/\/bekleidungscenter.com\/?product=jako-damen-classico-polyesterhose-9250d#breadcrumb\"},\"inLanguage\":\"de\",\"potentialAction\":[{\"@type\":\"ReadAction\",\"target\":[\"https:\/\/bekleidungscenter.com\/?product=jako-damen-classico-polyesterhose-9250d\"]}]},{\"@type\":\"BreadcrumbList\",\"@id\":\"https:\/\/bekleidungscenter.com\/?product=jako-damen-classico-polyesterhose-9250d#breadcrumb\",\"itemListElement\":[{\"@type\":\"ListItem\",\"position\":1,\"name\":\"Home\",\"item\":\"https:\/\/bekleidungscenter.com\/\"},{\"@type\":\"ListItem\",\"position\":2,\"name\":\"Shop\",\"item\":\"https:\/\/bekleidungscenter.com\/?page_id=7\"},{\"@type\":\"ListItem\",\"position\":3,\"name\":\"JAKO Damen Polyesterhose Classico 9250D\"}]},{\"@type\":\"WebSite\",\"@id\":\"https:\/\/bekleidungscenter.com\/#website\",\"url\":\"https:\/\/bekleidungscenter.com\/\",\"name\":\"FamilienMode\",\"description\":\"Alles f\u00fcr die ganze Familie\",\"potentialAction\":[{\"@type\":\"SearchAction\",\"target\":{\"@type\":\"EntryPoint\",\"urlTemplate\":\"https:\/\/bekleidungscenter.com\/?s={search_term_string}\"},\"query-input\":\"required name=search_term_string\"}],\"inLanguage\":\"de\"}]}<\/script>\n<!-- \/ Yoast SEO plugin. -->","yoast_head_json":{"title":"JAKO Damen Polyesterhose Classico 9250D - FamilienMode","robots":{"index":"index","follow":"follow","max-snippet":"max-snippet:-1","max-image-preview":"max-image-preview:large","max-video-preview":"max-video-preview:-1"},"canonical":"https:\/\/bekleidungscenter.com\/?product=jako-damen-classico-polyesterhose-9250d","og_locale":"de_DE","og_type":"article","og_title":"JAKO Damen Polyesterhose Classico 9250D - FamilienMode","og_description":"Seitentaschen Beinabschluss mit Rei\u00dfverschluss und Ripp Elastischer Bund mit Kordelzug","og_url":"https:\/\/bekleidungscenter.com\/?product=jako-damen-classico-polyesterhose-9250d","og_site_name":"FamilienMode","article_modified_time":"2023-04-10T22:39:11+00:00","og_image":[{"width":500,"height":500,"url":"https:\/\/images-na.ssl-images-amazon.com\/images\/I\/31f07Xhi2pL.jpg","type":"image\/jpeg"}],"twitter_card":"summary_large_image","twitter_misc":{"Gesch\u00e4tzte Lesezeit":"1\u00a0Minute"},"schema":{"@context":"https:\/\/schema.org","@graph":[{"@type":"WebPage","@id":"https:\/\/bekleidungscenter.com\/?product=jako-damen-classico-polyesterhose-9250d","url":"https:\/\/bekleidungscenter.com\/?product=jako-damen-classico-polyesterhose-9250d","name":"JAKO Damen Polyesterhose Classico 9250D - FamilienMode","isPartOf":{"@id":"https:\/\/bekleidungscenter.com\/#website"},"datePublished":"2021-01-03T19:35:30+00:00","dateModified":"2023-04-10T22:39:11+00:00","breadcrumb":{"@id":"https:\/\/bekleidungscenter.com\/?product=jako-damen-classico-polyesterhose-9250d#breadcrumb"},"inLanguage":"de","potentialAction":[{"@type":"ReadAction","target":["https:\/\/bekleidungscenter.com\/?product=jako-damen-classico-polyesterhose-9250d"]}]},{"@type":"BreadcrumbList","@id":"https:\/\/bekleidungscenter.com\/?product=jako-damen-classico-polyesterhose-9250d#breadcrumb","itemListElement":[{"@type":"ListItem","position":1,"name":"Home","item":"https:\/\/bekleidungscenter.com\/"},{"@type":"ListItem","position":2,"name":"Shop","item":"https:\/\/bekleidungscenter.com\/?page_id=7"},{"@type":"ListItem","position":3,"name":"JAKO Damen Polyesterhose Classico 9250D"}]},{"@type":"WebSite","@id":"https:\/\/bekleidungscenter.com\/#website","url":"https:\/\/bekleidungscenter.com\/","name":"FamilienMode","description":"Alles f\u00fcr die ganze Familie","potentialAction":[{"@type":"SearchAction","target":{"@type":"EntryPoint","urlTemplate":"https:\/\/bekleidungscenter.com\/?s={search_term_string}"},"query-input":"required name=search_term_string"}],"inLanguage":"de"}]}},"_links":{"self":[{"href":"https:\/\/bekleidungscenter.com\/index.php?rest_route=\/wp\/v2\/product\/7775"}],"collection":[{"href":"https:\/\/bekleidungscenter.com\/index.php?rest_route=\/wp\/v2\/product"}],"about":[{"href":"https:\/\/bekleidungscenter.com\/index.php?rest_route=\/wp\/v2\/types\/product"}],"replies":[{"embeddable":true,"href":"https:\/\/bekleidungscenter.com\/index.php?rest_route=%2Fwp%2Fv2%2Fcomments&post=7775"}],"wp:featuredmedia":[{"embeddable":true,"href":"https:\/\/bekleidungscenter.com\/index.php?rest_route=\/wp\/v2\/media\/7776"}],"wp:attachment":[{"href":"https:\/\/bekleidungscenter.com\/index.php?rest_route=%2Fwp%2Fv2%2Fmedia&parent=7775"}],"wp:term":[{"taxonomy":"product_cat","embeddable":true,"href":"https:\/\/bekleidungscenter.com\/index.php?rest_route=%2Fwp%2Fv2%2Fproduct_cat&post=7775"},{"taxonomy":"product_tag","embeddable":true,"href":"https:\/\/bekleidungscenter.com\/index.php?rest_route=%2Fwp%2Fv2%2Fproduct_tag&post=7775"}],"curies":[{"name":"wp","href":"https:\/\/api.w.org\/{rel}","templated":true}]}}