{"id":7818,"date":"2021-01-03T19:40:37","date_gmt":"2021-01-03T19:40:37","guid":{"rendered":"http:\/\/bekleidungscenter.com\/?product=amazon-marke-daily-ritual-damen-hemd-pird-17031371"},"modified":"2023-04-10T22:39:12","modified_gmt":"2023-04-10T22:39:12","slug":"amazon-marke-daily-ritual-damen-hemd-pird-17031371","status":"publish","type":"product","link":"https:\/\/bekleidungscenter.com\/?product=amazon-marke-daily-ritual-damen-hemd-pird-17031371","title":{"rendered":"Amazon Essentials Damen Lang\u00e4rmeliger Kapuzenpullover aus Superweichem Terry-Frottee, Regul\u00e4re Passform (Fr\u00fcher Daily\u2026"},"content":{"rendered":"<p><!-- show up to 2 reviews by default --> <\/p>\n<p>Eine Marke von Amazon &#8211; Dieses Kurzarm-T-Shirt ist dein n\u00e4chstes Schrank-Basic mithilfe Rundhalsausschnitt, eingearbeiteten Schultern\u00e4hten dar\u00fcber hinaus einem Drop-Tail-Saum <\/p>\n<p>Hergestellt in Vietnam<br \/>\nEin \u00fcberkreuzter Phase dar\u00fcber hinaus ein geschwungener Saum verleihen diesem weichen dar\u00fcber hinaus schlaffen Kapuzenpullover einen modernen Look.<br \/>\nLangarm<br \/>\n95% Viskose, 5% Elasthan<br \/>\nSuperweicher Kapuzenpullover leer Frottee<br \/>\nPflegehinweis: Maschinenw\u00e4sche<br \/>\nModellnummer: PIRD-17031371<br \/>\nSuperweiches Frottee bietet unglaublichen Komfort mithilfe reichen Viskosefasern dar\u00fcber hinaus einer amikal geb\u00fcrsteten Abseite.<br \/>\nAnheben Sie jedes Kleidung mithilfe der Hintereinanderstellung von erh\u00f6hten Grundlagen von Daily Ritual.<br \/>\nDas Model ist 1,52 m imposant dar\u00fcber hinaus tr\u00e4gt eine Gr\u00f6\u00dfe S<br \/>\n<div class=\"main-cross-sell\" data-asin=\"B075X6J2C8\">\n\n\t<div class=\"WooZone-cross-sell-loader\">\n\t\t<div>\n\t\t\t<div id=\"floatingBarsG\">\n\t\t\t\t<div class=\"blockG\" id=\"rotateG_01\"><\/div>\n\t\t\t\t<div class=\"blockG\" id=\"rotateG_02\"><\/div>\n\t\t\t\t<div class=\"blockG\" id=\"rotateG_03\"><\/div>\n\t\t\t\t<div class=\"blockG\" id=\"rotateG_04\"><\/div>\n\t\t\t\t<div class=\"blockG\" id=\"rotateG_05\"><\/div>\n\t\t\t\t<div class=\"blockG\" id=\"rotateG_06\"><\/div>\n\t\t\t\t<div class=\"blockG\" id=\"rotateG_07\"><\/div>\n\t\t\t\t<div class=\"blockG\" id=\"rotateG_08\"><\/div>\n\t\t\t<\/div>\n\t\t\t<div class=\"WooZone-cross-sell-loader-text\"><\/div>\n\t\t<\/div>\n\t<\/div>\n\n\t\t\n<\/div>\n<div style=\"clear:both;\"><\/div><\/p>\n","protected":false},"excerpt":{"rendered":"<p>Hergestellt in Vietnam<br \/>\nEin \u00fcberkreuzter Ausschnitt und ein geschwungener Saum verleihen diesem weichen und schlaffen Kapuzenpullover einen modernen Look.<br \/>\nLangarm<\/p>\n","protected":false},"featured_media":7819,"comment_status":"open","ping_status":"closed","template":"","meta":[],"product_cat":[122,133],"product_tag":[],"yoast_head":"<!-- This site is optimized with the Yoast SEO plugin v20.6 - https:\/\/yoast.com\/wordpress\/plugins\/seo\/ -->\n<title>Amazon Essentials Damen Lang\u00e4rmeliger Kapuzenpullover aus Superweichem Terry-Frottee, Regul\u00e4re Passform (Fr\u00fcher Daily\u2026 - FamilienMode<\/title>\n<meta name=\"robots\" content=\"index, follow, max-snippet:-1, max-image-preview:large, max-video-preview:-1\" \/>\n<link rel=\"canonical\" href=\"https:\/\/bekleidungscenter.com\/?product=amazon-marke-daily-ritual-damen-hemd-pird-17031371\" \/>\n<meta property=\"og:locale\" content=\"de_DE\" \/>\n<meta property=\"og:type\" content=\"article\" \/>\n<meta property=\"og:title\" content=\"Amazon Essentials Damen Lang\u00e4rmeliger Kapuzenpullover aus Superweichem Terry-Frottee, Regul\u00e4re Passform (Fr\u00fcher Daily\u2026 - FamilienMode\" \/>\n<meta property=\"og:description\" content=\"Hergestellt in Vietnam Ein \u00fcberkreuzter Ausschnitt und ein geschwungener Saum verleihen diesem weichen und schlaffen Kapuzenpullover einen modernen Look. Langarm\" \/>\n<meta property=\"og:url\" content=\"https:\/\/bekleidungscenter.com\/?product=amazon-marke-daily-ritual-damen-hemd-pird-17031371\" \/>\n<meta property=\"og:site_name\" content=\"FamilienMode\" \/>\n<meta property=\"article:modified_time\" content=\"2023-04-10T22:39:12+00:00\" \/>\n<meta property=\"og:image\" content=\"https:\/\/images-na.ssl-images-amazon.com\/images\/I\/410zYQvxG7L.jpg\" \/>\n\t<meta property=\"og:image:width\" content=\"500\" \/>\n\t<meta property=\"og:image:height\" content=\"500\" \/>\n\t<meta property=\"og:image:type\" content=\"image\/jpeg\" \/>\n<meta name=\"twitter:card\" content=\"summary_large_image\" \/>\n<meta name=\"twitter:label1\" content=\"Gesch\u00e4tzte Lesezeit\" \/>\n\t<meta name=\"twitter:data1\" content=\"1\u00a0Minute\" \/>\n<script type=\"application\/ld+json\" class=\"yoast-schema-graph\">{\"@context\":\"https:\/\/schema.org\",\"@graph\":[{\"@type\":\"WebPage\",\"@id\":\"https:\/\/bekleidungscenter.com\/?product=amazon-marke-daily-ritual-damen-hemd-pird-17031371\",\"url\":\"https:\/\/bekleidungscenter.com\/?product=amazon-marke-daily-ritual-damen-hemd-pird-17031371\",\"name\":\"Amazon Essentials Damen Lang\u00e4rmeliger Kapuzenpullover aus Superweichem Terry-Frottee, Regul\u00e4re Passform (Fr\u00fcher Daily\u2026 - FamilienMode\",\"isPartOf\":{\"@id\":\"https:\/\/bekleidungscenter.com\/#website\"},\"datePublished\":\"2021-01-03T19:40:37+00:00\",\"dateModified\":\"2023-04-10T22:39:12+00:00\",\"breadcrumb\":{\"@id\":\"https:\/\/bekleidungscenter.com\/?product=amazon-marke-daily-ritual-damen-hemd-pird-17031371#breadcrumb\"},\"inLanguage\":\"de\",\"potentialAction\":[{\"@type\":\"ReadAction\",\"target\":[\"https:\/\/bekleidungscenter.com\/?product=amazon-marke-daily-ritual-damen-hemd-pird-17031371\"]}]},{\"@type\":\"BreadcrumbList\",\"@id\":\"https:\/\/bekleidungscenter.com\/?product=amazon-marke-daily-ritual-damen-hemd-pird-17031371#breadcrumb\",\"itemListElement\":[{\"@type\":\"ListItem\",\"position\":1,\"name\":\"Home\",\"item\":\"https:\/\/bekleidungscenter.com\/\"},{\"@type\":\"ListItem\",\"position\":2,\"name\":\"Shop\",\"item\":\"https:\/\/bekleidungscenter.com\/?page_id=7\"},{\"@type\":\"ListItem\",\"position\":3,\"name\":\"Amazon Essentials Damen Lang\u00e4rmeliger Kapuzenpullover aus Superweichem Terry-Frottee, Regul\u00e4re Passform (Fr\u00fcher Daily\u2026\"}]},{\"@type\":\"WebSite\",\"@id\":\"https:\/\/bekleidungscenter.com\/#website\",\"url\":\"https:\/\/bekleidungscenter.com\/\",\"name\":\"FamilienMode\",\"description\":\"Alles f\u00fcr die ganze Familie\",\"potentialAction\":[{\"@type\":\"SearchAction\",\"target\":{\"@type\":\"EntryPoint\",\"urlTemplate\":\"https:\/\/bekleidungscenter.com\/?s={search_term_string}\"},\"query-input\":\"required name=search_term_string\"}],\"inLanguage\":\"de\"}]}<\/script>\n<!-- \/ Yoast SEO plugin. -->","yoast_head_json":{"title":"Amazon Essentials Damen Lang\u00e4rmeliger Kapuzenpullover aus Superweichem Terry-Frottee, Regul\u00e4re Passform (Fr\u00fcher Daily\u2026 - FamilienMode","robots":{"index":"index","follow":"follow","max-snippet":"max-snippet:-1","max-image-preview":"max-image-preview:large","max-video-preview":"max-video-preview:-1"},"canonical":"https:\/\/bekleidungscenter.com\/?product=amazon-marke-daily-ritual-damen-hemd-pird-17031371","og_locale":"de_DE","og_type":"article","og_title":"Amazon Essentials Damen Lang\u00e4rmeliger Kapuzenpullover aus Superweichem Terry-Frottee, Regul\u00e4re Passform (Fr\u00fcher Daily\u2026 - FamilienMode","og_description":"Hergestellt in Vietnam Ein \u00fcberkreuzter Ausschnitt und ein geschwungener Saum verleihen diesem weichen und schlaffen Kapuzenpullover einen modernen Look. Langarm","og_url":"https:\/\/bekleidungscenter.com\/?product=amazon-marke-daily-ritual-damen-hemd-pird-17031371","og_site_name":"FamilienMode","article_modified_time":"2023-04-10T22:39:12+00:00","og_image":[{"width":500,"height":500,"url":"https:\/\/images-na.ssl-images-amazon.com\/images\/I\/410zYQvxG7L.jpg","type":"image\/jpeg"}],"twitter_card":"summary_large_image","twitter_misc":{"Gesch\u00e4tzte Lesezeit":"1\u00a0Minute"},"schema":{"@context":"https:\/\/schema.org","@graph":[{"@type":"WebPage","@id":"https:\/\/bekleidungscenter.com\/?product=amazon-marke-daily-ritual-damen-hemd-pird-17031371","url":"https:\/\/bekleidungscenter.com\/?product=amazon-marke-daily-ritual-damen-hemd-pird-17031371","name":"Amazon Essentials Damen Lang\u00e4rmeliger Kapuzenpullover aus Superweichem Terry-Frottee, Regul\u00e4re Passform (Fr\u00fcher Daily\u2026 - FamilienMode","isPartOf":{"@id":"https:\/\/bekleidungscenter.com\/#website"},"datePublished":"2021-01-03T19:40:37+00:00","dateModified":"2023-04-10T22:39:12+00:00","breadcrumb":{"@id":"https:\/\/bekleidungscenter.com\/?product=amazon-marke-daily-ritual-damen-hemd-pird-17031371#breadcrumb"},"inLanguage":"de","potentialAction":[{"@type":"ReadAction","target":["https:\/\/bekleidungscenter.com\/?product=amazon-marke-daily-ritual-damen-hemd-pird-17031371"]}]},{"@type":"BreadcrumbList","@id":"https:\/\/bekleidungscenter.com\/?product=amazon-marke-daily-ritual-damen-hemd-pird-17031371#breadcrumb","itemListElement":[{"@type":"ListItem","position":1,"name":"Home","item":"https:\/\/bekleidungscenter.com\/"},{"@type":"ListItem","position":2,"name":"Shop","item":"https:\/\/bekleidungscenter.com\/?page_id=7"},{"@type":"ListItem","position":3,"name":"Amazon Essentials Damen Lang\u00e4rmeliger Kapuzenpullover aus Superweichem Terry-Frottee, Regul\u00e4re Passform (Fr\u00fcher Daily\u2026"}]},{"@type":"WebSite","@id":"https:\/\/bekleidungscenter.com\/#website","url":"https:\/\/bekleidungscenter.com\/","name":"FamilienMode","description":"Alles f\u00fcr die ganze Familie","potentialAction":[{"@type":"SearchAction","target":{"@type":"EntryPoint","urlTemplate":"https:\/\/bekleidungscenter.com\/?s={search_term_string}"},"query-input":"required name=search_term_string"}],"inLanguage":"de"}]}},"_links":{"self":[{"href":"https:\/\/bekleidungscenter.com\/index.php?rest_route=\/wp\/v2\/product\/7818"}],"collection":[{"href":"https:\/\/bekleidungscenter.com\/index.php?rest_route=\/wp\/v2\/product"}],"about":[{"href":"https:\/\/bekleidungscenter.com\/index.php?rest_route=\/wp\/v2\/types\/product"}],"replies":[{"embeddable":true,"href":"https:\/\/bekleidungscenter.com\/index.php?rest_route=%2Fwp%2Fv2%2Fcomments&post=7818"}],"wp:featuredmedia":[{"embeddable":true,"href":"https:\/\/bekleidungscenter.com\/index.php?rest_route=\/wp\/v2\/media\/7819"}],"wp:attachment":[{"href":"https:\/\/bekleidungscenter.com\/index.php?rest_route=%2Fwp%2Fv2%2Fmedia&parent=7818"}],"wp:term":[{"taxonomy":"product_cat","embeddable":true,"href":"https:\/\/bekleidungscenter.com\/index.php?rest_route=%2Fwp%2Fv2%2Fproduct_cat&post=7818"},{"taxonomy":"product_tag","embeddable":true,"href":"https:\/\/bekleidungscenter.com\/index.php?rest_route=%2Fwp%2Fv2%2Fproduct_tag&post=7818"}],"curies":[{"name":"wp","href":"https:\/\/api.w.org\/{rel}","templated":true}]}}