{"id":7992,"date":"2021-01-03T19:44:37","date_gmt":"2021-01-03T19:44:37","guid":{"rendered":"http:\/\/bekleidungscenter.com\/?product=fashion4young-5985-damen-bodybluse-tailliert-langarm-bluse-damenbluse-bodybluse-hemdbluse"},"modified":"2023-04-07T22:05:44","modified_gmt":"2023-04-07T22:05:44","slug":"fashion4young-5985-damen-bodybluse-tailliert-langarm-bluse-damenbluse-bodybluse-hemdbluse","status":"publish","type":"product","link":"https:\/\/bekleidungscenter.com\/?product=fashion4young-5985-damen-bodybluse-tailliert-langarm-bluse-damenbluse-bodybluse-hemdbluse","title":{"rendered":"Fashion4Young 5985 Damen Bodybluse Tailliert Langarm Bluse Damenbluse Bodybluse Hemdbluse"},"content":{"rendered":"<p><!-- show up to 2 reviews by default --> <\/p>\n<p>So hot. Taillierter Langarm-Body alle feinem Stretch-Material. Die sexy Body-Bluse ist ein rasanter Hingucker qua Sexappeal. Blusenstyle kombiniert qua Body-Kinnhaken l\u00e4sst Freiz\u00fcgigkeit statt Diverses sexy Out-Fits. In Schritth\u00f6he qua drei Druckkn\u00f6pfen. Der sexy inszenierte Body ist der Knaller zu Treggings im \u00dcbrigen High-Heels. <br \/>Farbe: schwarz, wei\u00df, k\u00f6nigsblau, hellblau, rot, dunkelrot <br \/>Gr\u00f6\u00dfe: S=36, M=38, L=40, XL=42 <br \/>Material : 80% Baumwolle, 15% Polyamid, 5% Elasthan <\/p>\n<p>Taillierter Langarm-Body alle feinem Stretch-Material<br \/>\nBlusenstyle kombiniert qua Body-Kinnhaken<br \/>\nLangarm<br \/>\n80% Baumwolle, 15% Polyamid, 5% Elasthan<br \/>\nBluse Hemdbluse, Karobluse<br \/>\nPflegehinweis: pflegeleicht<br \/>\nIn Schritth\u00f6he qua drei Druckkn\u00f6pfen<br \/>\nanhaltend kn\u00f6pfbar.<br \/>\nVorder- im \u00dcbrigen Abseite sind qua attraktiven Teilungsn\u00e4hten<br \/>\n<div class=\"main-cross-sell\" data-asin=\"B079Z5NCYM\">\n\n\t<div class=\"WooZone-cross-sell-loader\">\n\t\t<div>\n\t\t\t<div id=\"floatingBarsG\">\n\t\t\t\t<div class=\"blockG\" id=\"rotateG_01\"><\/div>\n\t\t\t\t<div class=\"blockG\" id=\"rotateG_02\"><\/div>\n\t\t\t\t<div class=\"blockG\" id=\"rotateG_03\"><\/div>\n\t\t\t\t<div class=\"blockG\" id=\"rotateG_04\"><\/div>\n\t\t\t\t<div class=\"blockG\" id=\"rotateG_05\"><\/div>\n\t\t\t\t<div class=\"blockG\" id=\"rotateG_06\"><\/div>\n\t\t\t\t<div class=\"blockG\" id=\"rotateG_07\"><\/div>\n\t\t\t\t<div class=\"blockG\" id=\"rotateG_08\"><\/div>\n\t\t\t<\/div>\n\t\t\t<div class=\"WooZone-cross-sell-loader-text\"><\/div>\n\t\t<\/div>\n\t<\/div>\n\n\t\t\n<\/div>\n<div style=\"clear:both;\"><\/div><\/p>\n","protected":false},"excerpt":{"rendered":"<p>Taillierter Langarm-Body aus feinem Stretch-Material<br \/>\nBlusenstyle kombiniert mit Body-Cut<br \/>\nLangarm<\/p>\n","protected":false},"featured_media":7993,"comment_status":"open","ping_status":"closed","template":"","meta":[],"product_cat":[122,133],"product_tag":[],"yoast_head":"<!-- This site is optimized with the Yoast SEO plugin v20.6 - https:\/\/yoast.com\/wordpress\/plugins\/seo\/ -->\n<title>Fashion4Young 5985 Damen Bodybluse Tailliert Langarm Bluse Damenbluse Bodybluse Hemdbluse - FamilienMode<\/title>\n<meta name=\"robots\" content=\"index, follow, max-snippet:-1, max-image-preview:large, max-video-preview:-1\" \/>\n<link rel=\"canonical\" href=\"https:\/\/bekleidungscenter.com\/?product=fashion4young-5985-damen-bodybluse-tailliert-langarm-bluse-damenbluse-bodybluse-hemdbluse\" \/>\n<meta property=\"og:locale\" content=\"de_DE\" \/>\n<meta property=\"og:type\" content=\"article\" \/>\n<meta property=\"og:title\" content=\"Fashion4Young 5985 Damen Bodybluse Tailliert Langarm Bluse Damenbluse Bodybluse Hemdbluse - FamilienMode\" \/>\n<meta property=\"og:description\" content=\"Taillierter Langarm-Body aus feinem Stretch-Material Blusenstyle kombiniert mit Body-Cut Langarm\" \/>\n<meta property=\"og:url\" content=\"https:\/\/bekleidungscenter.com\/?product=fashion4young-5985-damen-bodybluse-tailliert-langarm-bluse-damenbluse-bodybluse-hemdbluse\" \/>\n<meta property=\"og:site_name\" content=\"FamilienMode\" \/>\n<meta property=\"article:modified_time\" content=\"2023-04-07T22:05:44+00:00\" \/>\n<meta property=\"og:image\" content=\"https:\/\/images-na.ssl-images-amazon.com\/images\/I\/41VKX1YCLlL.jpg\" \/>\n\t<meta property=\"og:image:width\" content=\"500\" \/>\n\t<meta property=\"og:image:height\" content=\"500\" \/>\n\t<meta property=\"og:image:type\" content=\"image\/jpeg\" \/>\n<meta name=\"twitter:card\" content=\"summary_large_image\" \/>\n<meta name=\"twitter:label1\" content=\"Gesch\u00e4tzte Lesezeit\" \/>\n\t<meta name=\"twitter:data1\" content=\"1\u00a0Minute\" \/>\n<script type=\"application\/ld+json\" class=\"yoast-schema-graph\">{\"@context\":\"https:\/\/schema.org\",\"@graph\":[{\"@type\":\"WebPage\",\"@id\":\"https:\/\/bekleidungscenter.com\/?product=fashion4young-5985-damen-bodybluse-tailliert-langarm-bluse-damenbluse-bodybluse-hemdbluse\",\"url\":\"https:\/\/bekleidungscenter.com\/?product=fashion4young-5985-damen-bodybluse-tailliert-langarm-bluse-damenbluse-bodybluse-hemdbluse\",\"name\":\"Fashion4Young 5985 Damen Bodybluse Tailliert Langarm Bluse Damenbluse Bodybluse Hemdbluse - FamilienMode\",\"isPartOf\":{\"@id\":\"https:\/\/bekleidungscenter.com\/#website\"},\"datePublished\":\"2021-01-03T19:44:37+00:00\",\"dateModified\":\"2023-04-07T22:05:44+00:00\",\"breadcrumb\":{\"@id\":\"https:\/\/bekleidungscenter.com\/?product=fashion4young-5985-damen-bodybluse-tailliert-langarm-bluse-damenbluse-bodybluse-hemdbluse#breadcrumb\"},\"inLanguage\":\"de\",\"potentialAction\":[{\"@type\":\"ReadAction\",\"target\":[\"https:\/\/bekleidungscenter.com\/?product=fashion4young-5985-damen-bodybluse-tailliert-langarm-bluse-damenbluse-bodybluse-hemdbluse\"]}]},{\"@type\":\"BreadcrumbList\",\"@id\":\"https:\/\/bekleidungscenter.com\/?product=fashion4young-5985-damen-bodybluse-tailliert-langarm-bluse-damenbluse-bodybluse-hemdbluse#breadcrumb\",\"itemListElement\":[{\"@type\":\"ListItem\",\"position\":1,\"name\":\"Home\",\"item\":\"https:\/\/bekleidungscenter.com\/\"},{\"@type\":\"ListItem\",\"position\":2,\"name\":\"Shop\",\"item\":\"https:\/\/bekleidungscenter.com\/?page_id=7\"},{\"@type\":\"ListItem\",\"position\":3,\"name\":\"Fashion4Young 5985 Damen Bodybluse Tailliert Langarm Bluse Damenbluse Bodybluse Hemdbluse\"}]},{\"@type\":\"WebSite\",\"@id\":\"https:\/\/bekleidungscenter.com\/#website\",\"url\":\"https:\/\/bekleidungscenter.com\/\",\"name\":\"FamilienMode\",\"description\":\"Alles f\u00fcr die ganze Familie\",\"potentialAction\":[{\"@type\":\"SearchAction\",\"target\":{\"@type\":\"EntryPoint\",\"urlTemplate\":\"https:\/\/bekleidungscenter.com\/?s={search_term_string}\"},\"query-input\":\"required name=search_term_string\"}],\"inLanguage\":\"de\"}]}<\/script>\n<!-- \/ Yoast SEO plugin. -->","yoast_head_json":{"title":"Fashion4Young 5985 Damen Bodybluse Tailliert Langarm Bluse Damenbluse Bodybluse Hemdbluse - FamilienMode","robots":{"index":"index","follow":"follow","max-snippet":"max-snippet:-1","max-image-preview":"max-image-preview:large","max-video-preview":"max-video-preview:-1"},"canonical":"https:\/\/bekleidungscenter.com\/?product=fashion4young-5985-damen-bodybluse-tailliert-langarm-bluse-damenbluse-bodybluse-hemdbluse","og_locale":"de_DE","og_type":"article","og_title":"Fashion4Young 5985 Damen Bodybluse Tailliert Langarm Bluse Damenbluse Bodybluse Hemdbluse - FamilienMode","og_description":"Taillierter Langarm-Body aus feinem Stretch-Material Blusenstyle kombiniert mit Body-Cut Langarm","og_url":"https:\/\/bekleidungscenter.com\/?product=fashion4young-5985-damen-bodybluse-tailliert-langarm-bluse-damenbluse-bodybluse-hemdbluse","og_site_name":"FamilienMode","article_modified_time":"2023-04-07T22:05:44+00:00","og_image":[{"width":500,"height":500,"url":"https:\/\/images-na.ssl-images-amazon.com\/images\/I\/41VKX1YCLlL.jpg","type":"image\/jpeg"}],"twitter_card":"summary_large_image","twitter_misc":{"Gesch\u00e4tzte Lesezeit":"1\u00a0Minute"},"schema":{"@context":"https:\/\/schema.org","@graph":[{"@type":"WebPage","@id":"https:\/\/bekleidungscenter.com\/?product=fashion4young-5985-damen-bodybluse-tailliert-langarm-bluse-damenbluse-bodybluse-hemdbluse","url":"https:\/\/bekleidungscenter.com\/?product=fashion4young-5985-damen-bodybluse-tailliert-langarm-bluse-damenbluse-bodybluse-hemdbluse","name":"Fashion4Young 5985 Damen Bodybluse Tailliert Langarm Bluse Damenbluse Bodybluse Hemdbluse - FamilienMode","isPartOf":{"@id":"https:\/\/bekleidungscenter.com\/#website"},"datePublished":"2021-01-03T19:44:37+00:00","dateModified":"2023-04-07T22:05:44+00:00","breadcrumb":{"@id":"https:\/\/bekleidungscenter.com\/?product=fashion4young-5985-damen-bodybluse-tailliert-langarm-bluse-damenbluse-bodybluse-hemdbluse#breadcrumb"},"inLanguage":"de","potentialAction":[{"@type":"ReadAction","target":["https:\/\/bekleidungscenter.com\/?product=fashion4young-5985-damen-bodybluse-tailliert-langarm-bluse-damenbluse-bodybluse-hemdbluse"]}]},{"@type":"BreadcrumbList","@id":"https:\/\/bekleidungscenter.com\/?product=fashion4young-5985-damen-bodybluse-tailliert-langarm-bluse-damenbluse-bodybluse-hemdbluse#breadcrumb","itemListElement":[{"@type":"ListItem","position":1,"name":"Home","item":"https:\/\/bekleidungscenter.com\/"},{"@type":"ListItem","position":2,"name":"Shop","item":"https:\/\/bekleidungscenter.com\/?page_id=7"},{"@type":"ListItem","position":3,"name":"Fashion4Young 5985 Damen Bodybluse Tailliert Langarm Bluse Damenbluse Bodybluse Hemdbluse"}]},{"@type":"WebSite","@id":"https:\/\/bekleidungscenter.com\/#website","url":"https:\/\/bekleidungscenter.com\/","name":"FamilienMode","description":"Alles f\u00fcr die ganze Familie","potentialAction":[{"@type":"SearchAction","target":{"@type":"EntryPoint","urlTemplate":"https:\/\/bekleidungscenter.com\/?s={search_term_string}"},"query-input":"required name=search_term_string"}],"inLanguage":"de"}]}},"_links":{"self":[{"href":"https:\/\/bekleidungscenter.com\/index.php?rest_route=\/wp\/v2\/product\/7992"}],"collection":[{"href":"https:\/\/bekleidungscenter.com\/index.php?rest_route=\/wp\/v2\/product"}],"about":[{"href":"https:\/\/bekleidungscenter.com\/index.php?rest_route=\/wp\/v2\/types\/product"}],"replies":[{"embeddable":true,"href":"https:\/\/bekleidungscenter.com\/index.php?rest_route=%2Fwp%2Fv2%2Fcomments&post=7992"}],"wp:featuredmedia":[{"embeddable":true,"href":"https:\/\/bekleidungscenter.com\/index.php?rest_route=\/wp\/v2\/media\/7993"}],"wp:attachment":[{"href":"https:\/\/bekleidungscenter.com\/index.php?rest_route=%2Fwp%2Fv2%2Fmedia&parent=7992"}],"wp:term":[{"taxonomy":"product_cat","embeddable":true,"href":"https:\/\/bekleidungscenter.com\/index.php?rest_route=%2Fwp%2Fv2%2Fproduct_cat&post=7992"},{"taxonomy":"product_tag","embeddable":true,"href":"https:\/\/bekleidungscenter.com\/index.php?rest_route=%2Fwp%2Fv2%2Fproduct_tag&post=7992"}],"curies":[{"name":"wp","href":"https:\/\/api.w.org\/{rel}","templated":true}]}}