{"id":8036,"date":"2021-01-03T19:47:14","date_gmt":"2021-01-03T19:47:14","guid":{"rendered":"http:\/\/bekleidungscenter.com\/?product=stockerpoint-damen-trachtenbluse"},"modified":"2023-04-07T22:05:45","modified_gmt":"2023-04-07T22:05:45","slug":"stockerpoint-damen-trachtenbluse","status":"publish","type":"product","link":"https:\/\/bekleidungscenter.com\/?product=stockerpoint-damen-trachtenbluse","title":{"rendered":"Stockerpoint Damen Trachtenbluse"},"content":{"rendered":"<p><!-- show up to 2 reviews by default --> <\/p>\n<p>Dirndlbluse zugunsten Damen von Stockerpoint in wei\u00df. Diese zauberhafte Bluse ist Welcher st\u00e4ndige Vorbehalt zugunsten Ihr Stehkragen Dirndl. Welcher Herzausschnitt ebenso die exklusiven Perlmuttkn\u00f6pfe setzen Ihr Einschnitt gekonnt in Kohabitation. Die perfekte Passform garantiert Welcher dehnbare ebenso elastische Suchtgift. Akzeptieren Sie die verspielten Verzierungen am \u00c4rmel. <\/p>\n<p>Bon: Stockerpoint<br \/>\nDirndl<br \/>\nKragenform: Rundkragen<br \/>\nKurzarm<br \/>\n97% Baumwolle, 3% Elasthan<br \/>\nIm Auge haben<br \/>\nPflegehinweis: Maschinenw\u00e4sche<br \/>\nModellnummer: Bluse B-8033<br \/>\nBluse<br \/>\nIm Auge haben<br \/>\n<div class=\"main-cross-sell\" data-asin=\"B073Q54X1J\">\n\n\t<div class=\"WooZone-cross-sell-loader\">\n\t\t<div>\n\t\t\t<div id=\"floatingBarsG\">\n\t\t\t\t<div class=\"blockG\" id=\"rotateG_01\"><\/div>\n\t\t\t\t<div class=\"blockG\" id=\"rotateG_02\"><\/div>\n\t\t\t\t<div class=\"blockG\" id=\"rotateG_03\"><\/div>\n\t\t\t\t<div class=\"blockG\" id=\"rotateG_04\"><\/div>\n\t\t\t\t<div class=\"blockG\" id=\"rotateG_05\"><\/div>\n\t\t\t\t<div class=\"blockG\" id=\"rotateG_06\"><\/div>\n\t\t\t\t<div class=\"blockG\" id=\"rotateG_07\"><\/div>\n\t\t\t\t<div class=\"blockG\" id=\"rotateG_08\"><\/div>\n\t\t\t<\/div>\n\t\t\t<div class=\"WooZone-cross-sell-loader-text\"><\/div>\n\t\t<\/div>\n\t<\/div>\n\n\t\t\n<\/div>\n<div style=\"clear:both;\"><\/div><\/p>\n","protected":false},"excerpt":{"rendered":"<p>Marke: Stockerpoint<br \/>\nDirndl<br \/>\nKragenform: Rundkragen<\/p>\n","protected":false},"featured_media":8037,"comment_status":"open","ping_status":"closed","template":"","meta":[],"product_cat":[122,133],"product_tag":[],"yoast_head":"<!-- This site is optimized with the Yoast SEO plugin v20.6 - https:\/\/yoast.com\/wordpress\/plugins\/seo\/ -->\n<title>Stockerpoint Damen Trachtenbluse - FamilienMode<\/title>\n<meta name=\"robots\" content=\"index, follow, max-snippet:-1, max-image-preview:large, max-video-preview:-1\" \/>\n<link rel=\"canonical\" href=\"https:\/\/bekleidungscenter.com\/?product=stockerpoint-damen-trachtenbluse\" \/>\n<meta property=\"og:locale\" content=\"de_DE\" \/>\n<meta property=\"og:type\" content=\"article\" \/>\n<meta property=\"og:title\" content=\"Stockerpoint Damen Trachtenbluse - FamilienMode\" \/>\n<meta property=\"og:description\" content=\"Marke: Stockerpoint Dirndl Kragenform: Rundkragen\" \/>\n<meta property=\"og:url\" content=\"https:\/\/bekleidungscenter.com\/?product=stockerpoint-damen-trachtenbluse\" \/>\n<meta property=\"og:site_name\" content=\"FamilienMode\" \/>\n<meta property=\"article:modified_time\" content=\"2023-04-07T22:05:45+00:00\" \/>\n<meta property=\"og:image\" content=\"https:\/\/images-na.ssl-images-amazon.com\/images\/I\/41GVpU9BJqL.jpg\" \/>\n\t<meta property=\"og:image:width\" content=\"500\" \/>\n\t<meta property=\"og:image:height\" content=\"500\" \/>\n\t<meta property=\"og:image:type\" content=\"image\/jpeg\" \/>\n<meta name=\"twitter:card\" content=\"summary_large_image\" \/>\n<script type=\"application\/ld+json\" class=\"yoast-schema-graph\">{\"@context\":\"https:\/\/schema.org\",\"@graph\":[{\"@type\":\"WebPage\",\"@id\":\"https:\/\/bekleidungscenter.com\/?product=stockerpoint-damen-trachtenbluse\",\"url\":\"https:\/\/bekleidungscenter.com\/?product=stockerpoint-damen-trachtenbluse\",\"name\":\"Stockerpoint Damen Trachtenbluse - FamilienMode\",\"isPartOf\":{\"@id\":\"https:\/\/bekleidungscenter.com\/#website\"},\"datePublished\":\"2021-01-03T19:47:14+00:00\",\"dateModified\":\"2023-04-07T22:05:45+00:00\",\"breadcrumb\":{\"@id\":\"https:\/\/bekleidungscenter.com\/?product=stockerpoint-damen-trachtenbluse#breadcrumb\"},\"inLanguage\":\"de\",\"potentialAction\":[{\"@type\":\"ReadAction\",\"target\":[\"https:\/\/bekleidungscenter.com\/?product=stockerpoint-damen-trachtenbluse\"]}]},{\"@type\":\"BreadcrumbList\",\"@id\":\"https:\/\/bekleidungscenter.com\/?product=stockerpoint-damen-trachtenbluse#breadcrumb\",\"itemListElement\":[{\"@type\":\"ListItem\",\"position\":1,\"name\":\"Home\",\"item\":\"https:\/\/bekleidungscenter.com\/\"},{\"@type\":\"ListItem\",\"position\":2,\"name\":\"Shop\",\"item\":\"https:\/\/bekleidungscenter.com\/?page_id=7\"},{\"@type\":\"ListItem\",\"position\":3,\"name\":\"Stockerpoint Damen Trachtenbluse\"}]},{\"@type\":\"WebSite\",\"@id\":\"https:\/\/bekleidungscenter.com\/#website\",\"url\":\"https:\/\/bekleidungscenter.com\/\",\"name\":\"FamilienMode\",\"description\":\"Alles f\u00fcr die ganze Familie\",\"potentialAction\":[{\"@type\":\"SearchAction\",\"target\":{\"@type\":\"EntryPoint\",\"urlTemplate\":\"https:\/\/bekleidungscenter.com\/?s={search_term_string}\"},\"query-input\":\"required name=search_term_string\"}],\"inLanguage\":\"de\"}]}<\/script>\n<!-- \/ Yoast SEO plugin. -->","yoast_head_json":{"title":"Stockerpoint Damen Trachtenbluse - FamilienMode","robots":{"index":"index","follow":"follow","max-snippet":"max-snippet:-1","max-image-preview":"max-image-preview:large","max-video-preview":"max-video-preview:-1"},"canonical":"https:\/\/bekleidungscenter.com\/?product=stockerpoint-damen-trachtenbluse","og_locale":"de_DE","og_type":"article","og_title":"Stockerpoint Damen Trachtenbluse - FamilienMode","og_description":"Marke: Stockerpoint Dirndl Kragenform: Rundkragen","og_url":"https:\/\/bekleidungscenter.com\/?product=stockerpoint-damen-trachtenbluse","og_site_name":"FamilienMode","article_modified_time":"2023-04-07T22:05:45+00:00","og_image":[{"width":500,"height":500,"url":"https:\/\/images-na.ssl-images-amazon.com\/images\/I\/41GVpU9BJqL.jpg","type":"image\/jpeg"}],"twitter_card":"summary_large_image","schema":{"@context":"https:\/\/schema.org","@graph":[{"@type":"WebPage","@id":"https:\/\/bekleidungscenter.com\/?product=stockerpoint-damen-trachtenbluse","url":"https:\/\/bekleidungscenter.com\/?product=stockerpoint-damen-trachtenbluse","name":"Stockerpoint Damen Trachtenbluse - FamilienMode","isPartOf":{"@id":"https:\/\/bekleidungscenter.com\/#website"},"datePublished":"2021-01-03T19:47:14+00:00","dateModified":"2023-04-07T22:05:45+00:00","breadcrumb":{"@id":"https:\/\/bekleidungscenter.com\/?product=stockerpoint-damen-trachtenbluse#breadcrumb"},"inLanguage":"de","potentialAction":[{"@type":"ReadAction","target":["https:\/\/bekleidungscenter.com\/?product=stockerpoint-damen-trachtenbluse"]}]},{"@type":"BreadcrumbList","@id":"https:\/\/bekleidungscenter.com\/?product=stockerpoint-damen-trachtenbluse#breadcrumb","itemListElement":[{"@type":"ListItem","position":1,"name":"Home","item":"https:\/\/bekleidungscenter.com\/"},{"@type":"ListItem","position":2,"name":"Shop","item":"https:\/\/bekleidungscenter.com\/?page_id=7"},{"@type":"ListItem","position":3,"name":"Stockerpoint Damen Trachtenbluse"}]},{"@type":"WebSite","@id":"https:\/\/bekleidungscenter.com\/#website","url":"https:\/\/bekleidungscenter.com\/","name":"FamilienMode","description":"Alles f\u00fcr die ganze Familie","potentialAction":[{"@type":"SearchAction","target":{"@type":"EntryPoint","urlTemplate":"https:\/\/bekleidungscenter.com\/?s={search_term_string}"},"query-input":"required name=search_term_string"}],"inLanguage":"de"}]}},"_links":{"self":[{"href":"https:\/\/bekleidungscenter.com\/index.php?rest_route=\/wp\/v2\/product\/8036"}],"collection":[{"href":"https:\/\/bekleidungscenter.com\/index.php?rest_route=\/wp\/v2\/product"}],"about":[{"href":"https:\/\/bekleidungscenter.com\/index.php?rest_route=\/wp\/v2\/types\/product"}],"replies":[{"embeddable":true,"href":"https:\/\/bekleidungscenter.com\/index.php?rest_route=%2Fwp%2Fv2%2Fcomments&post=8036"}],"wp:featuredmedia":[{"embeddable":true,"href":"https:\/\/bekleidungscenter.com\/index.php?rest_route=\/wp\/v2\/media\/8037"}],"wp:attachment":[{"href":"https:\/\/bekleidungscenter.com\/index.php?rest_route=%2Fwp%2Fv2%2Fmedia&parent=8036"}],"wp:term":[{"taxonomy":"product_cat","embeddable":true,"href":"https:\/\/bekleidungscenter.com\/index.php?rest_route=%2Fwp%2Fv2%2Fproduct_cat&post=8036"},{"taxonomy":"product_tag","embeddable":true,"href":"https:\/\/bekleidungscenter.com\/index.php?rest_route=%2Fwp%2Fv2%2Fproduct_tag&post=8036"}],"curies":[{"name":"wp","href":"https:\/\/api.w.org\/{rel}","templated":true}]}}