{"id":8253,"date":"2021-01-03T19:58:28","date_gmt":"2021-01-03T19:58:28","guid":{"rendered":"http:\/\/bekleidungscenter.com\/?product=seidensticker-damen-bluse"},"modified":"2023-04-07T22:05:50","modified_gmt":"2023-04-07T22:05:50","slug":"seidensticker-damen-bluse","status":"publish","type":"product","link":"https:\/\/bekleidungscenter.com\/?product=seidensticker-damen-bluse","title":{"rendered":"Seidensticker Damen Bluse"},"content":{"rendered":"<p><!-- show up to 2 reviews by default --> <\/p>\n<p>&amp;Selbst; h3&gt; Seidensticker Damen bluse <\/p>\n<p>Die leicht flie\u00dfende, die Silhouette umspielen Hemdbluse ist ein Must-Have f\u00fcr jeden Kleiderschrank &#8211; einerlei ob schick im B\u00fcro, leger auf der Sommerparty, ob mit Blazer, Rock oder im Sommer im Kontrast dazu denn Oberteil. Der leicht taillierte Schnitt schmiegt sich w\u00e4hrenddessen an die feminine Figur und das satin-material<br \/> verleiht zus\u00e4tzlich ein optimales Tragegef\u00fchl, im Sommer qua im Herbst und Winter. Seidensticker Blusen entsprechen dem Oeko-Tex Standard 100.<\/p>\n<p> produktdetails <\/p>\n<ul>passform: comfort fit &amp;selbst; strong&gt; seidensticker <\/p>\n<p>souver\u00e4nit\u00e4t, schlichte Eleganz und Zeitlosigkeit: Seidensticker ist nicht im Kontrast dazu der hemdenhersteller mit dem h\u00f6chsten bekanntheitsgrad in Deutschland,<br \/> sondern vereint vorrangig Tradition und Innovation und steht f\u00fcr modernes Stilgef\u00fchl. Konzentrierte Sortiment von Hemden und Blusen verbinden sich<br \/> mit Trends zu klaren Kollektionen &#8211; versinnbildlicht durch die schwarze Rose, Das unverkennbare Letter der Marke.<\/p>\n<\/p>\n<\/ul>\n<p>Klassisches Must-Have und vielseitig kombinierbar: Die Hemdbluse von Seidensticker ist der perfekte Begleiter f\u00fcr jeden festlichen, eleganten oder sportlich-legeren Anlass<br \/>\nPassende damenoberbekleidung f\u00fcr jede Jahreszeit: im Fr\u00fchling und Sommer einzeln denn Oberteil, im Herbst und Winter tr\u00fcbselig einem Hosenanzug oder einem Blazer in Ordnung<br \/>\nKragenform: Rundhals<br \/>\nKurzarm<br \/>\n80% Baumwolle, 20% Leinen<br \/>\nRegular Fit<br \/>\nPflegehinweis: Maschinenw\u00e4sche<br \/>\nModellnummer: 129101<br \/>\n<div class=\"main-cross-sell\" data-asin=\"B07VBVTF14\">\n\n\t<div class=\"WooZone-cross-sell-loader\">\n\t\t<div>\n\t\t\t<div id=\"floatingBarsG\">\n\t\t\t\t<div class=\"blockG\" id=\"rotateG_01\"><\/div>\n\t\t\t\t<div class=\"blockG\" id=\"rotateG_02\"><\/div>\n\t\t\t\t<div class=\"blockG\" id=\"rotateG_03\"><\/div>\n\t\t\t\t<div class=\"blockG\" id=\"rotateG_04\"><\/div>\n\t\t\t\t<div class=\"blockG\" id=\"rotateG_05\"><\/div>\n\t\t\t\t<div class=\"blockG\" id=\"rotateG_06\"><\/div>\n\t\t\t\t<div class=\"blockG\" id=\"rotateG_07\"><\/div>\n\t\t\t\t<div class=\"blockG\" id=\"rotateG_08\"><\/div>\n\t\t\t<\/div>\n\t\t\t<div class=\"WooZone-cross-sell-loader-text\"><\/div>\n\t\t<\/div>\n\t<\/div>\n\n\t\t\n<\/div>\n<div style=\"clear:both;\"><\/div><\/p>\n","protected":false},"excerpt":{"rendered":"<p>Klassisches Must-Have und vielseitig kombinierbar: Die Hemdbluse von Seidensticker ist der perfekte Begleiter f\u00fcr jeden festlichen, eleganten oder sportlich-legeren Anlass<br \/>\nPassende damenoberbekleidung f\u00fcr jede Jahreszeit: im Fr\u00fchling und Sommer alleine als Oberteil, im Herbst und Winter unter einem Hosenanzug oder einem Blazer tragbar<br \/>\nKragenform: Rundhals<\/p>\n","protected":false},"featured_media":8254,"comment_status":"open","ping_status":"closed","template":"","meta":[],"product_cat":[122,133],"product_tag":[],"yoast_head":"<!-- This site is optimized with the Yoast SEO plugin v20.6 - https:\/\/yoast.com\/wordpress\/plugins\/seo\/ -->\n<title>Seidensticker Damen Bluse - FamilienMode<\/title>\n<meta name=\"robots\" content=\"index, follow, max-snippet:-1, max-image-preview:large, max-video-preview:-1\" \/>\n<link rel=\"canonical\" href=\"https:\/\/bekleidungscenter.com\/?product=seidensticker-damen-bluse\" \/>\n<meta property=\"og:locale\" content=\"de_DE\" \/>\n<meta property=\"og:type\" content=\"article\" \/>\n<meta property=\"og:title\" content=\"Seidensticker Damen Bluse - FamilienMode\" \/>\n<meta property=\"og:description\" content=\"Klassisches Must-Have und vielseitig kombinierbar: Die Hemdbluse von Seidensticker ist der perfekte Begleiter f\u00fcr jeden festlichen, eleganten oder sportlich-legeren Anlass Passende damenoberbekleidung f\u00fcr jede Jahreszeit: im Fr\u00fchling und Sommer alleine als Oberteil, im Herbst und Winter unter einem Hosenanzug oder einem Blazer tragbar Kragenform: Rundhals\" \/>\n<meta property=\"og:url\" content=\"https:\/\/bekleidungscenter.com\/?product=seidensticker-damen-bluse\" \/>\n<meta property=\"og:site_name\" content=\"FamilienMode\" \/>\n<meta property=\"article:modified_time\" content=\"2023-04-07T22:05:50+00:00\" \/>\n<meta property=\"og:image\" content=\"https:\/\/images-na.ssl-images-amazon.com\/images\/I\/41Om9rnj2ML.jpg\" \/>\n\t<meta property=\"og:image:width\" content=\"500\" \/>\n\t<meta property=\"og:image:height\" content=\"500\" \/>\n\t<meta property=\"og:image:type\" content=\"image\/jpeg\" \/>\n<meta name=\"twitter:card\" content=\"summary_large_image\" \/>\n<meta name=\"twitter:label1\" content=\"Gesch\u00e4tzte Lesezeit\" \/>\n\t<meta name=\"twitter:data1\" content=\"1\u00a0Minute\" \/>\n<script type=\"application\/ld+json\" class=\"yoast-schema-graph\">{\"@context\":\"https:\/\/schema.org\",\"@graph\":[{\"@type\":\"WebPage\",\"@id\":\"https:\/\/bekleidungscenter.com\/?product=seidensticker-damen-bluse\",\"url\":\"https:\/\/bekleidungscenter.com\/?product=seidensticker-damen-bluse\",\"name\":\"Seidensticker Damen Bluse - FamilienMode\",\"isPartOf\":{\"@id\":\"https:\/\/bekleidungscenter.com\/#website\"},\"datePublished\":\"2021-01-03T19:58:28+00:00\",\"dateModified\":\"2023-04-07T22:05:50+00:00\",\"breadcrumb\":{\"@id\":\"https:\/\/bekleidungscenter.com\/?product=seidensticker-damen-bluse#breadcrumb\"},\"inLanguage\":\"de\",\"potentialAction\":[{\"@type\":\"ReadAction\",\"target\":[\"https:\/\/bekleidungscenter.com\/?product=seidensticker-damen-bluse\"]}]},{\"@type\":\"BreadcrumbList\",\"@id\":\"https:\/\/bekleidungscenter.com\/?product=seidensticker-damen-bluse#breadcrumb\",\"itemListElement\":[{\"@type\":\"ListItem\",\"position\":1,\"name\":\"Home\",\"item\":\"https:\/\/bekleidungscenter.com\/\"},{\"@type\":\"ListItem\",\"position\":2,\"name\":\"Shop\",\"item\":\"https:\/\/bekleidungscenter.com\/?page_id=7\"},{\"@type\":\"ListItem\",\"position\":3,\"name\":\"Seidensticker Damen Bluse\"}]},{\"@type\":\"WebSite\",\"@id\":\"https:\/\/bekleidungscenter.com\/#website\",\"url\":\"https:\/\/bekleidungscenter.com\/\",\"name\":\"FamilienMode\",\"description\":\"Alles f\u00fcr die ganze Familie\",\"potentialAction\":[{\"@type\":\"SearchAction\",\"target\":{\"@type\":\"EntryPoint\",\"urlTemplate\":\"https:\/\/bekleidungscenter.com\/?s={search_term_string}\"},\"query-input\":\"required name=search_term_string\"}],\"inLanguage\":\"de\"}]}<\/script>\n<!-- \/ Yoast SEO plugin. -->","yoast_head_json":{"title":"Seidensticker Damen Bluse - FamilienMode","robots":{"index":"index","follow":"follow","max-snippet":"max-snippet:-1","max-image-preview":"max-image-preview:large","max-video-preview":"max-video-preview:-1"},"canonical":"https:\/\/bekleidungscenter.com\/?product=seidensticker-damen-bluse","og_locale":"de_DE","og_type":"article","og_title":"Seidensticker Damen Bluse - FamilienMode","og_description":"Klassisches Must-Have und vielseitig kombinierbar: Die Hemdbluse von Seidensticker ist der perfekte Begleiter f\u00fcr jeden festlichen, eleganten oder sportlich-legeren Anlass Passende damenoberbekleidung f\u00fcr jede Jahreszeit: im Fr\u00fchling und Sommer alleine als Oberteil, im Herbst und Winter unter einem Hosenanzug oder einem Blazer tragbar Kragenform: Rundhals","og_url":"https:\/\/bekleidungscenter.com\/?product=seidensticker-damen-bluse","og_site_name":"FamilienMode","article_modified_time":"2023-04-07T22:05:50+00:00","og_image":[{"width":500,"height":500,"url":"https:\/\/images-na.ssl-images-amazon.com\/images\/I\/41Om9rnj2ML.jpg","type":"image\/jpeg"}],"twitter_card":"summary_large_image","twitter_misc":{"Gesch\u00e4tzte Lesezeit":"1\u00a0Minute"},"schema":{"@context":"https:\/\/schema.org","@graph":[{"@type":"WebPage","@id":"https:\/\/bekleidungscenter.com\/?product=seidensticker-damen-bluse","url":"https:\/\/bekleidungscenter.com\/?product=seidensticker-damen-bluse","name":"Seidensticker Damen Bluse - FamilienMode","isPartOf":{"@id":"https:\/\/bekleidungscenter.com\/#website"},"datePublished":"2021-01-03T19:58:28+00:00","dateModified":"2023-04-07T22:05:50+00:00","breadcrumb":{"@id":"https:\/\/bekleidungscenter.com\/?product=seidensticker-damen-bluse#breadcrumb"},"inLanguage":"de","potentialAction":[{"@type":"ReadAction","target":["https:\/\/bekleidungscenter.com\/?product=seidensticker-damen-bluse"]}]},{"@type":"BreadcrumbList","@id":"https:\/\/bekleidungscenter.com\/?product=seidensticker-damen-bluse#breadcrumb","itemListElement":[{"@type":"ListItem","position":1,"name":"Home","item":"https:\/\/bekleidungscenter.com\/"},{"@type":"ListItem","position":2,"name":"Shop","item":"https:\/\/bekleidungscenter.com\/?page_id=7"},{"@type":"ListItem","position":3,"name":"Seidensticker Damen Bluse"}]},{"@type":"WebSite","@id":"https:\/\/bekleidungscenter.com\/#website","url":"https:\/\/bekleidungscenter.com\/","name":"FamilienMode","description":"Alles f\u00fcr die ganze Familie","potentialAction":[{"@type":"SearchAction","target":{"@type":"EntryPoint","urlTemplate":"https:\/\/bekleidungscenter.com\/?s={search_term_string}"},"query-input":"required name=search_term_string"}],"inLanguage":"de"}]}},"_links":{"self":[{"href":"https:\/\/bekleidungscenter.com\/index.php?rest_route=\/wp\/v2\/product\/8253"}],"collection":[{"href":"https:\/\/bekleidungscenter.com\/index.php?rest_route=\/wp\/v2\/product"}],"about":[{"href":"https:\/\/bekleidungscenter.com\/index.php?rest_route=\/wp\/v2\/types\/product"}],"replies":[{"embeddable":true,"href":"https:\/\/bekleidungscenter.com\/index.php?rest_route=%2Fwp%2Fv2%2Fcomments&post=8253"}],"wp:featuredmedia":[{"embeddable":true,"href":"https:\/\/bekleidungscenter.com\/index.php?rest_route=\/wp\/v2\/media\/8254"}],"wp:attachment":[{"href":"https:\/\/bekleidungscenter.com\/index.php?rest_route=%2Fwp%2Fv2%2Fmedia&parent=8253"}],"wp:term":[{"taxonomy":"product_cat","embeddable":true,"href":"https:\/\/bekleidungscenter.com\/index.php?rest_route=%2Fwp%2Fv2%2Fproduct_cat&post=8253"},{"taxonomy":"product_tag","embeddable":true,"href":"https:\/\/bekleidungscenter.com\/index.php?rest_route=%2Fwp%2Fv2%2Fproduct_tag&post=8253"}],"curies":[{"name":"wp","href":"https:\/\/api.w.org\/{rel}","templated":true}]}}