{"id":8519,"date":"2021-01-03T20:13:58","date_gmt":"2021-01-03T20:13:58","guid":{"rendered":"http:\/\/bekleidungscenter.com\/?product=cornette-damen-nachthemd-654-2015"},"modified":"2023-04-06T21:58:41","modified_gmt":"2023-04-06T21:58:41","slug":"cornette-damen-nachthemd-654-2015","status":"publish","type":"product","link":"https:\/\/bekleidungscenter.com\/?product=cornette-damen-nachthemd-654-2015","title":{"rendered":"cornette Damen Nachthemd 654 2015"},"content":{"rendered":"<p><!-- show up to 2 reviews by default --> <\/p>\n<p>Damen Nachthemd, vollst\u00e4ndig Alle au\u00dfergew\u00f6hnlich hochwertiger Baumwolle gefertigt.<br \/> Es besitzt ein gestreiftes Muster und eine kurze Knopfleiste.<br \/> H\u00f6chste Qualit\u00e4t geht Hand in Hand mit der sorgf\u00e4ltigen Auswahl von hochwertigen Materialien und einem Au\u00dfergew\u00f6hnlich komfortablen und modischen Schnitt. <br \/>Dadurch ist das Nachthemd nicht wohl zum Schlafen, anstelle aka zum Entspannen zu Hause nach Ma\u00df.<\/p>\n<p> Die Farben k\u00f6nnen leicht von den auf dem Monitor dargestellten Farben abschweifen.<\/p>\n<p> Materialzusammensetzung: 100% Baumwolle <\/p>\n<p>In der EU hergestellt; Mit Oeko Tex Standard 100 Zertifikat<br \/>\nDamen Nachthemd; Lange \u00c4rmel; Au\u00dfergew\u00f6hnlich komfortabel und warm<br \/>\nLangarm<br \/>\n100% Baumwolle<br \/>\nMit farblich abgesetzten Manschetten; Kurze Knopfleiste<br \/>\nAlle au\u00dfergew\u00f6hnlich hochwertiger und atmungsaktiver Baumwolle<br \/>\nStrapazierf\u00e4higes Material; F\u00e4rbt nicht ab; Beh\u00e4lt die Form nach dem Aussp\u00fclen<br \/>\n<div class=\"main-cross-sell\" data-asin=\"B01EG0G7HE\">\n\n\t<div class=\"WooZone-cross-sell-loader\">\n\t\t<div>\n\t\t\t<div id=\"floatingBarsG\">\n\t\t\t\t<div class=\"blockG\" id=\"rotateG_01\"><\/div>\n\t\t\t\t<div class=\"blockG\" id=\"rotateG_02\"><\/div>\n\t\t\t\t<div class=\"blockG\" id=\"rotateG_03\"><\/div>\n\t\t\t\t<div class=\"blockG\" id=\"rotateG_04\"><\/div>\n\t\t\t\t<div class=\"blockG\" id=\"rotateG_05\"><\/div>\n\t\t\t\t<div class=\"blockG\" id=\"rotateG_06\"><\/div>\n\t\t\t\t<div class=\"blockG\" id=\"rotateG_07\"><\/div>\n\t\t\t\t<div class=\"blockG\" id=\"rotateG_08\"><\/div>\n\t\t\t<\/div>\n\t\t\t<div class=\"WooZone-cross-sell-loader-text\"><\/div>\n\t\t<\/div>\n\t<\/div>\n\n\t\t\n<\/div>\n<div style=\"clear:both;\"><\/div><\/p>\n","protected":false},"excerpt":{"rendered":"<p>In der EU hergestellt; Mit Oeko Tex Standard 100 Zertifikat<br \/>\nDamen Nachthemd; Lange \u00c4rmel; Sehr komfortabel und warm<br \/>\nLangarm<\/p>\n","protected":false},"featured_media":8520,"comment_status":"open","ping_status":"closed","template":"","meta":[],"product_cat":[133,134],"product_tag":[],"yoast_head":"<!-- This site is optimized with the Yoast SEO plugin v20.6 - https:\/\/yoast.com\/wordpress\/plugins\/seo\/ -->\n<title>cornette Damen Nachthemd 654 2015 - FamilienMode<\/title>\n<meta name=\"robots\" content=\"index, follow, max-snippet:-1, max-image-preview:large, max-video-preview:-1\" \/>\n<link rel=\"canonical\" href=\"https:\/\/bekleidungscenter.com\/?product=cornette-damen-nachthemd-654-2015\" \/>\n<meta property=\"og:locale\" content=\"de_DE\" \/>\n<meta property=\"og:type\" content=\"article\" \/>\n<meta property=\"og:title\" content=\"cornette Damen Nachthemd 654 2015 - FamilienMode\" \/>\n<meta property=\"og:description\" content=\"In der EU hergestellt; Mit Oeko Tex Standard 100 Zertifikat Damen Nachthemd; Lange \u00c4rmel; Sehr komfortabel und warm Langarm\" \/>\n<meta property=\"og:url\" content=\"https:\/\/bekleidungscenter.com\/?product=cornette-damen-nachthemd-654-2015\" \/>\n<meta property=\"og:site_name\" content=\"FamilienMode\" \/>\n<meta property=\"article:modified_time\" content=\"2023-04-06T21:58:41+00:00\" \/>\n<meta property=\"og:image\" content=\"https:\/\/images-na.ssl-images-amazon.com\/images\/I\/417zYzAIiZL.jpg\" \/>\n\t<meta property=\"og:image:width\" content=\"500\" \/>\n\t<meta property=\"og:image:height\" content=\"500\" \/>\n\t<meta property=\"og:image:type\" content=\"image\/jpeg\" \/>\n<meta name=\"twitter:card\" content=\"summary_large_image\" \/>\n<meta name=\"twitter:label1\" content=\"Gesch\u00e4tzte Lesezeit\" \/>\n\t<meta name=\"twitter:data1\" content=\"1\u00a0Minute\" \/>\n<script type=\"application\/ld+json\" class=\"yoast-schema-graph\">{\"@context\":\"https:\/\/schema.org\",\"@graph\":[{\"@type\":\"WebPage\",\"@id\":\"https:\/\/bekleidungscenter.com\/?product=cornette-damen-nachthemd-654-2015\",\"url\":\"https:\/\/bekleidungscenter.com\/?product=cornette-damen-nachthemd-654-2015\",\"name\":\"cornette Damen Nachthemd 654 2015 - FamilienMode\",\"isPartOf\":{\"@id\":\"https:\/\/bekleidungscenter.com\/#website\"},\"datePublished\":\"2021-01-03T20:13:58+00:00\",\"dateModified\":\"2023-04-06T21:58:41+00:00\",\"breadcrumb\":{\"@id\":\"https:\/\/bekleidungscenter.com\/?product=cornette-damen-nachthemd-654-2015#breadcrumb\"},\"inLanguage\":\"de\",\"potentialAction\":[{\"@type\":\"ReadAction\",\"target\":[\"https:\/\/bekleidungscenter.com\/?product=cornette-damen-nachthemd-654-2015\"]}]},{\"@type\":\"BreadcrumbList\",\"@id\":\"https:\/\/bekleidungscenter.com\/?product=cornette-damen-nachthemd-654-2015#breadcrumb\",\"itemListElement\":[{\"@type\":\"ListItem\",\"position\":1,\"name\":\"Home\",\"item\":\"https:\/\/bekleidungscenter.com\/\"},{\"@type\":\"ListItem\",\"position\":2,\"name\":\"Shop\",\"item\":\"https:\/\/bekleidungscenter.com\/?page_id=7\"},{\"@type\":\"ListItem\",\"position\":3,\"name\":\"cornette Damen Nachthemd 654 2015\"}]},{\"@type\":\"WebSite\",\"@id\":\"https:\/\/bekleidungscenter.com\/#website\",\"url\":\"https:\/\/bekleidungscenter.com\/\",\"name\":\"FamilienMode\",\"description\":\"Alles f\u00fcr die ganze Familie\",\"potentialAction\":[{\"@type\":\"SearchAction\",\"target\":{\"@type\":\"EntryPoint\",\"urlTemplate\":\"https:\/\/bekleidungscenter.com\/?s={search_term_string}\"},\"query-input\":\"required name=search_term_string\"}],\"inLanguage\":\"de\"}]}<\/script>\n<!-- \/ Yoast SEO plugin. -->","yoast_head_json":{"title":"cornette Damen Nachthemd 654 2015 - FamilienMode","robots":{"index":"index","follow":"follow","max-snippet":"max-snippet:-1","max-image-preview":"max-image-preview:large","max-video-preview":"max-video-preview:-1"},"canonical":"https:\/\/bekleidungscenter.com\/?product=cornette-damen-nachthemd-654-2015","og_locale":"de_DE","og_type":"article","og_title":"cornette Damen Nachthemd 654 2015 - FamilienMode","og_description":"In der EU hergestellt; Mit Oeko Tex Standard 100 Zertifikat Damen Nachthemd; Lange \u00c4rmel; Sehr komfortabel und warm Langarm","og_url":"https:\/\/bekleidungscenter.com\/?product=cornette-damen-nachthemd-654-2015","og_site_name":"FamilienMode","article_modified_time":"2023-04-06T21:58:41+00:00","og_image":[{"width":500,"height":500,"url":"https:\/\/images-na.ssl-images-amazon.com\/images\/I\/417zYzAIiZL.jpg","type":"image\/jpeg"}],"twitter_card":"summary_large_image","twitter_misc":{"Gesch\u00e4tzte Lesezeit":"1\u00a0Minute"},"schema":{"@context":"https:\/\/schema.org","@graph":[{"@type":"WebPage","@id":"https:\/\/bekleidungscenter.com\/?product=cornette-damen-nachthemd-654-2015","url":"https:\/\/bekleidungscenter.com\/?product=cornette-damen-nachthemd-654-2015","name":"cornette Damen Nachthemd 654 2015 - FamilienMode","isPartOf":{"@id":"https:\/\/bekleidungscenter.com\/#website"},"datePublished":"2021-01-03T20:13:58+00:00","dateModified":"2023-04-06T21:58:41+00:00","breadcrumb":{"@id":"https:\/\/bekleidungscenter.com\/?product=cornette-damen-nachthemd-654-2015#breadcrumb"},"inLanguage":"de","potentialAction":[{"@type":"ReadAction","target":["https:\/\/bekleidungscenter.com\/?product=cornette-damen-nachthemd-654-2015"]}]},{"@type":"BreadcrumbList","@id":"https:\/\/bekleidungscenter.com\/?product=cornette-damen-nachthemd-654-2015#breadcrumb","itemListElement":[{"@type":"ListItem","position":1,"name":"Home","item":"https:\/\/bekleidungscenter.com\/"},{"@type":"ListItem","position":2,"name":"Shop","item":"https:\/\/bekleidungscenter.com\/?page_id=7"},{"@type":"ListItem","position":3,"name":"cornette Damen Nachthemd 654 2015"}]},{"@type":"WebSite","@id":"https:\/\/bekleidungscenter.com\/#website","url":"https:\/\/bekleidungscenter.com\/","name":"FamilienMode","description":"Alles f\u00fcr die ganze Familie","potentialAction":[{"@type":"SearchAction","target":{"@type":"EntryPoint","urlTemplate":"https:\/\/bekleidungscenter.com\/?s={search_term_string}"},"query-input":"required name=search_term_string"}],"inLanguage":"de"}]}},"_links":{"self":[{"href":"https:\/\/bekleidungscenter.com\/index.php?rest_route=\/wp\/v2\/product\/8519"}],"collection":[{"href":"https:\/\/bekleidungscenter.com\/index.php?rest_route=\/wp\/v2\/product"}],"about":[{"href":"https:\/\/bekleidungscenter.com\/index.php?rest_route=\/wp\/v2\/types\/product"}],"replies":[{"embeddable":true,"href":"https:\/\/bekleidungscenter.com\/index.php?rest_route=%2Fwp%2Fv2%2Fcomments&post=8519"}],"wp:featuredmedia":[{"embeddable":true,"href":"https:\/\/bekleidungscenter.com\/index.php?rest_route=\/wp\/v2\/media\/8520"}],"wp:attachment":[{"href":"https:\/\/bekleidungscenter.com\/index.php?rest_route=%2Fwp%2Fv2%2Fmedia&parent=8519"}],"wp:term":[{"taxonomy":"product_cat","embeddable":true,"href":"https:\/\/bekleidungscenter.com\/index.php?rest_route=%2Fwp%2Fv2%2Fproduct_cat&post=8519"},{"taxonomy":"product_tag","embeddable":true,"href":"https:\/\/bekleidungscenter.com\/index.php?rest_route=%2Fwp%2Fv2%2Fproduct_tag&post=8519"}],"curies":[{"name":"wp","href":"https:\/\/api.w.org\/{rel}","templated":true}]}}