{"id":8738,"date":"2021-01-03T20:21:23","date_gmt":"2021-01-03T20:21:23","guid":{"rendered":"http:\/\/bekleidungscenter.com\/?product=zeitlos-damen-nachthemd-fiona-langarm-schlafshirt-blumen-punkte"},"modified":"2023-04-06T21:58:46","modified_gmt":"2023-04-06T21:58:46","slug":"zeitlos-damen-nachthemd-fiona-langarm-schlafshirt-blumen-punkte","status":"publish","type":"product","link":"https:\/\/bekleidungscenter.com\/?product=zeitlos-damen-nachthemd-fiona-langarm-schlafshirt-blumen-punkte","title":{"rendered":"Zeitlos &#8211; Damen Nachthemd Fiona Langarm Schlafshirt Blumen Punkte"},"content":{"rendered":"<p><!-- show up to 2 reviews by default --> <\/p>\n<p>Das zart flie\u00dfende Single-Jersey Nachthemd mit langem Arm in weicher Qualit\u00e4t besticht durch elegante Schnittf\u00fchrung und Raffinesse im Detail. Das Nachthemd Fiona aus der Zeitlos Kollektion hat einen Allover Edition in Kombination mit einer Stickerei im Dekolletee Ausschnitt. Ein besonderes Highlight ist die Knopfleiste, die mit Perlmutt Kn\u00f6pfen versehen ist.<\/p>\n<p>F\u00fcr besseren Tragekomfort ist das Nachthemd mit Seitenschlitzen am Saum ausgestattet. Die dargestellten Farben k\u00f6nnen leicht vom Original abschweifen. Entscheidung Sie zwischen rosa, wei\u00df, mint und hellblau.<\/p>\n<p>\u00dcberzeugen Sie sich selbst und subskribieren Sie jetzt schnell und bequem Ihr Nachthemd zu sich nach Hause. Zeitlos steht f\u00fcr angenehm leicht zu tragende Damenbekleidung. Verw\u00f6hnen Sie sich mit der breiten Farbauswahl. Der Schnitt sorgt f\u00fcr einen bequemen Tragekomfort.<\/p>\n<p>Auf der Haut ist der Stoff angenehm weich. Ein modernes und nichtsdestotrotz klassisches Design. Durch verschiedene Applikationen, wie Spitze, Kn\u00f6pfe oder Steine abschmecken wir immer einem Eyecatcher zu kreieren. Ebenfalls geben wir uns M\u00fche den Edition mit Punkten, Streifen, Blumen oder auch einfach mal uni, vielf\u00e4ltig zu auff\u00fchren und so f\u00fcr jeden Kunden und Geschmack die passende Mode zur Verf\u00fcgung zu stellen.<\/p>\n<p>Einige unserer Modelle sind ebenso als Hauskleid bzw. Freizeitkleid zu st\u00fctzen.<\/p>\n<p>Im Ausschnitt Nachtw\u00e4sche und Lingerie legen wir Wert darauf, dass f\u00fcr jeden Geschmack, Anspruch und Gr\u00f6\u00dfe, unsere gro\u00dfen Gr\u00f6\u00dfen reichen bis 6XL, die passende Nachtw\u00e4sche dabei ist. Selbstverst\u00e4ndlich sind alle unsere Produkte Maschinenw\u00e4sche geeignet. Wir hoffen unsere Kollektion an Damenbekleidung, Nachtkleidern, Homewear, Pyjamas und Schlafanz\u00fcgen wird Sie ebenso begeistern wie uns.<\/p>\n<\/p>\n<p>Langarm Nachthemd in sehr weicher Qualit\u00e4t. Ideal f\u00fcr k\u00fchle Sommern\u00e4chte oder im Winter zum Einkuscheln &#8211; ganzj\u00e4hrig tragbar<br \/>\nSeitenschlitze am Saum f\u00fcr angenehmen Tragekomfort. Am Dekolletee mit sch\u00f6ner Stickerei und Perlmuttkn\u00f6pfen versehen.<br \/>\nDas Schlafshirt mit Allover Edition und bequemer Schnittf\u00fchrung ist in den Farben hellblau, wei\u00df, mint und rosa erh\u00e4ltlich.<br \/>\n65% Baumwolle, 35% Polyester &#8211; Pflegehinweis: Maschinenw\u00e4sche<br \/>\nUnser Model ist 173 cm gro\u00df, wiegt 58 kg und tr\u00e4gt Gr\u00f6\u00dfe M<br \/>\n<div class=\"main-cross-sell\" data-asin=\"B07T1NQKGR\">\n\n\t<div class=\"WooZone-cross-sell-loader\">\n\t\t<div>\n\t\t\t<div id=\"floatingBarsG\">\n\t\t\t\t<div class=\"blockG\" id=\"rotateG_01\"><\/div>\n\t\t\t\t<div class=\"blockG\" id=\"rotateG_02\"><\/div>\n\t\t\t\t<div class=\"blockG\" id=\"rotateG_03\"><\/div>\n\t\t\t\t<div class=\"blockG\" id=\"rotateG_04\"><\/div>\n\t\t\t\t<div class=\"blockG\" id=\"rotateG_05\"><\/div>\n\t\t\t\t<div class=\"blockG\" id=\"rotateG_06\"><\/div>\n\t\t\t\t<div class=\"blockG\" id=\"rotateG_07\"><\/div>\n\t\t\t\t<div class=\"blockG\" id=\"rotateG_08\"><\/div>\n\t\t\t<\/div>\n\t\t\t<div class=\"WooZone-cross-sell-loader-text\"><\/div>\n\t\t<\/div>\n\t<\/div>\n\n\t\t\n<\/div>\n<div style=\"clear:both;\"><\/div><\/p>\n","protected":false},"excerpt":{"rendered":"<p>Langarm Nachthemd in sehr weicher Qualit\u00e4t. Ideal f\u00fcr k\u00fchle Sommern\u00e4chte oder im Winter zum Einkuscheln &#8211; ganzj\u00e4hrig tragbar<br \/>\nSeitenschlitze am Saum f\u00fcr angenehmen Tragekomfort. Am Dekolletee mit sch\u00f6ner Stickerei und Perlmuttkn\u00f6pfen versehen.<br \/>\nDas Schlafshirt mit Allover Druck und bequemer Schnittf\u00fchrung ist in den Farben hellblau, wei\u00df, mint und rosa erh\u00e4ltlich.<\/p>\n","protected":false},"featured_media":8739,"comment_status":"open","ping_status":"closed","template":"","meta":[],"product_cat":[133,134],"product_tag":[],"yoast_head":"<!-- This site is optimized with the Yoast SEO plugin v20.6 - https:\/\/yoast.com\/wordpress\/plugins\/seo\/ -->\n<title>Zeitlos - Damen Nachthemd Fiona Langarm Schlafshirt Blumen Punkte - FamilienMode<\/title>\n<meta name=\"robots\" content=\"index, follow, max-snippet:-1, max-image-preview:large, max-video-preview:-1\" \/>\n<link rel=\"canonical\" href=\"https:\/\/bekleidungscenter.com\/?product=zeitlos-damen-nachthemd-fiona-langarm-schlafshirt-blumen-punkte\" \/>\n<meta property=\"og:locale\" content=\"de_DE\" \/>\n<meta property=\"og:type\" content=\"article\" \/>\n<meta property=\"og:title\" content=\"Zeitlos - Damen Nachthemd Fiona Langarm Schlafshirt Blumen Punkte - FamilienMode\" \/>\n<meta property=\"og:description\" content=\"Langarm Nachthemd in sehr weicher Qualit\u00e4t. Ideal f\u00fcr k\u00fchle Sommern\u00e4chte oder im Winter zum Einkuscheln - ganzj\u00e4hrig tragbar Seitenschlitze am Saum f\u00fcr angenehmen Tragekomfort. Am Dekolletee mit sch\u00f6ner Stickerei und Perlmuttkn\u00f6pfen versehen. Das Schlafshirt mit Allover Druck und bequemer Schnittf\u00fchrung ist in den Farben hellblau, wei\u00df, mint und rosa erh\u00e4ltlich.\" \/>\n<meta property=\"og:url\" content=\"https:\/\/bekleidungscenter.com\/?product=zeitlos-damen-nachthemd-fiona-langarm-schlafshirt-blumen-punkte\" \/>\n<meta property=\"og:site_name\" content=\"FamilienMode\" \/>\n<meta property=\"article:modified_time\" content=\"2023-04-06T21:58:46+00:00\" \/>\n<meta property=\"og:image\" content=\"https:\/\/images-na.ssl-images-amazon.com\/images\/I\/41DZkfAXTwL.jpg\" \/>\n\t<meta property=\"og:image:width\" content=\"500\" \/>\n\t<meta property=\"og:image:height\" content=\"500\" \/>\n\t<meta property=\"og:image:type\" content=\"image\/jpeg\" \/>\n<meta name=\"twitter:card\" content=\"summary_large_image\" \/>\n<meta name=\"twitter:label1\" content=\"Gesch\u00e4tzte Lesezeit\" \/>\n\t<meta name=\"twitter:data1\" content=\"2\u00a0Minuten\" \/>\n<script type=\"application\/ld+json\" class=\"yoast-schema-graph\">{\"@context\":\"https:\/\/schema.org\",\"@graph\":[{\"@type\":\"WebPage\",\"@id\":\"https:\/\/bekleidungscenter.com\/?product=zeitlos-damen-nachthemd-fiona-langarm-schlafshirt-blumen-punkte\",\"url\":\"https:\/\/bekleidungscenter.com\/?product=zeitlos-damen-nachthemd-fiona-langarm-schlafshirt-blumen-punkte\",\"name\":\"Zeitlos - Damen Nachthemd Fiona Langarm Schlafshirt Blumen Punkte - FamilienMode\",\"isPartOf\":{\"@id\":\"https:\/\/bekleidungscenter.com\/#website\"},\"datePublished\":\"2021-01-03T20:21:23+00:00\",\"dateModified\":\"2023-04-06T21:58:46+00:00\",\"breadcrumb\":{\"@id\":\"https:\/\/bekleidungscenter.com\/?product=zeitlos-damen-nachthemd-fiona-langarm-schlafshirt-blumen-punkte#breadcrumb\"},\"inLanguage\":\"de\",\"potentialAction\":[{\"@type\":\"ReadAction\",\"target\":[\"https:\/\/bekleidungscenter.com\/?product=zeitlos-damen-nachthemd-fiona-langarm-schlafshirt-blumen-punkte\"]}]},{\"@type\":\"BreadcrumbList\",\"@id\":\"https:\/\/bekleidungscenter.com\/?product=zeitlos-damen-nachthemd-fiona-langarm-schlafshirt-blumen-punkte#breadcrumb\",\"itemListElement\":[{\"@type\":\"ListItem\",\"position\":1,\"name\":\"Home\",\"item\":\"https:\/\/bekleidungscenter.com\/\"},{\"@type\":\"ListItem\",\"position\":2,\"name\":\"Shop\",\"item\":\"https:\/\/bekleidungscenter.com\/?page_id=7\"},{\"@type\":\"ListItem\",\"position\":3,\"name\":\"Zeitlos &#8211; Damen Nachthemd Fiona Langarm Schlafshirt Blumen Punkte\"}]},{\"@type\":\"WebSite\",\"@id\":\"https:\/\/bekleidungscenter.com\/#website\",\"url\":\"https:\/\/bekleidungscenter.com\/\",\"name\":\"FamilienMode\",\"description\":\"Alles f\u00fcr die ganze Familie\",\"potentialAction\":[{\"@type\":\"SearchAction\",\"target\":{\"@type\":\"EntryPoint\",\"urlTemplate\":\"https:\/\/bekleidungscenter.com\/?s={search_term_string}\"},\"query-input\":\"required name=search_term_string\"}],\"inLanguage\":\"de\"}]}<\/script>\n<!-- \/ Yoast SEO plugin. -->","yoast_head_json":{"title":"Zeitlos - Damen Nachthemd Fiona Langarm Schlafshirt Blumen Punkte - FamilienMode","robots":{"index":"index","follow":"follow","max-snippet":"max-snippet:-1","max-image-preview":"max-image-preview:large","max-video-preview":"max-video-preview:-1"},"canonical":"https:\/\/bekleidungscenter.com\/?product=zeitlos-damen-nachthemd-fiona-langarm-schlafshirt-blumen-punkte","og_locale":"de_DE","og_type":"article","og_title":"Zeitlos - Damen Nachthemd Fiona Langarm Schlafshirt Blumen Punkte - FamilienMode","og_description":"Langarm Nachthemd in sehr weicher Qualit\u00e4t. Ideal f\u00fcr k\u00fchle Sommern\u00e4chte oder im Winter zum Einkuscheln - ganzj\u00e4hrig tragbar Seitenschlitze am Saum f\u00fcr angenehmen Tragekomfort. Am Dekolletee mit sch\u00f6ner Stickerei und Perlmuttkn\u00f6pfen versehen. Das Schlafshirt mit Allover Druck und bequemer Schnittf\u00fchrung ist in den Farben hellblau, wei\u00df, mint und rosa erh\u00e4ltlich.","og_url":"https:\/\/bekleidungscenter.com\/?product=zeitlos-damen-nachthemd-fiona-langarm-schlafshirt-blumen-punkte","og_site_name":"FamilienMode","article_modified_time":"2023-04-06T21:58:46+00:00","og_image":[{"width":500,"height":500,"url":"https:\/\/images-na.ssl-images-amazon.com\/images\/I\/41DZkfAXTwL.jpg","type":"image\/jpeg"}],"twitter_card":"summary_large_image","twitter_misc":{"Gesch\u00e4tzte Lesezeit":"2\u00a0Minuten"},"schema":{"@context":"https:\/\/schema.org","@graph":[{"@type":"WebPage","@id":"https:\/\/bekleidungscenter.com\/?product=zeitlos-damen-nachthemd-fiona-langarm-schlafshirt-blumen-punkte","url":"https:\/\/bekleidungscenter.com\/?product=zeitlos-damen-nachthemd-fiona-langarm-schlafshirt-blumen-punkte","name":"Zeitlos - Damen Nachthemd Fiona Langarm Schlafshirt Blumen Punkte - FamilienMode","isPartOf":{"@id":"https:\/\/bekleidungscenter.com\/#website"},"datePublished":"2021-01-03T20:21:23+00:00","dateModified":"2023-04-06T21:58:46+00:00","breadcrumb":{"@id":"https:\/\/bekleidungscenter.com\/?product=zeitlos-damen-nachthemd-fiona-langarm-schlafshirt-blumen-punkte#breadcrumb"},"inLanguage":"de","potentialAction":[{"@type":"ReadAction","target":["https:\/\/bekleidungscenter.com\/?product=zeitlos-damen-nachthemd-fiona-langarm-schlafshirt-blumen-punkte"]}]},{"@type":"BreadcrumbList","@id":"https:\/\/bekleidungscenter.com\/?product=zeitlos-damen-nachthemd-fiona-langarm-schlafshirt-blumen-punkte#breadcrumb","itemListElement":[{"@type":"ListItem","position":1,"name":"Home","item":"https:\/\/bekleidungscenter.com\/"},{"@type":"ListItem","position":2,"name":"Shop","item":"https:\/\/bekleidungscenter.com\/?page_id=7"},{"@type":"ListItem","position":3,"name":"Zeitlos &#8211; Damen Nachthemd Fiona Langarm Schlafshirt Blumen Punkte"}]},{"@type":"WebSite","@id":"https:\/\/bekleidungscenter.com\/#website","url":"https:\/\/bekleidungscenter.com\/","name":"FamilienMode","description":"Alles f\u00fcr die ganze Familie","potentialAction":[{"@type":"SearchAction","target":{"@type":"EntryPoint","urlTemplate":"https:\/\/bekleidungscenter.com\/?s={search_term_string}"},"query-input":"required name=search_term_string"}],"inLanguage":"de"}]}},"_links":{"self":[{"href":"https:\/\/bekleidungscenter.com\/index.php?rest_route=\/wp\/v2\/product\/8738"}],"collection":[{"href":"https:\/\/bekleidungscenter.com\/index.php?rest_route=\/wp\/v2\/product"}],"about":[{"href":"https:\/\/bekleidungscenter.com\/index.php?rest_route=\/wp\/v2\/types\/product"}],"replies":[{"embeddable":true,"href":"https:\/\/bekleidungscenter.com\/index.php?rest_route=%2Fwp%2Fv2%2Fcomments&post=8738"}],"wp:featuredmedia":[{"embeddable":true,"href":"https:\/\/bekleidungscenter.com\/index.php?rest_route=\/wp\/v2\/media\/8739"}],"wp:attachment":[{"href":"https:\/\/bekleidungscenter.com\/index.php?rest_route=%2Fwp%2Fv2%2Fmedia&parent=8738"}],"wp:term":[{"taxonomy":"product_cat","embeddable":true,"href":"https:\/\/bekleidungscenter.com\/index.php?rest_route=%2Fwp%2Fv2%2Fproduct_cat&post=8738"},{"taxonomy":"product_tag","embeddable":true,"href":"https:\/\/bekleidungscenter.com\/index.php?rest_route=%2Fwp%2Fv2%2Fproduct_tag&post=8738"}],"curies":[{"name":"wp","href":"https:\/\/api.w.org\/{rel}","templated":true}]}}